{"id":1687,"date":"2024-06-06T13:31:29","date_gmt":"2024-06-06T11:31:29","guid":{"rendered":"https:\/\/www.tauli.cat\/activitat\/?page_id=1687"},"modified":"2024-07-17T13:20:31","modified_gmt":"2024-07-17T11:20:31","slug":"internacional","status":"publish","type":"page","link":"https:\/\/www.tauli.cat\/activitat\/i3pt\/memoria-cientifica\/o2023\/internacional\/","title":{"rendered":"Internacional"},"content":{"rendered":"[vc_row][vc_column]<h3 class=\"eut-element eut-align-left eut-title-no-line eut-animated-item eut-fadeInRight\" style=\"\" data-delay=\"200\"><span>Indicadors destacats<\/span><\/h3>[vc_row_inner][vc_column_inner width=&#8221;1\/3&#8243;]<div class=\"eut-element eut-box-icon eut-align-left eut-large eut-animated-item eut-fadeIn\" style=\"\" data-delay=\"200\"><div class=\"eut-image-icon\"><img loading=\"lazy\" decoding=\"async\" width=\"256\" height=\"256\" src=\"https:\/\/www.tauli.cat\/activitat\/wp-content\/uploads\/2022\/07\/international.png\" class=\"attachment-full size-full\" alt=\"\" srcset=\"https:\/\/www.tauli.cat\/activitat\/wp-content\/uploads\/2022\/07\/international.png 256w, https:\/\/www.tauli.cat\/activitat\/wp-content\/uploads\/2022\/07\/international-150x150.png 150w\" sizes=\"(max-width: 256px) 100vw, 256px\" \/><\/div>  <div class=\"eut-box-content\">      <h3 class=\"eut-box-title\">24<\/h3>    <p class=\"\">Sol\u00b7licituds de projectes internacionals<\/p>  <\/div><\/div>[\/vc_column_inner][vc_column_inner width=&#8221;1\/3&#8243;]<div class=\"eut-element eut-box-icon eut-align-left eut-large eut-animated-item eut-fadeIn\" style=\"\" data-delay=\"200\"><div class=\"eut-image-icon\"><img loading=\"lazy\" decoding=\"async\" width=\"256\" height=\"256\" src=\"https:\/\/www.tauli.cat\/activitat\/wp-content\/uploads\/2022\/07\/european-union.png\" class=\"attachment-full size-full\" alt=\"\" srcset=\"https:\/\/www.tauli.cat\/activitat\/wp-content\/uploads\/2022\/07\/european-union.png 256w, https:\/\/www.tauli.cat\/activitat\/wp-content\/uploads\/2022\/07\/european-union-150x150.png 150w\" sizes=\"(max-width: 256px) 100vw, 256px\" \/><\/div>  <div class=\"eut-box-content\">      <h3 class=\"eut-box-title\">16<\/h3>    <p class=\"\">Sol\u00b7licituds Programa Marc Comissi\u00f3 Europea (Horizon Europe)<\/p>  <\/div><\/div>[\/vc_column_inner][vc_column_inner width=&#8221;1\/3&#8243;]<div class=\"eut-element eut-box-icon eut-align-left eut-large eut-animated-item eut-fadeIn\" style=\"\" data-delay=\"200\"><div class=\"eut-image-icon\"><img loading=\"lazy\" decoding=\"async\" width=\"512\" height=\"512\" src=\"https:\/\/www.tauli.cat\/activitat\/wp-content\/uploads\/2022\/07\/estudiante.png\" class=\"attachment-full size-full\" alt=\"\" srcset=\"https:\/\/www.tauli.cat\/activitat\/wp-content\/uploads\/2022\/07\/estudiante.png 512w, https:\/\/www.tauli.cat\/activitat\/wp-content\/uploads\/2022\/07\/estudiante-300x300.png 300w, https:\/\/www.tauli.cat\/activitat\/wp-content\/uploads\/2022\/07\/estudiante-150x150.png 150w\" sizes=\"(max-width: 512px) 100vw, 512px\" \/><\/div>  <div class=\"eut-box-content\">      <h3 class=\"eut-box-title\">11<\/h3>    <p class=\"\">Formacions espec\u00edfiques per a personal gestor de convocat\u00f2ries internacionals<\/p>  <\/div><\/div>[\/vc_column_inner][\/vc_row_inner][vc_row_inner][vc_column_inner width=&#8221;1\/3&#8243;]<div class=\"eut-element eut-box-icon eut-align-left eut-large eut-animated-item eut-fadeIn\" style=\"\" data-delay=\"200\"><div class=\"eut-image-icon\"><img loading=\"lazy\" decoding=\"async\" width=\"512\" height=\"512\" src=\"https:\/\/www.tauli.cat\/activitat\/wp-content\/uploads\/2022\/06\/crecimiento-1.png\" class=\"attachment-full size-full\" alt=\"\" srcset=\"https:\/\/www.tauli.cat\/activitat\/wp-content\/uploads\/2022\/06\/crecimiento-1.png 512w, https:\/\/www.tauli.cat\/activitat\/wp-content\/uploads\/2022\/06\/crecimiento-1-300x300.png 300w, https:\/\/www.tauli.cat\/activitat\/wp-content\/uploads\/2022\/06\/crecimiento-1-150x150.png 150w\" sizes=\"(max-width: 512px) 100vw, 512px\" \/><\/div>  <div class=\"eut-box-content\">      <h3 class=\"eut-box-title\">10<\/h3>    <p class=\"\">Projectes actius<\/p>  <\/div><\/div>[\/vc_column_inner][vc_column_inner width=&#8221;1\/3&#8243;]<div class=\"eut-element eut-box-icon eut-align-left eut-large eut-animated-item eut-fadeIn\" style=\"\" data-delay=\"200\"><div class=\"eut-image-icon\"><img loading=\"lazy\" decoding=\"async\" width=\"256\" height=\"256\" src=\"https:\/\/www.tauli.cat\/activitat\/wp-content\/uploads\/2022\/07\/neural.png\" class=\"attachment-full size-full\" alt=\"\" srcset=\"https:\/\/www.tauli.cat\/activitat\/wp-content\/uploads\/2022\/07\/neural.png 256w, https:\/\/www.tauli.cat\/activitat\/wp-content\/uploads\/2022\/07\/neural-150x150.png 150w\" sizes=\"(max-width: 256px) 100vw, 256px\" \/><\/div>  <div class=\"eut-box-content\">      <h3 class=\"eut-box-title\">5<\/h3>    <p class=\"\">Xarxes internacionals<\/p>  <\/div><\/div>[\/vc_column_inner][vc_column_inner width=&#8221;1\/3&#8243;]<div class=\"eut-element eut-box-icon eut-align-left eut-large eut-animated-item eut-fadeIn\" style=\"\" data-delay=\"200\"><div class=\"eut-image-icon\"><img loading=\"lazy\" decoding=\"async\" width=\"512\" height=\"512\" src=\"https:\/\/www.tauli.cat\/activitat\/wp-content\/uploads\/2022\/06\/contenido-2.png\" class=\"attachment-full size-full\" alt=\"\" srcset=\"https:\/\/www.tauli.cat\/activitat\/wp-content\/uploads\/2022\/06\/contenido-2.png 512w, https:\/\/www.tauli.cat\/activitat\/wp-content\/uploads\/2022\/06\/contenido-2-300x300.png 300w, https:\/\/www.tauli.cat\/activitat\/wp-content\/uploads\/2022\/06\/contenido-2-150x150.png 150w\" sizes=\"(max-width: 512px) 100vw, 512px\" \/><\/div>  <div class=\"eut-box-content\">      <h3 class=\"eut-box-title\">34%<\/h3>    <p class=\"\">Articles cient\u00edfics en col\u00b7laboraci\u00f3 internacional<\/p>  <\/div><\/div>[\/vc_column_inner][\/vc_row_inner][vc_empty_space]<h3 class=\"eut-element eut-align-left eut-title-no-line eut-animated-item eut-fadeInRight\" style=\"\" data-delay=\"200\"><span>Destacats 2023<\/span><\/h3><div class=\"eut-element eut-image-text eut-animated-item eut-fadeIn\" style=\"\" data-delay=\"200\"><div class=\"eut-image\"><img loading=\"lazy\" decoding=\"async\" width=\"1170\" height=\"658\" src=\"https:\/\/www.tauli.cat\/activitat\/wp-content\/uploads\/2024\/06\/Artigas_premi-1170x658-1.jpg\" class=\"attachment-full size-full\" alt=\"\" srcset=\"https:\/\/www.tauli.cat\/activitat\/wp-content\/uploads\/2024\/06\/Artigas_premi-1170x658-1.jpg 1170w, https:\/\/www.tauli.cat\/activitat\/wp-content\/uploads\/2024\/06\/Artigas_premi-1170x658-1-300x169.jpg 300w, https:\/\/www.tauli.cat\/activitat\/wp-content\/uploads\/2024\/06\/Artigas_premi-1170x658-1-1024x576.jpg 1024w, https:\/\/www.tauli.cat\/activitat\/wp-content\/uploads\/2024\/06\/Artigas_premi-1170x658-1-768x432.jpg 768w, https:\/\/www.tauli.cat\/activitat\/wp-content\/uploads\/2024\/06\/Artigas_premi-1170x658-1-800x450.jpg 800w\" sizes=\"(max-width: 1170px) 100vw, 1170px\" \/><\/div>  <div class=\"eut-content eut-align-left\"><h4>L\u2019investigador Antoni Artigas rep la medalla d\u2019honor de la Societat Europea de Medicina Intensiva<\/h4>  <p>24 d&#8217;octubre 2023. Antoni Artigas, referent i pioner en la recerca i l\u2019assist\u00e8ncia del pacient cr\u00edtic, ha rebut la medalla d\u2019honor en reconeixement a les seves destacades contribucions a la Medicina Intensiva durant m\u00e9s de 40 anys.<\/p>    <a href=\"https:\/\/www.tauli.cat\/institut\/actualitat\/noticies\/2023\/10\/linvestigador-antoni-artigas-rep-la-medalla-dhonor-de-la-societat-europea-de-medicina-intensiva\/\" target=\"_blank\" class=\"eut-read-more \">Llegir not\u00edcia<\/a>  <\/div><\/div><div class=\"eut-element eut-image-text eut-animated-item eut-fadeIn\" style=\"\" data-delay=\"200\"><div class=\"eut-image\"><img loading=\"lazy\" decoding=\"async\" width=\"1170\" height=\"658\" src=\"https:\/\/www.tauli.cat\/activitat\/wp-content\/uploads\/2024\/07\/Plantilla-Imatges-169-Web-5-1170x658-1.jpg\" class=\"attachment-full size-full\" alt=\"\" srcset=\"https:\/\/www.tauli.cat\/activitat\/wp-content\/uploads\/2024\/07\/Plantilla-Imatges-169-Web-5-1170x658-1.jpg 1170w, https:\/\/www.tauli.cat\/activitat\/wp-content\/uploads\/2024\/07\/Plantilla-Imatges-169-Web-5-1170x658-1-300x169.jpg 300w, https:\/\/www.tauli.cat\/activitat\/wp-content\/uploads\/2024\/07\/Plantilla-Imatges-169-Web-5-1170x658-1-1024x576.jpg 1024w, https:\/\/www.tauli.cat\/activitat\/wp-content\/uploads\/2024\/07\/Plantilla-Imatges-169-Web-5-1170x658-1-768x432.jpg 768w, https:\/\/www.tauli.cat\/activitat\/wp-content\/uploads\/2024\/07\/Plantilla-Imatges-169-Web-5-1170x658-1-800x450.jpg 800w\" sizes=\"(max-width: 1170px) 100vw, 1170px\" \/><\/div>  <div class=\"eut-content eut-align-left\"><h4>Antoni Artigas i Xavier Calvet, ranquejats entre els millors investigadors del m\u00f3n en medicina<\/h4>  <p>16 de maig 2023. Artigas s\u2019ha situat en la posici\u00f3 159 de l\u2019Estat, i 11.644 del m\u00f3n, amb 390 publicacions cient\u00edfiques, 39.119 citacions i un \u00cdndex D de 80. Per la seva banda, Calvet s\u2019ha classificat en la posici\u00f3 234 de la taula a nivell nacional, i en la 17.680 a nivell mundial, amb 430 publicacions, 15.890 citacions i un \u00cdndex D de 70.<\/p>    <a href=\"https:\/\/www.tauli.cat\/institut\/actualitat\/noticies\/2023\/05\/antoni-artigas-i-xavier-calvet-ranquejats-entre-els-millors-investigadors-del-mon-en-medicina\/\" target=\"_blank\" class=\"eut-read-more \">Llegir not\u00edcia<\/a>  <\/div><\/div><div class=\"eut-element eut-image-text eut-animated-item eut-fadeIn\" style=\"\" data-delay=\"200\"><div class=\"eut-image\"><img loading=\"lazy\" decoding=\"async\" width=\"1170\" height=\"658\" src=\"https:\/\/www.tauli.cat\/activitat\/wp-content\/uploads\/2024\/06\/Alba-3-1170x658-2.jpg\" class=\"attachment-full size-full\" alt=\"\" srcset=\"https:\/\/www.tauli.cat\/activitat\/wp-content\/uploads\/2024\/06\/Alba-3-1170x658-2.jpg 1170w, https:\/\/www.tauli.cat\/activitat\/wp-content\/uploads\/2024\/06\/Alba-3-1170x658-2-300x169.jpg 300w, https:\/\/www.tauli.cat\/activitat\/wp-content\/uploads\/2024\/06\/Alba-3-1170x658-2-1024x576.jpg 1024w, https:\/\/www.tauli.cat\/activitat\/wp-content\/uploads\/2024\/06\/Alba-3-1170x658-2-768x432.jpg 768w, https:\/\/www.tauli.cat\/activitat\/wp-content\/uploads\/2024\/06\/Alba-3-1170x658-2-800x450.jpg 800w\" sizes=\"(max-width: 1170px) 100vw, 1170px\" \/><\/div>  <div class=\"eut-content eut-align-left\"><h4>Un estudi demostra que la s\u00e8rum ter\u00e0pia intensiva a la pancreatitis aguda pot ser perjudicial<\/h4>  <p>12 de gener 2023. L\u2019I3PT participa en un estudi internacional publicat a la revista The New England Journal of Medicine que canvia el tractament actual d\u2019aquesta malaltia, at\u00e8s que pot ser incl\u00fas perjudicial per als pacients<\/p>    <a href=\"https:\/\/www.tauli.cat\/institut\/actualitat\/divulgacio-cientifica\/2023\/01\/un-estudi-demostra-que-la-serum-terapia-intensiva-a-la-pancreatitis-aguda-pot-ser-perjudicial\/\" target=\"_blank\" class=\"eut-read-more \">Llegir not\u00edcia<\/a>  <\/div><\/div><div class=\"eut-element eut-image-text eut-animated-item eut-fadeIn\" style=\"\" data-delay=\"200\"><div class=\"eut-image\"><img loading=\"lazy\" decoding=\"async\" width=\"1170\" height=\"658\" src=\"https:\/\/www.tauli.cat\/activitat\/wp-content\/uploads\/2024\/06\/Plantilla-Imatges-169-Web-1-1170x658-1.png\" class=\"attachment-full size-full\" alt=\"\" srcset=\"https:\/\/www.tauli.cat\/activitat\/wp-content\/uploads\/2024\/06\/Plantilla-Imatges-169-Web-1-1170x658-1.png 1170w, https:\/\/www.tauli.cat\/activitat\/wp-content\/uploads\/2024\/06\/Plantilla-Imatges-169-Web-1-1170x658-1-300x169.png 300w, https:\/\/www.tauli.cat\/activitat\/wp-content\/uploads\/2024\/06\/Plantilla-Imatges-169-Web-1-1170x658-1-1024x576.png 1024w, https:\/\/www.tauli.cat\/activitat\/wp-content\/uploads\/2024\/06\/Plantilla-Imatges-169-Web-1-1170x658-1-768x432.png 768w, https:\/\/www.tauli.cat\/activitat\/wp-content\/uploads\/2024\/06\/Plantilla-Imatges-169-Web-1-1170x658-1-800x450.png 800w\" sizes=\"(max-width: 1170px) 100vw, 1170px\" \/><\/div>  <div class=\"eut-content eut-align-left\"><h4>El Parc Taul\u00ed organitza la primera jornada europea de S\u00edndrome d\u2019Angelman a Catalunya<\/h4>  <p>5 de juliol 2023. El grup de recerca de Trastorns del neurodesenvolupament de base gen\u00e8tica de l\u2019Institut i la Unitat de Neurologia Pedi\u00e0trica del Parc Taul\u00ed que treballen en la investigaci\u00f3 i l\u2019assist\u00e8ncia de pacients amb S\u00edndrome d\u2019Angelman han organitzat la 1\u00aa edici\u00f3 de l\u2019European Workshop for Angelman Syndrome (EWAS), amb l\u2019objectiu de millorar l\u2019abordatge cl\u00ednic i la recerca d\u2019aquesta malaltia minorit\u00e0ria<\/p>    <a href=\"https:\/\/www.tauli.cat\/institut\/actualitat\/noticies\/2023\/07\/el-parc-tauli-organitza-la-primera-jornada-europea-de-sindrome-dangelman-a-catalunya\/\" target=\"_blank\" class=\"eut-read-more \">Llegir not\u00edcia<\/a>  <\/div><\/div><h3 class=\"eut-element eut-align-left eut-title-no-line eut-animated-item eut-fadeInRight\" style=\"\" data-delay=\"200\"><span>Projectes internacionals en actiu<\/span><\/h3>[vc_empty_space][vc_row_inner][vc_column_inner width=&#8221;1\/4&#8243;]<div class=\"eut-element eut-image eut-animated-item eut-fadeIn eut-align-center\" style=\"\" data-delay=\"200\"><a href=\"https:\/\/www.neuron-eranet.eu\/projects\/GEPI-BIOPSY\/\" target=\"_blank\"><img loading=\"lazy\" decoding=\"async\" width=\"300\" height=\"104\" src=\"https:\/\/www.tauli.cat\/activitat\/wp-content\/uploads\/2022\/07\/GEPIBIOPSSY-300x104.png\" class=\"attachment-medium size-medium\" alt=\"\" srcset=\"https:\/\/www.tauli.cat\/activitat\/wp-content\/uploads\/2022\/07\/GEPIBIOPSSY-300x104.png 300w, https:\/\/www.tauli.cat\/activitat\/wp-content\/uploads\/2022\/07\/GEPIBIOPSSY.png 409w\" sizes=\"(max-width: 300px) 100vw, 300px\" \/><\/a><\/div>[\/vc_column_inner][vc_column_inner width=&#8221;1\/4&#8243;]<div class=\"eut-element eut-image eut-animated-item eut-fadeIn eut-align-center\" style=\"\" data-delay=\"200\"><a href=\"https:\/\/www.tauli.cat\/institut\/plataformes-i-serveis\/laboratori-3d\/projectes\/innovation-in-the-joint-replacement-care-pathway-to-improve-patient-outcomes\/\" target=\"_blank\"><img loading=\"lazy\" decoding=\"async\" width=\"300\" height=\"93\" src=\"https:\/\/www.tauli.cat\/activitat\/wp-content\/uploads\/2022\/07\/ECOQUIP-300x93.png\" class=\"attachment-medium size-medium\" alt=\"\" srcset=\"https:\/\/www.tauli.cat\/activitat\/wp-content\/uploads\/2022\/07\/ECOQUIP-300x93.png 300w, https:\/\/www.tauli.cat\/activitat\/wp-content\/uploads\/2022\/07\/ECOQUIP.png 457w\" sizes=\"(max-width: 300px) 100vw, 300px\" \/><\/a><\/div>[\/vc_column_inner][vc_column_inner width=&#8221;1\/4&#8243;]<div class=\"eut-element eut-image eut-animated-item eut-fadeIn eut-align-center\" style=\"\" data-delay=\"200\"><a href=\"https:\/\/webs.uab.cat\/touch\/\" target=\"_blank\"><img loading=\"lazy\" decoding=\"async\" width=\"212\" height=\"87\" src=\"https:\/\/www.tauli.cat\/activitat\/wp-content\/uploads\/2024\/07\/Touch.jpg\" class=\"attachment-medium size-medium\" alt=\"\" \/><\/a><\/div>[\/vc_column_inner][vc_column_inner width=&#8221;1\/4&#8243;]<div class=\"eut-element eut-image eut-animated-item eut-fadeIn eut-align-center\" style=\"\" data-delay=\"200\"><a href=\"https:\/\/vascovid.eu\/\" target=\"_blank\"><img loading=\"lazy\" decoding=\"async\" width=\"300\" height=\"129\" src=\"https:\/\/www.tauli.cat\/activitat\/wp-content\/uploads\/2022\/07\/vascovid-300x129.png\" class=\"attachment-medium size-medium\" alt=\"\" srcset=\"https:\/\/www.tauli.cat\/activitat\/wp-content\/uploads\/2022\/07\/vascovid-300x129.png 300w, https:\/\/www.tauli.cat\/activitat\/wp-content\/uploads\/2022\/07\/vascovid.png 340w\" sizes=\"(max-width: 300px) 100vw, 300px\" \/><\/a><\/div>[\/vc_column_inner][\/vc_row_inner][vc_empty_space height=&#8221;42px&#8221;][vc_row_inner][vc_column_inner width=&#8221;1\/4&#8243;]<div class=\"eut-element eut-image eut-animated-item eut-fadeIn eut-align-center\" style=\"\" data-delay=\"200\"><a href=\"https:\/\/www.neuron-eranet.eu\/projects\/BioStress\/\" target=\"_blank\"><img loading=\"lazy\" decoding=\"async\" width=\"300\" height=\"102\" src=\"https:\/\/www.tauli.cat\/activitat\/wp-content\/uploads\/2022\/07\/BIOSTRESS-300x102.png\" class=\"attachment-medium size-medium\" alt=\"\" srcset=\"https:\/\/www.tauli.cat\/activitat\/wp-content\/uploads\/2022\/07\/BIOSTRESS-300x102.png 300w, https:\/\/www.tauli.cat\/activitat\/wp-content\/uploads\/2022\/07\/BIOSTRESS.png 399w\" sizes=\"(max-width: 300px) 100vw, 300px\" \/><\/a><\/div>[\/vc_column_inner][vc_column_inner width=&#8221;1\/4&#8243;]<div class=\"eut-element eut-image eut-animated-item eut-fadeIn eut-align-center\" style=\"\" data-delay=\"200\"><a href=\"https:\/\/www.unimi.it\/en\/international\/university-milan-world\/international-agreements\/nephrology-partnership-advancing-technology-healthcare-n-path\" target=\"_blank\"><img loading=\"lazy\" decoding=\"async\" width=\"300\" height=\"90\" src=\"https:\/\/www.tauli.cat\/activitat\/wp-content\/uploads\/2022\/07\/N-PATH-300x90.png\" class=\"attachment-medium size-medium\" alt=\"\" srcset=\"https:\/\/www.tauli.cat\/activitat\/wp-content\/uploads\/2022\/07\/N-PATH-300x90.png 300w, https:\/\/www.tauli.cat\/activitat\/wp-content\/uploads\/2022\/07\/N-PATH.png 544w\" sizes=\"(max-width: 300px) 100vw, 300px\" \/><\/a><\/div>[\/vc_column_inner][vc_column_inner width=&#8221;1\/4&#8243;]<div class=\"eut-element eut-image eut-animated-item eut-fadeIn eut-align-center\" style=\"\" data-delay=\"200\"><a href=\"https:\/\/www.ehden.eu\/\" target=\"_blank\"><img loading=\"lazy\" decoding=\"async\" width=\"300\" height=\"157\" src=\"https:\/\/www.tauli.cat\/activitat\/wp-content\/uploads\/2023\/08\/EHDEN-600x314-1-300x157.jpg\" class=\"attachment-medium size-medium\" alt=\"\" srcset=\"https:\/\/www.tauli.cat\/activitat\/wp-content\/uploads\/2023\/08\/EHDEN-600x314-1-300x157.jpg 300w, https:\/\/www.tauli.cat\/activitat\/wp-content\/uploads\/2023\/08\/EHDEN-600x314-1.jpg 600w\" sizes=\"(max-width: 300px) 100vw, 300px\" \/><\/a><\/div>[\/vc_column_inner][vc_column_inner width=&#8221;1\/4&#8243;]<div class=\"eut-element eut-image eut-animated-item eut-fadeIn eut-align-center\" style=\"\" data-delay=\"200\"><a href=\"https:\/\/intellilung-project.eu\/\" target=\"_blank\"><img loading=\"lazy\" decoding=\"async\" width=\"150\" height=\"150\" src=\"https:\/\/www.tauli.cat\/activitat\/wp-content\/uploads\/2023\/08\/IntelliLung_version-1-150x150-1.png\" class=\"attachment-medium size-medium\" alt=\"\" \/><\/a><\/div>[\/vc_column_inner][\/vc_row_inner][vc_empty_space height=&#8221;42px&#8221;][vc_row_inner][vc_column_inner width=&#8221;1\/4&#8243;]<div class=\"eut-element eut-image eut-animated-item eut-fadeIn eut-align-center\" style=\"\" data-delay=\"200\"><a href=\"https:\/\/www.icfo.eu\/studies\/phd-program\/phd-fellowship-programs\/flight\/\" target=\"_blank\"><img loading=\"lazy\" decoding=\"async\" width=\"300\" height=\"225\" src=\"https:\/\/www.tauli.cat\/activitat\/wp-content\/uploads\/2023\/09\/Logo-FLIGHT-300x225.png\" class=\"attachment-medium size-medium\" alt=\"\" srcset=\"https:\/\/www.tauli.cat\/activitat\/wp-content\/uploads\/2023\/09\/Logo-FLIGHT-300x225.png 300w, https:\/\/www.tauli.cat\/activitat\/wp-content\/uploads\/2023\/09\/Logo-FLIGHT-768x576.png 768w, https:\/\/www.tauli.cat\/activitat\/wp-content\/uploads\/2023\/09\/Logo-FLIGHT-800x600.png 800w, https:\/\/www.tauli.cat\/activitat\/wp-content\/uploads\/2023\/09\/Logo-FLIGHT.png 960w\" sizes=\"(max-width: 300px) 100vw, 300px\" \/><\/a><\/div>[\/vc_column_inner][vc_column_inner width=&#8221;1\/4&#8243;]<div class=\"eut-element eut-image eut-animated-item eut-fadeIn eut-align-center\" style=\"\" data-delay=\"200\"><a href=\"https:\/\/www.army.mil\/\" target=\"_blank\"><img loading=\"lazy\" decoding=\"async\" width=\"300\" height=\"300\" src=\"https:\/\/www.tauli.cat\/activitat\/wp-content\/uploads\/2023\/08\/Mark_of_the_United_States_Army.svg_-300x300.png\" class=\"attachment-medium size-medium\" alt=\"\" srcset=\"https:\/\/www.tauli.cat\/activitat\/wp-content\/uploads\/2023\/08\/Mark_of_the_United_States_Army.svg_-300x300.png 300w, https:\/\/www.tauli.cat\/activitat\/wp-content\/uploads\/2023\/08\/Mark_of_the_United_States_Army.svg_-1024x1024.png 1024w, https:\/\/www.tauli.cat\/activitat\/wp-content\/uploads\/2023\/08\/Mark_of_the_United_States_Army.svg_-150x150.png 150w, https:\/\/www.tauli.cat\/activitat\/wp-content\/uploads\/2023\/08\/Mark_of_the_United_States_Army.svg_-768x768.png 768w, https:\/\/www.tauli.cat\/activitat\/wp-content\/uploads\/2023\/08\/Mark_of_the_United_States_Army.svg_-600x600.png 600w, https:\/\/www.tauli.cat\/activitat\/wp-content\/uploads\/2023\/08\/Mark_of_the_United_States_Army.svg_-1120x1120.png 1120w, https:\/\/www.tauli.cat\/activitat\/wp-content\/uploads\/2023\/08\/Mark_of_the_United_States_Army.svg_.png 1200w\" sizes=\"(max-width: 300px) 100vw, 300px\" \/><\/a><\/div>[\/vc_column_inner][vc_column_inner width=&#8221;1\/4&#8243;][\/vc_column_inner][vc_column_inner width=&#8221;1\/4&#8243;][\/vc_column_inner][\/vc_row_inner][vc_empty_space height=&#8221;42px&#8221;][\/vc_column][\/vc_row]\n","protected":false},"excerpt":{"rendered":"<p>[vc_row][vc_column][vc_row_inner][vc_column_inner width=&#8221;1\/3&#8243;][\/vc_column_inner][vc_column_inner width=&#8221;1\/3&#8243;][\/vc_column_inner][vc_column_inner width=&#8221;1\/3&#8243;][\/vc_column_inner][\/vc_row_inner][vc_row_inner][vc_column_inner width=&#8221;1\/3&#8243;][\/vc_column_inner][vc_column_inner width=&#8221;1\/3&#8243;][\/vc_column_inner][vc_column_inner width=&#8221;1\/3&#8243;][\/vc_column_inner][\/vc_row_inner][vc_empty_space][vc_empty_space][vc_row_inner][vc_column_inner width=&#8221;1\/4&#8243;][\/vc_column_inner][vc_column_inner width=&#8221;1\/4&#8243;][\/vc_column_inner][vc_column_inner width=&#8221;1\/4&#8243;][\/vc_column_inner][vc_column_inner width=&#8221;1\/4&#8243;][\/vc_column_inner][\/vc_row_inner][vc_empty_space height=&#8221;42px&#8221;][vc_row_inner][vc_column_inner width=&#8221;1\/4&#8243;][\/vc_column_inner][vc_column_inner width=&#8221;1\/4&#8243;][\/vc_column_inner][vc_column_inner width=&#8221;1\/4&#8243;][\/vc_column_inner][vc_column_inner width=&#8221;1\/4&#8243;][\/vc_column_inner][\/vc_row_inner][vc_empty_space height=&#8221;42px&#8221;][vc_row_inner][vc_column_inner width=&#8221;1\/4&#8243;][\/vc_column_inner][vc_column_inner width=&#8221;1\/4&#8243;][\/vc_column_inner][vc_column_inner width=&#8221;1\/4&#8243;][\/vc_column_inner][vc_column_inner width=&#8221;1\/4&#8243;][\/vc_column_inner][\/vc_row_inner][vc_empty_space height=&#8221;42px&#8221;][\/vc_column][\/vc_row]<\/p>\n","protected":false},"author":7,"featured_media":0,"parent":1633,"menu_order":0,"comment_status":"closed","ping_status":"closed","template":"","meta":{"footnotes":""},"class_list":["post-1687","page","type-page","status-publish","hentry"],"_links":{"self":[{"href":"https:\/\/www.tauli.cat\/activitat\/wp-json\/wp\/v2\/pages\/1687"}],"collection":[{"href":"https:\/\/www.tauli.cat\/activitat\/wp-json\/wp\/v2\/pages"}],"about":[{"href":"https:\/\/www.tauli.cat\/activitat\/wp-json\/wp\/v2\/types\/page"}],"author":[{"embeddable":true,"href":"https:\/\/www.tauli.cat\/activitat\/wp-json\/wp\/v2\/users\/7"}],"replies":[{"embeddable":true,"href":"https:\/\/www.tauli.cat\/activitat\/wp-json\/wp\/v2\/comments?post=1687"}],"version-history":[{"count":8,"href":"https:\/\/www.tauli.cat\/activitat\/wp-json\/wp\/v2\/pages\/1687\/revisions"}],"predecessor-version":[{"id":1958,"href":"https:\/\/www.tauli.cat\/activitat\/wp-json\/wp\/v2\/pages\/1687\/revisions\/1958"}],"up":[{"embeddable":true,"href":"https:\/\/www.tauli.cat\/activitat\/wp-json\/wp\/v2\/pages\/1633"}],"wp:attachment":[{"href":"https:\/\/www.tauli.cat\/activitat\/wp-json\/wp\/v2\/media?parent=1687"}],"curies":[{"name":"wp","href":"https:\/\/api.w.org\/{rel}","templated":true}]}}