{"id":13719,"date":"2024-03-19T11:26:00","date_gmt":"2024-03-19T10:26:00","guid":{"rendered":"https:\/\/www.tauli.cat\/actualitat\/?page_id=13719"},"modified":"2024-03-19T11:26:00","modified_gmt":"2024-03-19T10:26:00","slug":"inscripcio-curs-educacio-salut","status":"publish","type":"page","link":"https:\/\/www.tauli.cat\/actualitat\/inscripcio-curs-educacio-salut\/","title":{"rendered":"Inscripci\u00f3 al curs &#8220;Educaci\u00f3 per la Salut&#8221;"},"content":{"rendered":"<p>[vc_row][vc_column][vc_column_text]L&#8217;enviament d&#8217;aquest formulari implica la inscripci\u00f3 autom\u00e0tica al curs &#8220;<strong>Educaci\u00f3 per la Salut<\/strong>&#8220;. Per anul\u00b7lar la teva inscripci\u00f3, si us plau contacta amb <a href=\"mailto:docencia@tauli.cat\">docencia@tauli.cat<\/a>.[\/vc_column_text]\n<div class=\"wpcf7 no-js\" id=\"wpcf7-f13716-o1\" lang=\"ca\" dir=\"ltr\">\n<div class=\"screen-reader-response\"><p role=\"status\" aria-live=\"polite\" aria-atomic=\"true\"><\/p> <ul><\/ul><\/div>\n<form action=\"\/actualitat\/wp-json\/wp\/v2\/pages\/13719#wpcf7-f13716-o1\" method=\"post\" class=\"wpcf7-form init\" aria-label=\"Formulari de contacte\" novalidate=\"novalidate\" data-status=\"init\">\n<div style=\"display: none;\">\n<input type=\"hidden\" name=\"_wpcf7\" value=\"13716\" \/>\n<input type=\"hidden\" name=\"_wpcf7_version\" value=\"5.8.7\" \/>\n<input type=\"hidden\" name=\"_wpcf7_locale\" value=\"ca\" \/>\n<input type=\"hidden\" name=\"_wpcf7_unit_tag\" value=\"wpcf7-f13716-o1\" \/>\n<input type=\"hidden\" name=\"_wpcf7_container_post\" value=\"0\" \/>\n<input type=\"hidden\" name=\"_wpcf7_posted_data_hash\" value=\"\" \/>\n<input type=\"hidden\" name=\"_wpcf7_recaptcha_response\" value=\"\" \/>\n<\/div>\n<div class=\"camp-formulari\">\n\t<p>Nom\n\t<\/p>\n\t<p><span class=\"wpcf7-form-control-wrap\" data-name=\"nom\"><input size=\"40\" class=\"wpcf7-form-control wpcf7-text wpcf7-validates-as-required\" aria-required=\"true\" aria-invalid=\"false\" value=\"\" type=\"text\" name=\"nom\" \/><\/span>\n\t<\/p>\n<\/div>\n<div class=\"camp-formulari\">\n\t<p>Cognoms\n\t<\/p>\n\t<p><span class=\"wpcf7-form-control-wrap\" data-name=\"cognoms\"><input size=\"40\" class=\"wpcf7-form-control wpcf7-text wpcf7-validates-as-required\" aria-required=\"true\" aria-invalid=\"false\" value=\"\" type=\"text\" name=\"cognoms\" \/><\/span>\n\t<\/p>\n<\/div>\n<div class=\"camp-formulari\">\n\t<p>Correu electr\u00f2nic\n\t<\/p>\n\t<p><span class=\"wpcf7-form-control-wrap\" data-name=\"mail\"><input size=\"40\" class=\"wpcf7-form-control wpcf7-email wpcf7-validates-as-required wpcf7-text wpcf7-validates-as-email\" aria-required=\"true\" aria-invalid=\"false\" value=\"\" type=\"email\" name=\"mail\" \/><\/span>\n\t<\/p>\n<\/div>\n<div class=\"camp-formulari\">\n\t<p>Tel\u00e8fon\n\t<\/p>\n\t<p><span class=\"wpcf7-form-control-wrap\" data-name=\"phone\"><input size=\"40\" class=\"wpcf7-form-control wpcf7-tel wpcf7-validates-as-required wpcf7-text wpcf7-validates-as-tel\" aria-required=\"true\" aria-invalid=\"false\" value=\"\" type=\"tel\" name=\"phone\" \/><\/span>\n\t<\/p>\n<\/div>\n<div class=\"camp-formulari\">\n\t<p>A quina sessi\u00f3 t'interessa venir? (pots marcar m\u00e9s d'una)\n\t<\/p>\n\t<p><span class=\"wpcf7-form-control-wrap\" data-name=\"curs\"><select class=\"wpcf7-form-control wpcf7-select wpcf7-validates-as-required\" aria-required=\"true\" aria-invalid=\"false\" multiple=\"multiple\" name=\"curs[]\"><option value=\"\">&#8212;Trieu una opci\u00f3&#8212;<\/option><option value=\"(02\/04\/24) La transformaci\u00f3 del sistema sanitari: fins al 2030\">(02\/04\/24) La transformaci\u00f3 del sistema sanitari: fins al 2030<\/option><option value=\"(16\/04\/24) H\u00e0bits nutricionals saludables i preventius en l\u2019etapa de prejubilaci\u00f3\">(16\/04\/24) H\u00e0bits nutricionals saludables i preventius en l\u2019etapa de prejubilaci\u00f3<\/option><option value=\"(30\/04\/24) Con\u00e8ixer i interpretar el teu cos: signes i s\u00edmptomes d\u2019alarma en salut\">(30\/04\/24) Con\u00e8ixer i interpretar el teu cos: signes i s\u00edmptomes d\u2019alarma en salut<\/option><option value=\"(14\/05\/24) H\u00e0bits f\u00edsics saludables en l\u2019etapa de pre jubilaci\u00f3\">(14\/05\/24) H\u00e0bits f\u00edsics saludables en l\u2019etapa de pre jubilaci\u00f3<\/option><option value=\"(28\/05\/24) Com detectar not\u00edcies \u201cfakes\u201d en salut\">(28\/05\/24) Com detectar not\u00edcies \u201cfakes\u201d en salut<\/option><option value=\"(11\/06\/24) Qu\u00e8 he de con\u00e8ixer per viatjar amb seguretat\">(11\/06\/24) Qu\u00e8 he de con\u00e8ixer per viatjar amb seguretat<\/option><option value=\"(25\/06\/25) La tecnologia com suport a la cura en salut\">(25\/06\/25) La tecnologia com suport a la cura en salut<\/option><\/select><\/span>\n\t<\/p>\n<\/div>\n<div class=\"camp-formulari-acceptance\">\n\t<p><span class=\"wpcf7-form-control-wrap\" data-name=\"acceptance-528\"><span class=\"wpcf7-form-control wpcf7-acceptance\"><span class=\"wpcf7-list-item\"><label><input type=\"checkbox\" name=\"acceptance-528\" value=\"1\" aria-invalid=\"false\" \/><span class=\"wpcf7-list-item-label\">He llegit i accepto la <a href=\"https:\/\/www.tauli.cat\/actualitat\/privacitat-cookies\/\" target=\"_blank\">pol\u00edtica de privacitat<\/a><\/span><\/label><\/span><\/span><\/span>\n\t<\/p>\n<\/div>\n<div class=\"camp-formulari\">\n\t<p><input class=\"wpcf7-form-control wpcf7-submit has-spinner\" type=\"submit\" value=\"Fer la inscripci\u00f3\" \/>\n\t<\/p>\n<\/div><p style=\"display: none !important;\" class=\"akismet-fields-container\" data-prefix=\"_wpcf7_ak_\"><label>&#916;<textarea name=\"_wpcf7_ak_hp_textarea\" cols=\"45\" rows=\"8\" maxlength=\"100\"><\/textarea><\/label><input type=\"hidden\" id=\"ak_js_1\" name=\"_wpcf7_ak_js\" value=\"246\"\/><script>document.getElementById( \"ak_js_1\" ).setAttribute( \"value\", ( new Date() ).getTime() );<\/script><\/p><div class=\"wpcf7-response-output\" aria-hidden=\"true\"><\/div>\n<\/form>\n<\/div>\n[\/vc_column][\/vc_row]<\/p>\n","protected":false},"excerpt":{"rendered":"<p>[vc_row][vc_column][vc_column_text]L&#8217;enviament d&#8217;aquest formulari implica la inscripci\u00f3 autom\u00e0tica al curs &#8220;Educaci\u00f3 per la Salut&#8220;. Per anul\u00b7lar la teva inscripci\u00f3, si us plau contacta amb docencia@tauli.cat.[\/vc_column_text][\/vc_column][\/vc_row]<\/p>\n","protected":false},"author":1,"featured_media":0,"parent":0,"menu_order":0,"comment_status":"closed","ping_status":"closed","template":"","meta":[],"_links":{"self":[{"href":"https:\/\/www.tauli.cat\/actualitat\/wp-json\/wp\/v2\/pages\/13719"}],"collection":[{"href":"https:\/\/www.tauli.cat\/actualitat\/wp-json\/wp\/v2\/pages"}],"about":[{"href":"https:\/\/www.tauli.cat\/actualitat\/wp-json\/wp\/v2\/types\/page"}],"author":[{"embeddable":true,"href":"https:\/\/www.tauli.cat\/actualitat\/wp-json\/wp\/v2\/users\/1"}],"replies":[{"embeddable":true,"href":"https:\/\/www.tauli.cat\/actualitat\/wp-json\/wp\/v2\/comments?post=13719"}],"version-history":[{"count":1,"href":"https:\/\/www.tauli.cat\/actualitat\/wp-json\/wp\/v2\/pages\/13719\/revisions"}],"predecessor-version":[{"id":13722,"href":"https:\/\/www.tauli.cat\/actualitat\/wp-json\/wp\/v2\/pages\/13719\/revisions\/13722"}],"wp:attachment":[{"href":"https:\/\/www.tauli.cat\/actualitat\/wp-json\/wp\/v2\/media?parent=13719"}],"curies":[{"name":"wp","href":"https:\/\/api.w.org\/{rel}","templated":true}]}}