{"id":42314,"date":"2025-01-22T12:25:43","date_gmt":"2025-01-22T11:25:43","guid":{"rendered":"https:\/\/www.tauli.cat\/actualitat\/?post_type=tribe_events&#038;p=42314"},"modified":"2025-01-22T12:56:55","modified_gmt":"2025-01-22T11:56:55","slug":"curs-dactualitzacio-i-evidencies-en-neurooncologia","status":"publish","type":"tribe_events","link":"https:\/\/www.tauli.cat\/actualitat\/agenda\/curs-dactualitzacio-i-evidencies-en-neurooncologia\/","title":{"rendered":"Curs d\u2019actualitzaci\u00f3 i evid\u00e8ncies en neurooncologia"},"content":{"rendered":"<p>[vc_row][vc_column][vc_column_text]Aquest curs est\u00e0 dissenyat per oferir actualitzacions i coneixements rellevants en la neurooncologia.<\/p>\n<p>La inscripci\u00f3 t\u00e9 un cost de 275 \u20ac i inclou tots els materials i recursos necessaris.<\/p>\n<p>Es pot fer la inscripci\u00f3 a trav\u00e9s d&#8217;aquest enlla\u00e7: <a href=\"https:\/\/intranet.pacifico-meetings.com\/GescoWeb\/?cfg=5563\">https:\/\/intranet.pacifico-meetings.com\/GescoWeb\/?cfg=5563<\/a><\/p>\n<p>Per obtenir m\u00e9s informaci\u00f3 o resoldre dubtes, us podeu posar en contacte amb la Secretar\u00eda T\u00e9cnica del Grupo Pac\u00edfico: cursossenec@pacifico-meetings.com[\/vc_column_text][\/vc_column][\/vc_row]<\/p>\n","protected":false},"excerpt":{"rendered":"<p>[vc_row][vc_column][vc_column_text]Aquest curs est\u00e0 dissenyat per oferir actualitzacions i coneixements rellevants en la neurooncologia. La inscripci\u00f3 t\u00e9 un cost de 275 \u20ac i inclou tots els materials i recursos necessaris. Es [&hellip;]<\/p>\n","protected":false},"author":8,"featured_media":42316,"comment_status":"closed","ping_status":"closed","template":"","meta":[],"tags":[879,542],"tribe_events_cat":[999],"_links":{"self":[{"href":"https:\/\/www.tauli.cat\/actualitat\/wp-json\/wp\/v2\/tribe_events\/42314"}],"collection":[{"href":"https:\/\/www.tauli.cat\/actualitat\/wp-json\/wp\/v2\/tribe_events"}],"about":[{"href":"https:\/\/www.tauli.cat\/actualitat\/wp-json\/wp\/v2\/types\/tribe_events"}],"author":[{"embeddable":true,"href":"https:\/\/www.tauli.cat\/actualitat\/wp-json\/wp\/v2\/users\/8"}],"replies":[{"embeddable":true,"href":"https:\/\/www.tauli.cat\/actualitat\/wp-json\/wp\/v2\/comments?post=42314"}],"version-history":[{"count":2,"href":"https:\/\/www.tauli.cat\/actualitat\/wp-json\/wp\/v2\/tribe_events\/42314\/revisions"}],"predecessor-version":[{"id":42323,"href":"https:\/\/www.tauli.cat\/actualitat\/wp-json\/wp\/v2\/tribe_events\/42314\/revisions\/42323"}],"wp:featuredmedia":[{"embeddable":true,"href":"https:\/\/www.tauli.cat\/actualitat\/wp-json\/wp\/v2\/media\/42316"}],"wp:attachment":[{"href":"https:\/\/www.tauli.cat\/actualitat\/wp-json\/wp\/v2\/media?parent=42314"}],"wp:term":[{"taxonomy":"post_tag","embeddable":true,"href":"https:\/\/www.tauli.cat\/actualitat\/wp-json\/wp\/v2\/tags?post=42314"},{"taxonomy":"tribe_events_cat","embeddable":true,"href":"https:\/\/www.tauli.cat\/actualitat\/wp-json\/wp\/v2\/tribe_events_cat?post=42314"}],"curies":[{"name":"wp","href":"https:\/\/api.w.org\/{rel}","templated":true}]}}

Curs d’actualització i evidències en neurooncologia

<p>[vc_row][vc_column][vc_column_text]Aquest curs està dissenyat per oferir actualitzacions i coneixements rellevants en la neurooncologia.</p>
<p>La inscripció té un cost de 275 € i inclou tots els materials i recursos necessaris.</p>
<p>Es pot fer la inscripció a través d&#8217;aquest enllaç: <a href="https://intranet.pacifico-meetings.com/GescoWeb/?cfg=5563">https://intranet.pacifico-meetings.com/GescoWeb/?cfg=5563</a></p>
<p>Per obtenir més informació o resoldre dubtes, us podeu posar en contacte amb la Secretaría Técnica del Grupo Pacífico: cursossenec@pacifico-meetings.com[/vc_column_text][/vc_column][/vc_row]</p>

<p>[vc_row][vc_column][vc_column_text]Aquest curs està dissenyat per oferir actualitzacions i coneixements rellevants en la neurooncologia. La inscripció té un cost de 275 € i inclou tots els materials i recursos necessaris. Es [&hellip;]</p>
