{"id":42322,"date":"2025-01-22T12:30:54","date_gmt":"2025-01-22T11:30:54","guid":{"rendered":"https:\/\/www.tauli.cat\/actualitat\/?post_type=tribe_events&#038;p=42322"},"modified":"2025-02-18T13:16:48","modified_gmt":"2025-02-18T12:16:48","slug":"innovacio-en-salut-amb-impacte-la-teva-veu-compta","status":"publish","type":"tribe_events","link":"https:\/\/www.tauli.cat\/actualitat\/agenda\/innovacio-en-salut-amb-impacte-la-teva-veu-compta\/","title":{"rendered":"Innovaci\u00f3 en salut amb impacte: La teva veu compta"},"content":{"rendered":"<p>[vc_row][vc_column][vc_column_text]Vols con\u00e8ixer de primera m\u00e0 les iniciatives innovadores en salut digital i tecnologia m\u00e8dica que duem a terme al Parc Taul\u00ed?<\/p>\n<p>Ara tens l\u2019oportunitat de fer-ho i, a m\u00e9s, ser una part activa del seu desenvolupament perqu\u00e8 <strong>la teva veu compta<\/strong>. Volem escoltar com aquestes solucions innovadores poden tenir un impacte per a tu i com poden respondre a les necessitats de la societat.<\/p>\n<p>La teva visi\u00f3 \u00e9s molt important per a la nostra recerca i ens ajuda a crear tecnologies amb un impacte real. Vine i fes sentir la teva veu![\/vc_column_text][vc_column_text]<\/p>\n<h3><span data-contrast=\"none\">Programa\u00a0<\/span><span data-ccp-props=\"{&quot;201341983&quot;:0,&quot;335551550&quot;:6,&quot;335551620&quot;:6,&quot;335559740&quot;:276}\">\u00a0<\/span><\/h3>\n<p><span data-contrast=\"auto\">17:15 &#8211; 17:30 h<\/span> &#8211; <b><span data-contrast=\"auto\">Obertura de portes<\/span><\/b><\/p>\n<p><span data-contrast=\"auto\">17:30 &#8211; 17:40 h<\/span> &#8211; <b><span data-contrast=\"auto\">Benvinguda institucional<br \/>\n<\/span><\/b><span data-contrast=\"auto\">A c\u00e0rrec de <\/span>Salvador Ventura, director de l&#8217;I3PT.<\/p>\n<p><span data-contrast=\"auto\">17:40 &#8211; 17:50 h &#8211;<\/span>\u00a0<b><span data-contrast=\"auto\">Presentaci\u00f3: La innovaci\u00f3 en salut.<\/span><\/b><span data-ccp-props=\"{&quot;201341983&quot;:0,&quot;335551550&quot;:6,&quot;335551620&quot;:6,&quot;335559739&quot;:0,&quot;335559740&quot;:276}\">\u00a0<\/span><\/p>\n<p><span data-contrast=\"auto\">Introducci\u00f3 a la innovaci\u00f3 en el sector salut i el seu impacte a la societat. <\/span><br \/>\n<span data-contrast=\"auto\">Breu exposici\u00f3 de projectes rellevants impulsats a l\u2019entorn del Parc Taul\u00ed.<br \/>\nA c\u00e0rrec de Mart\u00edn Le\u00f3n, responsable d&#8217;Innovaci\u00f3 de l&#8217;I3PT.\u00a0<\/span><\/p>\n<p><span data-contrast=\"auto\">17:50 &#8211; 18:10 h &#8211; <\/span><b><span data-contrast=\"auto\">Din\u00e0mica interactiva: \u201cLa teva opini\u00f3 compta\u201d.<\/span><\/b><span data-ccp-props=\"{&quot;201341983&quot;:0,&quot;335551550&quot;:6,&quot;335551620&quot;:6,&quot;335559739&quot;:0,&quot;335559740&quot;:276}\">\u00a0<\/span><\/p>\n<p><span data-contrast=\"auto\">Presentaci\u00f3 del projecte IDICIUS mitjan\u00e7ant v\u00eddeos divulgatius i realitzaci\u00f3 d&#8217;una activitat interactiva.\u00a0<\/span><br \/>\nA c\u00e0rrec de Llu\u00eds Blanch, coordinador ITEMAS.<\/p>\n<ul>\n<li data-leveltext=\"\uf0fc\" data-font=\"Wingdings\" data-listid=\"8\" data-list-defn-props=\"{&quot;335551500&quot;:2500134,&quot;335552541&quot;:1,&quot;335559685&quot;:2484,&quot;335559991&quot;:360,&quot;469769226&quot;:&quot;Wingdings&quot;,&quot;469769242&quot;:[8226],&quot;469777803&quot;:&quot;left&quot;,&quot;469777804&quot;:&quot;\uf0fc&quot;,&quot;469777815&quot;:&quot;hybridMultilevel&quot;}\" aria-setsize=\"-1\" data-aria-posinset=\"1\" data-aria-level=\"1\"><span data-contrast=\"auto\">Opinions sobre la soluci\u00f3 proposada.<\/span><span data-ccp-props=\"{&quot;201341983&quot;:0,&quot;335551550&quot;:6,&quot;335551620&quot;:6,&quot;335559740&quot;:276}\">\u00a0<\/span><\/li>\n<\/ul>\n<ul>\n<li data-leveltext=\"\uf0fc\" data-font=\"Wingdings\" data-listid=\"8\" data-list-defn-props=\"{&quot;335551500&quot;:2500134,&quot;335552541&quot;:1,&quot;335559685&quot;:2484,&quot;335559991&quot;:360,&quot;469769226&quot;:&quot;Wingdings&quot;,&quot;469769242&quot;:[8226],&quot;469777803&quot;:&quot;left&quot;,&quot;469777804&quot;:&quot;\uf0fc&quot;,&quot;469777815&quot;:&quot;hybridMultilevel&quot;}\" aria-setsize=\"-1\" data-aria-posinset=\"2\" data-aria-level=\"1\"><span data-contrast=\"auto\">Potencial impacte percebut en la societat.<\/span><span data-ccp-props=\"{&quot;201341983&quot;:0,&quot;335551550&quot;:6,&quot;335551620&quot;:6,&quot;335559740&quot;:276}\">\u00a0<\/span><\/li>\n<\/ul>\n<ul>\n<li data-leveltext=\"\uf0fc\" data-font=\"Wingdings\" data-listid=\"8\" data-list-defn-props=\"{&quot;335551500&quot;:2500134,&quot;335552541&quot;:1,&quot;335559685&quot;:2484,&quot;335559991&quot;:360,&quot;469769226&quot;:&quot;Wingdings&quot;,&quot;469769242&quot;:[8226],&quot;469777803&quot;:&quot;left&quot;,&quot;469777804&quot;:&quot;\uf0fc&quot;,&quot;469777815&quot;:&quot;hybridMultilevel&quot;}\" aria-setsize=\"-1\" data-aria-posinset=\"3\" data-aria-level=\"1\"><span data-contrast=\"auto\">Inter\u00e8s en participar en futures activitats de co-creaci\u00f3.<\/span><span data-ccp-props=\"{&quot;201341983&quot;:0,&quot;335551550&quot;:6,&quot;335551620&quot;:6,&quot;335559740&quot;:276}\">\u00a0<\/span><\/li>\n<\/ul>\n<p><span data-contrast=\"auto\">18:10 &#8211; 18:20 h<\/span> &#8211; <b><span data-contrast=\"auto\">Tancament i conclusions.<\/span><\/b><span data-ccp-props=\"{&quot;201341983&quot;:0,&quot;335551550&quot;:6,&quot;335551620&quot;:6,&quot;335559739&quot;:0,&quot;335559740&quot;:276}\">\u00a0<\/span><\/p>\n<p><span data-contrast=\"auto\">Reflexions finals sobre la import\u00e0ncia de la participaci\u00f3 ciutadana en la innovaci\u00f3 en salut.<\/span><span data-ccp-props=\"{&quot;201341983&quot;:0,&quot;335551550&quot;:6,&quot;335551620&quot;:6,&quot;335559685&quot;:2124,&quot;335559740&quot;:276}\">\u00a0<\/span><\/p>\n<p><span data-contrast=\"auto\">18:20 &#8211; 19:00 h &#8211; <\/span><b><span data-contrast=\"auto\">Piscolabis<\/span><\/b><span data-contrast=\"auto\">.<\/span><span data-ccp-props=\"{&quot;201341983&quot;:0,&quot;335551550&quot;:6,&quot;335551620&quot;:6,&quot;335559740&quot;:276}\">\u00a0<\/span>[\/vc_column_text][\/vc_column][\/vc_row]<\/p>\n","protected":false},"excerpt":{"rendered":"<p>Vols con\u00e8ixer de primera m\u00e0 les iniciatives innovadores en salut digital i tecnologia m\u00e8dica que duem a terme al Parc Taul\u00ed? Ara tens l\u2019oportunitat de fer-ho i, a m\u00e9s, ser una part activa del seu desenvolupament perqu\u00e8 la teva veu compta.<\/p>\n","protected":false},"author":10,"featured_media":42485,"comment_status":"open","ping_status":"closed","template":"","meta":[],"tags":[850,879,731,913],"tribe_events_cat":[928,999],"_links":{"self":[{"href":"https:\/\/www.tauli.cat\/actualitat\/wp-json\/wp\/v2\/tribe_events\/42322"}],"collection":[{"href":"https:\/\/www.tauli.cat\/actualitat\/wp-json\/wp\/v2\/tribe_events"}],"about":[{"href":"https:\/\/www.tauli.cat\/actualitat\/wp-json\/wp\/v2\/types\/tribe_events"}],"author":[{"embeddable":true,"href":"https:\/\/www.tauli.cat\/actualitat\/wp-json\/wp\/v2\/users\/10"}],"replies":[{"embeddable":true,"href":"https:\/\/www.tauli.cat\/actualitat\/wp-json\/wp\/v2\/comments?post=42322"}],"version-history":[{"count":12,"href":"https:\/\/www.tauli.cat\/actualitat\/wp-json\/wp\/v2\/tribe_events\/42322\/revisions"}],"predecessor-version":[{"id":80134,"href":"https:\/\/www.tauli.cat\/actualitat\/wp-json\/wp\/v2\/tribe_events\/42322\/revisions\/80134"}],"wp:featuredmedia":[{"embeddable":true,"href":"https:\/\/www.tauli.cat\/actualitat\/wp-json\/wp\/v2\/media\/42485"}],"wp:attachment":[{"href":"https:\/\/www.tauli.cat\/actualitat\/wp-json\/wp\/v2\/media?parent=42322"}],"wp:term":[{"taxonomy":"post_tag","embeddable":true,"href":"https:\/\/www.tauli.cat\/actualitat\/wp-json\/wp\/v2\/tags?post=42322"},{"taxonomy":"tribe_events_cat","embeddable":true,"href":"https:\/\/www.tauli.cat\/actualitat\/wp-json\/wp\/v2\/tribe_events_cat?post=42322"}],"curies":[{"name":"wp","href":"https:\/\/api.w.org\/{rel}","templated":true}]}}

Innovació en salut amb impacte: La teva veu compta

<p>[vc_row][vc_column][vc_column_text]Vols conèixer de primera mà les iniciatives innovadores en salut digital i tecnologia mèdica que duem a terme al Parc Taulí?</p>
<p>Ara tens l’oportunitat de fer-ho i, a més, ser una part activa del seu desenvolupament perquè <strong>la teva veu compta</strong>. Volem escoltar com aquestes solucions innovadores poden tenir un impacte per a tu i com poden respondre a les necessitats de la societat.</p>
<p>La teva visió és molt important per a la nostra recerca i ens ajuda a crear tecnologies amb un impacte real. Vine i fes sentir la teva veu![/vc_column_text][vc_column_text]</p>
<h3><span data-contrast="none">Programa </span><span data-ccp-props="{&quot;201341983&quot;:0,&quot;335551550&quot;:6,&quot;335551620&quot;:6,&quot;335559740&quot;:276}"> </span></h3>
<p><span data-contrast="auto">17:15 &#8211; 17:30 h</span> &#8211; <b><span data-contrast="auto">Obertura de portes</span></b></p>
<p><span data-contrast="auto">17:30 &#8211; 17:40 h</span> &#8211; <b><span data-contrast="auto">Benvinguda institucional<br />
</span></b><span data-contrast="auto">A càrrec de </span>Salvador Ventura, director de l&#8217;I3PT.</p>
<p><span data-contrast="auto">17:40 &#8211; 17:50 h &#8211;</span> <b><span data-contrast="auto">Presentació: La innovació en salut.</span></b><span data-ccp-props="{&quot;201341983&quot;:0,&quot;335551550&quot;:6,&quot;335551620&quot;:6,&quot;335559739&quot;:0,&quot;335559740&quot;:276}"> </span></p>
<p><span data-contrast="auto">Introducció a la innovació en el sector salut i el seu impacte a la societat. </span><br />
<span data-contrast="auto">Breu exposició de projectes rellevants impulsats a l’entorn del Parc Taulí.<br />
A càrrec de Martín León, responsable d&#8217;Innovació de l&#8217;I3PT. </span></p>
<p><span data-contrast="auto">17:50 &#8211; 18:10 h &#8211; </span><b><span data-contrast="auto">Dinàmica interactiva: “La teva opinió compta”.</span></b><span data-ccp-props="{&quot;201341983&quot;:0,&quot;335551550&quot;:6,&quot;335551620&quot;:6,&quot;335559739&quot;:0,&quot;335559740&quot;:276}"> </span></p>
<p><span data-contrast="auto">Presentació del projecte IDICIUS mitjançant vídeos divulgatius i realització d&#8217;una activitat interactiva. </span><br />
A càrrec de Lluís Blanch, coordinador ITEMAS.</p>
<ul>
<li data-leveltext="" data-font="Wingdings" data-listid="8" data-list-defn-props="{&quot;335551500&quot;:2500134,&quot;335552541&quot;:1,&quot;335559685&quot;:2484,&quot;335559991&quot;:360,&quot;469769226&quot;:&quot;Wingdings&quot;,&quot;469769242&quot;:[8226],&quot;469777803&quot;:&quot;left&quot;,&quot;469777804&quot;:&quot;&quot;,&quot;469777815&quot;:&quot;hybridMultilevel&quot;}" aria-setsize="-1" data-aria-posinset="1" data-aria-level="1"><span data-contrast="auto">Opinions sobre la solució proposada.</span><span data-ccp-props="{&quot;201341983&quot;:0,&quot;335551550&quot;:6,&quot;335551620&quot;:6,&quot;335559740&quot;:276}"> </span></li>
</ul>
<ul>
<li data-leveltext="" data-font="Wingdings" data-listid="8" data-list-defn-props="{&quot;335551500&quot;:2500134,&quot;335552541&quot;:1,&quot;335559685&quot;:2484,&quot;335559991&quot;:360,&quot;469769226&quot;:&quot;Wingdings&quot;,&quot;469769242&quot;:[8226],&quot;469777803&quot;:&quot;left&quot;,&quot;469777804&quot;:&quot;&quot;,&quot;469777815&quot;:&quot;hybridMultilevel&quot;}" aria-setsize="-1" data-aria-posinset="2" data-aria-level="1"><span data-contrast="auto">Potencial impacte percebut en la societat.</span><span data-ccp-props="{&quot;201341983&quot;:0,&quot;335551550&quot;:6,&quot;335551620&quot;:6,&quot;335559740&quot;:276}"> </span></li>
</ul>
<ul>
<li data-leveltext="" data-font="Wingdings" data-listid="8" data-list-defn-props="{&quot;335551500&quot;:2500134,&quot;335552541&quot;:1,&quot;335559685&quot;:2484,&quot;335559991&quot;:360,&quot;469769226&quot;:&quot;Wingdings&quot;,&quot;469769242&quot;:[8226],&quot;469777803&quot;:&quot;left&quot;,&quot;469777804&quot;:&quot;&quot;,&quot;469777815&quot;:&quot;hybridMultilevel&quot;}" aria-setsize="-1" data-aria-posinset="3" data-aria-level="1"><span data-contrast="auto">Interès en participar en futures activitats de co-creació.</span><span data-ccp-props="{&quot;201341983&quot;:0,&quot;335551550&quot;:6,&quot;335551620&quot;:6,&quot;335559740&quot;:276}"> </span></li>
</ul>
<p><span data-contrast="auto">18:10 &#8211; 18:20 h</span> &#8211; <b><span data-contrast="auto">Tancament i conclusions.</span></b><span data-ccp-props="{&quot;201341983&quot;:0,&quot;335551550&quot;:6,&quot;335551620&quot;:6,&quot;335559739&quot;:0,&quot;335559740&quot;:276}"> </span></p>
<p><span data-contrast="auto">Reflexions finals sobre la importància de la participació ciutadana en la innovació en salut.</span><span data-ccp-props="{&quot;201341983&quot;:0,&quot;335551550&quot;:6,&quot;335551620&quot;:6,&quot;335559685&quot;:2124,&quot;335559740&quot;:276}"> </span></p>
<p><span data-contrast="auto">18:20 &#8211; 19:00 h &#8211; </span><b><span data-contrast="auto">Piscolabis</span></b><span data-contrast="auto">.</span><span data-ccp-props="{&quot;201341983&quot;:0,&quot;335551550&quot;:6,&quot;335551620&quot;:6,&quot;335559740&quot;:276}"> </span>[/vc_column_text][/vc_column][/vc_row]</p>

<p>Vols conèixer de primera mà les iniciatives innovadores en salut digital i tecnologia mèdica que duem a terme al Parc Taulí? Ara tens l’oportunitat de fer-ho i, a més, ser una part activa del seu desenvolupament perquè la teva veu compta.</p>
