{"id":45763,"date":"2025-03-10T11:56:43","date_gmt":"2025-03-10T10:56:43","guid":{"rendered":"https:\/\/www.tauli.cat\/actualitat\/?post_type=tribe_events&#038;p=45763"},"modified":"2025-03-11T07:56:09","modified_gmt":"2025-03-11T06:56:09","slug":"ii-jornada-multidisciplinar-dactualitzacio-en-malalties-immunomediades-del-valles","status":"publish","type":"tribe_events","link":"https:\/\/www.tauli.cat\/actualitat\/agenda\/ii-jornada-multidisciplinar-dactualitzacio-en-malalties-immunomediades-del-valles\/","title":{"rendered":"II Jornada Multidisciplin\u00e0ria d&#8217;Actualitzaci\u00f3 en Malalties Immunomediades del Vall\u00e8s"},"content":{"rendered":"<p>Les malalties autoimmunes sist\u00e8miques s\u00f3n complexes i requereixen una alta sospita cl\u00ednica. El seu reconeixement \u00e9s essencial per aix\u00ed poder garantir un diagn\u00f2stic preco\u00e7.<\/p>\n<p>Seguint aquesta l\u00ednia, l&#8217;objectiu d&#8217;aquesta jornada \u00e9s actualitzar els coneixements sobre les manifestacions cl\u00edniques, el diagn\u00f2stic i els tractaments d&#8217;aquestes malalties des dels diferents punts de vista de cada especialitat.<\/p>\n<p>&nbsp;<\/p>\n","protected":false},"excerpt":{"rendered":"<p>Les malalties autoimmunes sist\u00e8miques s\u00f3n complexes i requereixen una alta sospita cl\u00ednica. El seu reconeixement \u00e9s essencial per aix\u00ed poder garantir un diagn\u00f2stic preco\u00e7. Seguint aquesta l\u00ednia, l&#8217;objectiu d&#8217;aquesta jornada [&hellip;]<\/p>\n","protected":false},"author":12,"featured_media":37673,"comment_status":"open","ping_status":"closed","template":"","meta":[],"tags":[879,1190,1148],"tribe_events_cat":[999],"_links":{"self":[{"href":"https:\/\/www.tauli.cat\/actualitat\/wp-json\/wp\/v2\/tribe_events\/45763"}],"collection":[{"href":"https:\/\/www.tauli.cat\/actualitat\/wp-json\/wp\/v2\/tribe_events"}],"about":[{"href":"https:\/\/www.tauli.cat\/actualitat\/wp-json\/wp\/v2\/types\/tribe_events"}],"author":[{"embeddable":true,"href":"https:\/\/www.tauli.cat\/actualitat\/wp-json\/wp\/v2\/users\/12"}],"replies":[{"embeddable":true,"href":"https:\/\/www.tauli.cat\/actualitat\/wp-json\/wp\/v2\/comments?post=45763"}],"version-history":[{"count":2,"href":"https:\/\/www.tauli.cat\/actualitat\/wp-json\/wp\/v2\/tribe_events\/45763\/revisions"}],"predecessor-version":[{"id":45787,"href":"https:\/\/www.tauli.cat\/actualitat\/wp-json\/wp\/v2\/tribe_events\/45763\/revisions\/45787"}],"wp:featuredmedia":[{"embeddable":true,"href":"https:\/\/www.tauli.cat\/actualitat\/wp-json\/wp\/v2\/media\/37673"}],"wp:attachment":[{"href":"https:\/\/www.tauli.cat\/actualitat\/wp-json\/wp\/v2\/media?parent=45763"}],"wp:term":[{"taxonomy":"post_tag","embeddable":true,"href":"https:\/\/www.tauli.cat\/actualitat\/wp-json\/wp\/v2\/tags?post=45763"},{"taxonomy":"tribe_events_cat","embeddable":true,"href":"https:\/\/www.tauli.cat\/actualitat\/wp-json\/wp\/v2\/tribe_events_cat?post=45763"}],"curies":[{"name":"wp","href":"https:\/\/api.w.org\/{rel}","templated":true}]}}

II Jornada Multidisciplinària d&#8217;Actualització en Malalties Immunomediades del Vallès

<p>Les malalties autoimmunes sistèmiques són complexes i requereixen una alta sospita clínica. El seu reconeixement és essencial per així poder garantir un diagnòstic precoç.</p>
<p>Seguint aquesta línia, l&#8217;objectiu d&#8217;aquesta jornada és actualitzar els coneixements sobre les manifestacions clíniques, el diagnòstic i els tractaments d&#8217;aquestes malalties des dels diferents punts de vista de cada especialitat.</p>
<p>&nbsp;</p>

<p>Les malalties autoimmunes sistèmiques són complexes i requereixen una alta sospita clínica. El seu reconeixement és essencial per així poder garantir un diagnòstic precoç. Seguint aquesta línia, l&#8217;objectiu d&#8217;aquesta jornada [&hellip;]</p>
