{"id":47096,"date":"2025-04-01T13:46:00","date_gmt":"2025-04-01T11:46:00","guid":{"rendered":"https:\/\/www.tauli.cat\/actualitat\/?post_type=tribe_events&#038;p=47096"},"modified":"2025-04-01T13:46:00","modified_gmt":"2025-04-01T11:46:00","slug":"14a-edicio-del-curs-taller-sobre-ventilacio-mecanica-no-invasiva-vmni-per-a-medicina-durgencies-i-emergencies","status":"publish","type":"tribe_events","link":"https:\/\/www.tauli.cat\/actualitat\/agenda\/14a-edicio-del-curs-taller-sobre-ventilacio-mecanica-no-invasiva-vmni-per-a-medicina-durgencies-i-emergencies\/","title":{"rendered":"14a edici\u00f3 del curs-taller sobre Ventilaci\u00f3 Mec\u00e0nica no Invasiva (VMNI) per a Medicina d&#8217;Urg\u00e8ncies i Emerg\u00e8ncies"},"content":{"rendered":"<p>Aquest curs t\u00e9 com a objectius generals proporcionar les aptituds b\u00e0siques de reconeixement i maneig de les diferents situacions d\u2019insufici\u00e8ncia respirat\u00f2ria aguda que es poden beneficiar de tractament amb VMNI.<\/p>\n<p><strong>Objectius espec\u00edfics:<\/strong><\/p>\n<p>-Comprendre els conceptes i fonaments del funcionament de la VMNI.<br \/>\n-Identificar les Indicacions i contraindicacions VMNI.<br \/>\n-Con\u00e8ixer el maneig de les diferents modalitats de VMNI.<br \/>\n-Aplicar la destresa necess\u00e0ria en el muntatge dels circu\u00efts de VMNI, aix\u00ed com la selecci\u00f3 de la interfase m\u00e9s adequada.<br \/>\n-Identificar i tractament de les asincronies pacientventilador quan es produeixin, aix\u00ed com el seu maneig.<\/p>\n","protected":false},"excerpt":{"rendered":"<p>Aquest curs t\u00e9 com a objectius generals proporcionar les aptituds b\u00e0siques de reconeixement i maneig de les diferents situacions d\u2019insufici\u00e8ncia respirat\u00f2ria aguda que es poden beneficiar de tractament amb VMNI. [&hellip;]<\/p>\n","protected":false},"author":12,"featured_media":5114,"comment_status":"open","ping_status":"closed","template":"","meta":[],"tags":[879],"tribe_events_cat":[855,999],"_links":{"self":[{"href":"https:\/\/www.tauli.cat\/actualitat\/wp-json\/wp\/v2\/tribe_events\/47096"}],"collection":[{"href":"https:\/\/www.tauli.cat\/actualitat\/wp-json\/wp\/v2\/tribe_events"}],"about":[{"href":"https:\/\/www.tauli.cat\/actualitat\/wp-json\/wp\/v2\/types\/tribe_events"}],"author":[{"embeddable":true,"href":"https:\/\/www.tauli.cat\/actualitat\/wp-json\/wp\/v2\/users\/12"}],"replies":[{"embeddable":true,"href":"https:\/\/www.tauli.cat\/actualitat\/wp-json\/wp\/v2\/comments?post=47096"}],"version-history":[{"count":1,"href":"https:\/\/www.tauli.cat\/actualitat\/wp-json\/wp\/v2\/tribe_events\/47096\/revisions"}],"predecessor-version":[{"id":47099,"href":"https:\/\/www.tauli.cat\/actualitat\/wp-json\/wp\/v2\/tribe_events\/47096\/revisions\/47099"}],"wp:featuredmedia":[{"embeddable":true,"href":"https:\/\/www.tauli.cat\/actualitat\/wp-json\/wp\/v2\/media\/5114"}],"wp:attachment":[{"href":"https:\/\/www.tauli.cat\/actualitat\/wp-json\/wp\/v2\/media?parent=47096"}],"wp:term":[{"taxonomy":"post_tag","embeddable":true,"href":"https:\/\/www.tauli.cat\/actualitat\/wp-json\/wp\/v2\/tags?post=47096"},{"taxonomy":"tribe_events_cat","embeddable":true,"href":"https:\/\/www.tauli.cat\/actualitat\/wp-json\/wp\/v2\/tribe_events_cat?post=47096"}],"curies":[{"name":"wp","href":"https:\/\/api.w.org\/{rel}","templated":true}]}}

14a edició del curs-taller sobre Ventilació Mecànica no Invasiva (VMNI) per a Medicina d&#8217;Urgències i Emergències

<p>Aquest curs té com a objectius generals proporcionar les aptituds bàsiques de reconeixement i maneig de les diferents situacions d’insuficiència respiratòria aguda que es poden beneficiar de tractament amb VMNI.</p>
<p><strong>Objectius específics:</strong></p>
<p>-Comprendre els conceptes i fonaments del funcionament de la VMNI.<br />
-Identificar les Indicacions i contraindicacions VMNI.<br />
-Conèixer el maneig de les diferents modalitats de VMNI.<br />
-Aplicar la destresa necessària en el muntatge dels circuïts de VMNI, així com la selecció de la interfase més adequada.<br />
-Identificar i tractament de les asincronies pacientventilador quan es produeixin, així com el seu maneig.</p>

<p>Aquest curs té com a objectius generals proporcionar les aptituds bàsiques de reconeixement i maneig de les diferents situacions d’insuficiència respiratòria aguda que es poden beneficiar de tractament amb VMNI. [&hellip;]</p>
