{"id":49174,"date":"2025-05-09T09:10:24","date_gmt":"2025-05-09T07:10:24","guid":{"rendered":"https:\/\/www.tauli.cat\/actualitat\/?post_type=tribe_events&#038;p=49174"},"modified":"2025-05-09T09:10:24","modified_gmt":"2025-05-09T07:10:24","slug":"quines-cures-volem-quan-siguem-grans-quins-serveis-ens-trobem","status":"publish","type":"tribe_events","link":"https:\/\/www.tauli.cat\/actualitat\/agenda\/quines-cures-volem-quan-siguem-grans-quins-serveis-ens-trobem\/","title":{"rendered":"Quines cures volem quan siguem grans? Quins serveis ens trobem?"},"content":{"rendered":"<p>L\u2019envelliment de la poblaci\u00f3 i les seves necessitats s\u00f3n temes fonamentals que preocupen a la gent gran i als seus cuidadors. Per donar resposta a aquestes preguntes, el Parc Taul\u00ed iniciar\u00e0 aquest <strong>dijous, 15 de maig, a les 18h<\/strong> el cicle de xerrades <em>\u201cParlem amb la gent gran\u201d<\/em> a <strong>l\u2019Auditori Casal Pere Quart<\/strong> de Sabadell.<\/p>\n<p>El Sr. Josep de Mart\u00ed, fundador d\u2019Inforesidencias.com i expert en serveis d\u2019atenci\u00f3 a persones grans, dur\u00e0 a terme la sessi\u00f3.<\/p>\n<p>Es tracta d\u2019una iniciativa de<strong> Parc Taul\u00ed Sabadell Gent Gran<\/strong>, el centre de serveis del Consorci Corporaci\u00f3 Sanit\u00e0ria Parc Taul\u00ed (CCSPT), orientat a cobrir les necessitats de la gent gran, amb <strong>col\u00b7laboraci\u00f3<\/strong> amb <strong>l\u2019Ajuntament de Sabadell.<\/strong><\/p>\n<p>No cal inscripci\u00f3 pr\u00e8via per assistir-hi.<\/p>\n","protected":false},"excerpt":{"rendered":"<p>L\u2019envelliment de la poblaci\u00f3 i les seves necessitats s\u00f3n temes fonamentals que preocupen a la gent gran i als seus cuidadors. Per donar resposta a aquestes preguntes, el Parc Taul\u00ed [&hellip;]<\/p>\n","protected":false},"author":12,"featured_media":49178,"comment_status":"open","ping_status":"closed","template":"","meta":[],"tags":[879,1206,1207,215],"tribe_events_cat":[846],"_links":{"self":[{"href":"https:\/\/www.tauli.cat\/actualitat\/wp-json\/wp\/v2\/tribe_events\/49174"}],"collection":[{"href":"https:\/\/www.tauli.cat\/actualitat\/wp-json\/wp\/v2\/tribe_events"}],"about":[{"href":"https:\/\/www.tauli.cat\/actualitat\/wp-json\/wp\/v2\/types\/tribe_events"}],"author":[{"embeddable":true,"href":"https:\/\/www.tauli.cat\/actualitat\/wp-json\/wp\/v2\/users\/12"}],"replies":[{"embeddable":true,"href":"https:\/\/www.tauli.cat\/actualitat\/wp-json\/wp\/v2\/comments?post=49174"}],"version-history":[{"count":2,"href":"https:\/\/www.tauli.cat\/actualitat\/wp-json\/wp\/v2\/tribe_events\/49174\/revisions"}],"predecessor-version":[{"id":49185,"href":"https:\/\/www.tauli.cat\/actualitat\/wp-json\/wp\/v2\/tribe_events\/49174\/revisions\/49185"}],"wp:featuredmedia":[{"embeddable":true,"href":"https:\/\/www.tauli.cat\/actualitat\/wp-json\/wp\/v2\/media\/49178"}],"wp:attachment":[{"href":"https:\/\/www.tauli.cat\/actualitat\/wp-json\/wp\/v2\/media?parent=49174"}],"wp:term":[{"taxonomy":"post_tag","embeddable":true,"href":"https:\/\/www.tauli.cat\/actualitat\/wp-json\/wp\/v2\/tags?post=49174"},{"taxonomy":"tribe_events_cat","embeddable":true,"href":"https:\/\/www.tauli.cat\/actualitat\/wp-json\/wp\/v2\/tribe_events_cat?post=49174"}],"curies":[{"name":"wp","href":"https:\/\/api.w.org\/{rel}","templated":true}]}}

<p>L’envelliment de la població i les seves necessitats són temes fonamentals que preocupen a la gent gran i als seus cuidadors. Per donar resposta a aquestes preguntes, el Parc Taulí iniciarà aquest <strong>dijous, 15 de maig, a les 18h</strong> el cicle de xerrades <em>“Parlem amb la gent gran”</em> a <strong>l’Auditori Casal Pere Quart</strong> de Sabadell.</p>
<p>El Sr. Josep de Martí, fundador d’Inforesidencias.com i expert en serveis d’atenció a persones grans, durà a terme la sessió.</p>
<p>Es tracta d’una iniciativa de<strong> Parc Taulí Sabadell Gent Gran</strong>, el centre de serveis del Consorci Corporació Sanitària Parc Taulí (CCSPT), orientat a cobrir les necessitats de la gent gran, amb <strong>col·laboració</strong> amb <strong>l’Ajuntament de Sabadell.</strong></p>
<p>No cal inscripció prèvia per assistir-hi.</p>

<p>L’envelliment de la població i les seves necessitats són temes fonamentals que preocupen a la gent gran i als seus cuidadors. Per donar resposta a aquestes preguntes, el Parc Taulí [&hellip;]</p>
