{"id":6091,"date":"2023-05-29T13:50:47","date_gmt":"2023-05-29T11:50:47","guid":{"rendered":"https:\/\/www.tauli.cat\/actualitat\/?post_type=tribe_events&#038;p=6091"},"modified":"2024-02-07T10:04:43","modified_gmt":"2024-02-07T09:04:43","slug":"4a-edicio-master-intelligencia-artificial-i-big-data-en-salut","status":"publish","type":"tribe_events","link":"https:\/\/www.tauli.cat\/actualitat\/agenda\/4a-edicio-master-intelligencia-artificial-i-big-data-en-salut\/","title":{"rendered":"4a edici\u00f3 M\u00e0ster: Intel\u00b7lig\u00e8ncia artificial i Big Data en salut"},"content":{"rendered":"","protected":false},"excerpt":{"rendered":"<p>L&#8217;anomenada &#8220;Medicina P4&#8221; (predictiva, personalitzada, preventiva i participativa), estar\u00e0 fonamentada en tecnologies emergents com la IA i l&#8217;an\u00e0lisi de grans quantitats de dades basat en l&#8217;aprenentatge autom\u00e0tic i la visi\u00f3 per computador. <\/p>\n","protected":false},"author":6,"featured_media":6096,"comment_status":"open","ping_status":"closed","template":"","meta":[],"tags":[850,879],"tribe_events_cat":[855],"_links":{"self":[{"href":"https:\/\/www.tauli.cat\/actualitat\/wp-json\/wp\/v2\/tribe_events\/6091"}],"collection":[{"href":"https:\/\/www.tauli.cat\/actualitat\/wp-json\/wp\/v2\/tribe_events"}],"about":[{"href":"https:\/\/www.tauli.cat\/actualitat\/wp-json\/wp\/v2\/types\/tribe_events"}],"author":[{"embeddable":true,"href":"https:\/\/www.tauli.cat\/actualitat\/wp-json\/wp\/v2\/users\/6"}],"replies":[{"embeddable":true,"href":"https:\/\/www.tauli.cat\/actualitat\/wp-json\/wp\/v2\/comments?post=6091"}],"version-history":[{"count":3,"href":"https:\/\/www.tauli.cat\/actualitat\/wp-json\/wp\/v2\/tribe_events\/6091\/revisions"}],"predecessor-version":[{"id":6097,"href":"https:\/\/www.tauli.cat\/actualitat\/wp-json\/wp\/v2\/tribe_events\/6091\/revisions\/6097"}],"wp:featuredmedia":[{"embeddable":true,"href":"https:\/\/www.tauli.cat\/actualitat\/wp-json\/wp\/v2\/media\/6096"}],"wp:attachment":[{"href":"https:\/\/www.tauli.cat\/actualitat\/wp-json\/wp\/v2\/media?parent=6091"}],"wp:term":[{"taxonomy":"post_tag","embeddable":true,"href":"https:\/\/www.tauli.cat\/actualitat\/wp-json\/wp\/v2\/tags?post=6091"},{"taxonomy":"tribe_events_cat","embeddable":true,"href":"https:\/\/www.tauli.cat\/actualitat\/wp-json\/wp\/v2\/tribe_events_cat?post=6091"}],"curies":[{"name":"wp","href":"https:\/\/api.w.org\/{rel}","templated":true}]}}

4a edició Màster: Intel·ligència artificial i Big Data en salut

<p>L&#8217;anomenada &#8220;Medicina P4&#8221; (predictiva, personalitzada, preventiva i participativa), estarà fonamentada en tecnologies emergents com la IA i l&#8217;anàlisi de grans quantitats de dades basat en l&#8217;aprenentatge automàtic i la visió per computador. </p>
