{"id":6281,"date":"2023-07-14T15:28:42","date_gmt":"2023-07-14T13:28:42","guid":{"rendered":"https:\/\/www.tauli.cat\/actualitat\/?post_type=tribe_events&#038;p=6281"},"modified":"2023-07-19T14:29:14","modified_gmt":"2023-07-19T12:29:14","slug":"tendencies-en-innovacio-dimatge-medica","status":"publish","type":"tribe_events","link":"https:\/\/www.tauli.cat\/actualitat\/agenda\/tendencies-en-innovacio-dimatge-medica\/","title":{"rendered":"Tend\u00e8ncies en innovaci\u00f3 d&#8217;imatge m\u00e8dica"},"content":{"rendered":"<p>[vc_row][vc_column][vc_column_text]La<strong> imatge m\u00e8dica<\/strong> (IM) \u00e9s un conjunt de t\u00e8cniques i processos per crear imatges del cos hum\u00e0 amb finalitats cl\u00edniques, que estan experimentant un creixement i innovaci\u00f3 constant, gr\u00e0cies a un conjunt de factors i actors.<\/p>\n<p>En aquest sentit, la<strong> intel\u00b7lig\u00e8ncia artificial<\/strong> (IA) \u00e9s clau per entendre el present i el futur de la IM, ja que la <strong>radiologia<\/strong> \u00e9s l\u2019<strong>especialitat m\u00e8dica amb m\u00e9s eines d\u2019IA<\/strong>.<\/p>\n<p>La integraci\u00f3 de components d\u2019IA dins del flux de treball de la imatge m\u00e8dica pot augmentar l\u2019efici\u00e8ncia, reduir els errors, optimitzar el temps dels radi\u00f2legs i fer front a la manca d&#8217;aquests professionals.<\/p>\n<p>Hi ha diverses \u00e0rees al llarg del flux de treball d\u2019imatges on s\u2019apliquen eines d\u2019IA, alguns exemples inclouen la prioritzaci\u00f3 i triatge, el processament i an\u00e0lisi d&#8217;imatges, l&#8217;elaboraci\u00f3 d&#8217;informes, entre d\u2019altres.<\/p>\n<p>Per con\u00e8ixer les<strong> claus i les tend\u00e8ncies en innovaci\u00f3 d\u2019imatge m\u00e8dica<\/strong> que podrien marcar-ne el seu futur, <strong>Martina Gim\u00e9ne<\/strong>z i<strong> Jordi Polo<\/strong>, d\u2019ALMA Medical Imaging, oferiran la sessi\u00f3 &#8216;<strong>Tend\u00e8ncies en innovaci\u00f3 d&#8217;imatge m\u00e8dica<\/strong>&#8216; dins del III Cicle de Confer\u00e8ncies Cient\u00edfiques de l\u2019I3PT.[\/vc_column_text][\/vc_column][\/vc_row]<\/p>\n","protected":false},"excerpt":{"rendered":"<p>Per con\u00e8ixer les claus i les tend\u00e8ncies en innovaci\u00f3 d\u2019imatge m\u00e8dica, Marina Gim\u00e9nez i Jordi Polo, d\u2019ALMA Medical Imaging, oferiran la sessi\u00f3 &#8216;Tend\u00e8ncies en innovaci\u00f3 d&#8217;imatge m\u00e8dica&#8217; dins del III Cicle de Confer\u00e8ncies Cient\u00edfiques de l\u2019I3PT.<\/p>\n","protected":false},"author":7,"featured_media":6283,"comment_status":"open","ping_status":"closed","template":"","meta":[],"tags":[850,879,897,1020,731,1021],"tribe_events_cat":[],"_links":{"self":[{"href":"https:\/\/www.tauli.cat\/actualitat\/wp-json\/wp\/v2\/tribe_events\/6281"}],"collection":[{"href":"https:\/\/www.tauli.cat\/actualitat\/wp-json\/wp\/v2\/tribe_events"}],"about":[{"href":"https:\/\/www.tauli.cat\/actualitat\/wp-json\/wp\/v2\/types\/tribe_events"}],"author":[{"embeddable":true,"href":"https:\/\/www.tauli.cat\/actualitat\/wp-json\/wp\/v2\/users\/7"}],"replies":[{"embeddable":true,"href":"https:\/\/www.tauli.cat\/actualitat\/wp-json\/wp\/v2\/comments?post=6281"}],"version-history":[{"count":5,"href":"https:\/\/www.tauli.cat\/actualitat\/wp-json\/wp\/v2\/tribe_events\/6281\/revisions"}],"predecessor-version":[{"id":6288,"href":"https:\/\/www.tauli.cat\/actualitat\/wp-json\/wp\/v2\/tribe_events\/6281\/revisions\/6288"}],"wp:featuredmedia":[{"embeddable":true,"href":"https:\/\/www.tauli.cat\/actualitat\/wp-json\/wp\/v2\/media\/6283"}],"wp:attachment":[{"href":"https:\/\/www.tauli.cat\/actualitat\/wp-json\/wp\/v2\/media?parent=6281"}],"wp:term":[{"taxonomy":"post_tag","embeddable":true,"href":"https:\/\/www.tauli.cat\/actualitat\/wp-json\/wp\/v2\/tags?post=6281"},{"taxonomy":"tribe_events_cat","embeddable":true,"href":"https:\/\/www.tauli.cat\/actualitat\/wp-json\/wp\/v2\/tribe_events_cat?post=6281"}],"curies":[{"name":"wp","href":"https:\/\/api.w.org\/{rel}","templated":true}]}}

Tendències en innovació d&#8217;imatge mèdica

<p>[vc_row][vc_column][vc_column_text]La<strong> imatge mèdica</strong> (IM) és un conjunt de tècniques i processos per crear imatges del cos humà amb finalitats clíniques, que estan experimentant un creixement i innovació constant, gràcies a un conjunt de factors i actors.</p>
<p>En aquest sentit, la<strong> intel·ligència artificial</strong> (IA) és clau per entendre el present i el futur de la IM, ja que la <strong>radiologia</strong> és l’<strong>especialitat mèdica amb més eines d’IA</strong>.</p>
<p>La integració de components d’IA dins del flux de treball de la imatge mèdica pot augmentar l’eficiència, reduir els errors, optimitzar el temps dels radiòlegs i fer front a la manca d&#8217;aquests professionals.</p>
<p>Hi ha diverses àrees al llarg del flux de treball d’imatges on s’apliquen eines d’IA, alguns exemples inclouen la priorització i triatge, el processament i anàlisi d&#8217;imatges, l&#8217;elaboració d&#8217;informes, entre d’altres.</p>
<p>Per conèixer les<strong> claus i les tendències en innovació d’imatge mèdica</strong> que podrien marcar-ne el seu futur, <strong>Martina Giméne</strong>z i<strong> Jordi Polo</strong>, d’ALMA Medical Imaging, oferiran la sessió &#8216;<strong>Tendències en innovació d&#8217;imatge mèdica</strong>&#8216; dins del III Cicle de Conferències Científiques de l’I3PT.[/vc_column_text][/vc_column][/vc_row]</p>

<p>Per conèixer les claus i les tendències en innovació d’imatge mèdica, Marina Giménez i Jordi Polo, d’ALMA Medical Imaging, oferiran la sessió &#8216;Tendències en innovació d&#8217;imatge mèdica&#8217; dins del III Cicle de Conferències Científiques de l’I3PT.</p>
