{"id":6345,"date":"2023-09-18T15:58:39","date_gmt":"2023-09-18T13:58:39","guid":{"rendered":"https:\/\/www.tauli.cat\/actualitat\/?post_type=tribe_events&#038;p=6345"},"modified":"2023-09-18T15:58:39","modified_gmt":"2023-09-18T13:58:39","slug":"tecnologia-i-innovacio-per-millorar-els-serveis-assistencials-per-a-les-persones-que-viuen-amb-demencia","status":"publish","type":"tribe_events","link":"https:\/\/www.tauli.cat\/actualitat\/agenda\/tecnologia-i-innovacio-per-millorar-els-serveis-assistencials-per-a-les-persones-que-viuen-amb-demencia\/","title":{"rendered":"Tecnologia i innovaci\u00f3 per millorar els serveis assistencials per a les persones que viuen amb dem\u00e8ncia"},"content":{"rendered":"<p>[vc_row][vc_column][vc_column_text]Si no hi ha tractament curatiu de la<strong> malaltia d&#8217;Alzheimer<\/strong> i les dem\u00e8ncies, per qu\u00e8 s\u00f3n rellevants els aven\u00e7os per disposar d&#8217;un <strong>diagn\u00f2stic preco\u00e7 m\u00e9s f\u00e0cil i accessible<\/strong> i de m\u00e9s<strong> ter\u00e0pies no farmacol\u00f2giques<\/strong>?<\/p>\n<p>En els darrers anys, les institucions que promouen les millores en la qualitat de vida i l&#8217;augment dels recursos per a la investigaci\u00f3 de les persones que viuen amb dem\u00e8ncia han treballat per divulgar la <strong>rellev\u00e0ncia de disposar de millors mitjans que facilitin un diagn\u00f2stic preco\u00e7.<\/strong><\/p>\n<p>Pot semblar contradictori per\u00f2 \u00e9s imprescindible divulgar que un<strong> diagn\u00f2stic preco\u00e7 de la malaltia d&#8217;Alzheimer permet millorar el tractament i la prevenci\u00f3 de la malaltia<\/strong>, i alhora augmentar la qualitat de vida de les persones diagnosticades i la dels seus familiars cuidadors amb <strong>noves tecnologies i tractaments no farmacol\u00f2gics<\/strong>.<\/p>\n<p>De tot aix\u00f2, en parlarem a la sessi\u00f3 del <strong>III Cicle de Confer\u00e8ncies Cient\u00edfiques<\/strong> de l&#8217;I3PT amb <strong>Pedro Cano<\/strong>, director d&#8217;Estrat\u00e8gia, Planificaci\u00f3 i Organitzaci\u00f3 del Parc Taul\u00ed.\u00a0Cano ha treballat en el disseny i desenvolupament de serveis assistencials i cures per a la gent gran, i t\u00e9 una dilatada experi\u00e8ncia en la posada en marxa de projectes de transformaci\u00f3 i innovaci\u00f3 en persones que viuen amb dem\u00e8ncia.<strong><em>\u00a0<\/em><\/strong>Concretament, Cano \u00e9s l&#8217;impulsor d&#8217;un projecte transformador impulsat pel Parc Taul\u00ed i finan\u00e7ant pel Sistema Catal\u00e0 de Salut, que pret\u00e9n modificar i modernitzar tots els circuits relacionats amb l&#8217;atenci\u00f3 integrada social i sanit\u00e0ria al domicili per a persones grans.[\/vc_column_text][\/vc_column][\/vc_row]<\/p>\n","protected":false},"excerpt":{"rendered":"<p>Pedro Cano protagonitza la propera sessi\u00f3 del Cicle de Confer\u00e8ncies Cient\u00edfiques de l&#8217;I3PT en qu\u00e8 explicar\u00e0 la import\u00e0ncia de disposar de millors mitjans que facilitin un diagn\u00f2stic preco\u00e7 de la malaltia de l&#8217;Alzheimer i les dem\u00e8ncies. <\/p>\n","protected":false},"author":10,"featured_media":6349,"comment_status":"open","ping_status":"closed","template":"","meta":[],"tags":[850,879,897,849],"tribe_events_cat":[],"_links":{"self":[{"href":"https:\/\/www.tauli.cat\/actualitat\/wp-json\/wp\/v2\/tribe_events\/6345"}],"collection":[{"href":"https:\/\/www.tauli.cat\/actualitat\/wp-json\/wp\/v2\/tribe_events"}],"about":[{"href":"https:\/\/www.tauli.cat\/actualitat\/wp-json\/wp\/v2\/types\/tribe_events"}],"author":[{"embeddable":true,"href":"https:\/\/www.tauli.cat\/actualitat\/wp-json\/wp\/v2\/users\/10"}],"replies":[{"embeddable":true,"href":"https:\/\/www.tauli.cat\/actualitat\/wp-json\/wp\/v2\/comments?post=6345"}],"version-history":[{"count":4,"href":"https:\/\/www.tauli.cat\/actualitat\/wp-json\/wp\/v2\/tribe_events\/6345\/revisions"}],"predecessor-version":[{"id":6351,"href":"https:\/\/www.tauli.cat\/actualitat\/wp-json\/wp\/v2\/tribe_events\/6345\/revisions\/6351"}],"wp:featuredmedia":[{"embeddable":true,"href":"https:\/\/www.tauli.cat\/actualitat\/wp-json\/wp\/v2\/media\/6349"}],"wp:attachment":[{"href":"https:\/\/www.tauli.cat\/actualitat\/wp-json\/wp\/v2\/media?parent=6345"}],"wp:term":[{"taxonomy":"post_tag","embeddable":true,"href":"https:\/\/www.tauli.cat\/actualitat\/wp-json\/wp\/v2\/tags?post=6345"},{"taxonomy":"tribe_events_cat","embeddable":true,"href":"https:\/\/www.tauli.cat\/actualitat\/wp-json\/wp\/v2\/tribe_events_cat?post=6345"}],"curies":[{"name":"wp","href":"https:\/\/api.w.org\/{rel}","templated":true}]}}

Tecnologia i innovació per millorar els serveis assistencials per a les persones que viuen amb demència

<p>[vc_row][vc_column][vc_column_text]Si no hi ha tractament curatiu de la<strong> malaltia d&#8217;Alzheimer</strong> i les demències, per què són rellevants els avenços per disposar d&#8217;un <strong>diagnòstic precoç més fàcil i accessible</strong> i de més<strong> teràpies no farmacològiques</strong>?</p>
<p>En els darrers anys, les institucions que promouen les millores en la qualitat de vida i l&#8217;augment dels recursos per a la investigació de les persones que viuen amb demència han treballat per divulgar la <strong>rellevància de disposar de millors mitjans que facilitin un diagnòstic precoç.</strong></p>
<p>Pot semblar contradictori però és imprescindible divulgar que un<strong> diagnòstic precoç de la malaltia d&#8217;Alzheimer permet millorar el tractament i la prevenció de la malaltia</strong>, i alhora augmentar la qualitat de vida de les persones diagnosticades i la dels seus familiars cuidadors amb <strong>noves tecnologies i tractaments no farmacològics</strong>.</p>
<p>De tot això, en parlarem a la sessió del <strong>III Cicle de Conferències Científiques</strong> de l&#8217;I3PT amb <strong>Pedro Cano</strong>, director d&#8217;Estratègia, Planificació i Organització del Parc Taulí. Cano ha treballat en el disseny i desenvolupament de serveis assistencials i cures per a la gent gran, i té una dilatada experiència en la posada en marxa de projectes de transformació i innovació en persones que viuen amb demència.<strong><em> </em></strong>Concretament, Cano és l&#8217;impulsor d&#8217;un projecte transformador impulsat pel Parc Taulí i finançant pel Sistema Català de Salut, que pretén modificar i modernitzar tots els circuits relacionats amb l&#8217;atenció integrada social i sanitària al domicili per a persones grans.[/vc_column_text][/vc_column][/vc_row]</p>

<p>Pedro Cano protagonitza la propera sessió del Cicle de Conferències Científiques de l&#8217;I3PT en què explicarà la importància de disposar de millors mitjans que facilitin un diagnòstic precoç de la malaltia de l&#8217;Alzheimer i les demències. </p>
