{"id":6594,"date":"2023-10-17T18:42:13","date_gmt":"2023-10-17T16:42:13","guid":{"rendered":"https:\/\/www.tauli.cat\/actualitat\/?post_type=tribe_events&#038;p=6594"},"modified":"2023-10-17T18:42:13","modified_gmt":"2023-10-17T16:42:13","slug":"innovacio-i-acces-al-sistema-de-salut","status":"publish","type":"tribe_events","link":"https:\/\/www.tauli.cat\/actualitat\/agenda\/innovacio-i-acces-al-sistema-de-salut\/","title":{"rendered":"Innovaci\u00f3 i acc\u00e9s al Sistema de Salut"},"content":{"rendered":"<p>La Subcomissi\u00f3 d\u2019Adopci\u00f3 de la Innovaci\u00f3 al Sistema de Salut, coordinada per Biocat per enc\u00e0rrec del Departament de Salut, ha presentat recentment un <strong>Pla Operatiu<\/strong> que recull les<strong> vies i mecanismes d\u2019acc\u00e9s de la innovaci\u00f3 al Sistema de Salut de Catalunya<\/strong> i, en \u00faltima inst\u00e0ncia, poder arribar al conjunt de la poblaci\u00f3.<\/p>\n<p>El Pla Operatiu ha generat una gran expectaci\u00f3 entre els professionals dedicats a la <strong>generaci\u00f3 d&#8217;innovaci\u00f3 en el camp de la salut<\/strong>. Per con\u00e8ixer de quina manera el pla ajudar\u00e0 a donar resposta als reptes del sistema, convidem <strong>Robert Fabregat<\/strong>, director general de Biocat i coordinador de la Subcomissi\u00f3 d\u2019Adopci\u00f3 de la Innovaci\u00f3, a la propera sessi\u00f3 del III Cicle de Confer\u00e8ncies Cient\u00edfiques de l&#8217;I3PT.<\/p>\n<p>Parlarem dels<strong> circuits actuals d&#8217;adopci\u00f3 de la innovaci\u00f3<\/strong>, de l&#8217;<strong>impacte de l&#8217;ecosistema<\/strong> i de la <strong>proposta de sector<\/strong> per avan\u00e7ar en aquest sentit.<\/p>\n","protected":false},"excerpt":{"rendered":"<p>Robert Fabregat, CEO de Biocat i coordinador de la Subcomissi\u00f3 d\u2019Adopci\u00f3 de la Innovaci\u00f3, presentar\u00e0 el full de ruta per millorar l&#8217;atenci\u00f3 a la ciutadania a partir de la innovaci\u00f3 a la propera\u00a0sessi\u00f3 del III Cicle de Confer\u00e8ncies Cient\u00edfiques de l&#8217;I3PT.<\/p>\n","protected":false},"author":7,"featured_media":6596,"comment_status":"open","ping_status":"closed","template":"","meta":[],"tags":[850,879,897,849],"tribe_events_cat":[848],"_links":{"self":[{"href":"https:\/\/www.tauli.cat\/actualitat\/wp-json\/wp\/v2\/tribe_events\/6594"}],"collection":[{"href":"https:\/\/www.tauli.cat\/actualitat\/wp-json\/wp\/v2\/tribe_events"}],"about":[{"href":"https:\/\/www.tauli.cat\/actualitat\/wp-json\/wp\/v2\/types\/tribe_events"}],"author":[{"embeddable":true,"href":"https:\/\/www.tauli.cat\/actualitat\/wp-json\/wp\/v2\/users\/7"}],"replies":[{"embeddable":true,"href":"https:\/\/www.tauli.cat\/actualitat\/wp-json\/wp\/v2\/comments?post=6594"}],"version-history":[{"count":2,"href":"https:\/\/www.tauli.cat\/actualitat\/wp-json\/wp\/v2\/tribe_events\/6594\/revisions"}],"predecessor-version":[{"id":6597,"href":"https:\/\/www.tauli.cat\/actualitat\/wp-json\/wp\/v2\/tribe_events\/6594\/revisions\/6597"}],"wp:featuredmedia":[{"embeddable":true,"href":"https:\/\/www.tauli.cat\/actualitat\/wp-json\/wp\/v2\/media\/6596"}],"wp:attachment":[{"href":"https:\/\/www.tauli.cat\/actualitat\/wp-json\/wp\/v2\/media?parent=6594"}],"wp:term":[{"taxonomy":"post_tag","embeddable":true,"href":"https:\/\/www.tauli.cat\/actualitat\/wp-json\/wp\/v2\/tags?post=6594"},{"taxonomy":"tribe_events_cat","embeddable":true,"href":"https:\/\/www.tauli.cat\/actualitat\/wp-json\/wp\/v2\/tribe_events_cat?post=6594"}],"curies":[{"name":"wp","href":"https:\/\/api.w.org\/{rel}","templated":true}]}}

Innovació i accés al Sistema de Salut

<p>La Subcomissió d’Adopció de la Innovació al Sistema de Salut, coordinada per Biocat per encàrrec del Departament de Salut, ha presentat recentment un <strong>Pla Operatiu</strong> que recull les<strong> vies i mecanismes d’accés de la innovació al Sistema de Salut de Catalunya</strong> i, en última instància, poder arribar al conjunt de la població.</p>
<p>El Pla Operatiu ha generat una gran expectació entre els professionals dedicats a la <strong>generació d&#8217;innovació en el camp de la salut</strong>. Per conèixer de quina manera el pla ajudarà a donar resposta als reptes del sistema, convidem <strong>Robert Fabregat</strong>, director general de Biocat i coordinador de la Subcomissió d’Adopció de la Innovació, a la propera sessió del III Cicle de Conferències Científiques de l&#8217;I3PT.</p>
<p>Parlarem dels<strong> circuits actuals d&#8217;adopció de la innovació</strong>, de l&#8217;<strong>impacte de l&#8217;ecosistema</strong> i de la <strong>proposta de sector</strong> per avançar en aquest sentit.</p>

<p>Robert Fabregat, CEO de Biocat i coordinador de la Subcomissió d’Adopció de la Innovació, presentarà el full de ruta per millorar l&#8217;atenció a la ciutadania a partir de la innovació a la propera sessió del III Cicle de Conferències Científiques de l&#8217;I3PT.</p>
