{"id":79593,"date":"2026-02-20T10:21:32","date_gmt":"2026-02-20T09:21:32","guid":{"rendered":"https:\/\/www.tauli.cat\/actualitat\/?post_type=tribe_events&#038;p=79593"},"modified":"2026-02-20T10:21:32","modified_gmt":"2026-02-20T09:21:32","slug":"i-jornada-datencio-intermedia-del-valles-occidental","status":"publish","type":"tribe_events","link":"https:\/\/www.tauli.cat\/actualitat\/agenda\/i-jornada-datencio-intermedia-del-valles-occidental\/","title":{"rendered":"I Jornada d&#8217;Atenci\u00f3 Interm\u00e8dia del Vall\u00e8s Occidental"},"content":{"rendered":"<p>L&#8217;atenci\u00f3 interm\u00e8dia \u00e9s un \u00e0mbit estrat\u00e8gic del sistema sanitari i social, especialment en un context marcat per l&#8217;envelliment progressiu de la poblaci\u00f3 i l&#8217;augment de la cronicitat, la fragilitat i la complexitat cl\u00ednica i social.<\/p>\n<p>Amb tot, la <strong>primera jornada d&#8217;atenci\u00f3 interm\u00e8dia del Vall\u00e8s Occidental<\/strong> pret\u00e9n impulsar el treball en xarxa, la coordinaci\u00f3 territorial i la visi\u00f3 integral de l&#8217;atenci\u00f3, aix\u00ed com donar visibilitat a projectes innovadors, iniciatives de recerca i experi\u00e8ncies d&#8217;\u00e8xit desenvolupades pels mateixos equips professionals.<\/p>\n<p>L&#8217;objectiu final \u00e9s potenciar la millora cont\u00ednua de la cura i qualitat assistencial mitjan\u00e7ant una atenci\u00f3 integral, coordinada i centrada en la persona.<\/p>\n","protected":false},"excerpt":{"rendered":"<p>L&#8217;atenci\u00f3 interm\u00e8dia \u00e9s un \u00e0mbit estrat\u00e8gic del sistema sanitari i social, especialment en un context marcat per l&#8217;envelliment progressiu de la poblaci\u00f3 i l&#8217;augment de la cronicitat, la fragilitat i [&hellip;]<\/p>\n","protected":false},"author":12,"featured_media":37673,"comment_status":"closed","ping_status":"closed","template":"","meta":[],"tags":[879,1227],"tribe_events_cat":[999],"_links":{"self":[{"href":"https:\/\/www.tauli.cat\/actualitat\/wp-json\/wp\/v2\/tribe_events\/79593"}],"collection":[{"href":"https:\/\/www.tauli.cat\/actualitat\/wp-json\/wp\/v2\/tribe_events"}],"about":[{"href":"https:\/\/www.tauli.cat\/actualitat\/wp-json\/wp\/v2\/types\/tribe_events"}],"author":[{"embeddable":true,"href":"https:\/\/www.tauli.cat\/actualitat\/wp-json\/wp\/v2\/users\/12"}],"replies":[{"embeddable":true,"href":"https:\/\/www.tauli.cat\/actualitat\/wp-json\/wp\/v2\/comments?post=79593"}],"version-history":[{"count":1,"href":"https:\/\/www.tauli.cat\/actualitat\/wp-json\/wp\/v2\/tribe_events\/79593\/revisions"}],"predecessor-version":[{"id":79594,"href":"https:\/\/www.tauli.cat\/actualitat\/wp-json\/wp\/v2\/tribe_events\/79593\/revisions\/79594"}],"wp:featuredmedia":[{"embeddable":true,"href":"https:\/\/www.tauli.cat\/actualitat\/wp-json\/wp\/v2\/media\/37673"}],"wp:attachment":[{"href":"https:\/\/www.tauli.cat\/actualitat\/wp-json\/wp\/v2\/media?parent=79593"}],"wp:term":[{"taxonomy":"post_tag","embeddable":true,"href":"https:\/\/www.tauli.cat\/actualitat\/wp-json\/wp\/v2\/tags?post=79593"},{"taxonomy":"tribe_events_cat","embeddable":true,"href":"https:\/\/www.tauli.cat\/actualitat\/wp-json\/wp\/v2\/tribe_events_cat?post=79593"}],"curies":[{"name":"wp","href":"https:\/\/api.w.org\/{rel}","templated":true}]}}

I Jornada d&#8217;Atenció Intermèdia del Vallès Occidental

<p>L&#8217;atenció intermèdia és un àmbit estratègic del sistema sanitari i social, especialment en un context marcat per l&#8217;envelliment progressiu de la població i l&#8217;augment de la cronicitat, la fragilitat i la complexitat clínica i social.</p>
<p>Amb tot, la <strong>primera jornada d&#8217;atenció intermèdia del Vallès Occidental</strong> pretén impulsar el treball en xarxa, la coordinació territorial i la visió integral de l&#8217;atenció, així com donar visibilitat a projectes innovadors, iniciatives de recerca i experiències d&#8217;èxit desenvolupades pels mateixos equips professionals.</p>
<p>L&#8217;objectiu final és potenciar la millora contínua de la cura i qualitat assistencial mitjançant una atenció integral, coordinada i centrada en la persona.</p>

<p>L&#8217;atenció intermèdia és un àmbit estratègic del sistema sanitari i social, especialment en un context marcat per l&#8217;envelliment progressiu de la població i l&#8217;augment de la cronicitat, la fragilitat i [&hellip;]</p>
