{"id":10079,"date":"2023-05-29T12:59:24","date_gmt":"2023-05-29T10:59:24","guid":{"rendered":"https:\/\/www.tauli.cat\/institut\/?page_id=10079"},"modified":"2023-12-12T09:22:56","modified_gmt":"2023-12-12T08:22:56","slug":"unitat-de-suport-a-la-recerca","status":"publish","type":"page","link":"https:\/\/www.tauli.cat\/institut\/plataformes-i-serveis\/unitat-de-suport-a-la-recerca\/","title":{"rendered":"Unitat de Suport a la Recerca"},"content":{"rendered":"<div class=\"wpb-content-wrapper\">[vc_row section_id=&#8221;custom-top-tabs&#8221;][vc_column][vc_column_text el_class=&#8221;top-tabs&#8221;]\n<ul>\n<li data-hash=\"presentacio\">Presentaci\u00f3<\/li>\n<li data-hash=\"serveis\">Serveis<\/li>\n<li data-hash=\"contacte\">Contacte<\/li>\n<\/ul>\n[\/vc_column_text][\/vc_column][\/vc_row][vc_row el_class=&#8221;custom-top-tabs-content&#8221;][vc_column width=&#8221;2\/3&#8243;][vc_column_text]La Unitat de Suport a la Recerca (USR) t\u00e9 per objectiu assessorar metodol\u00f2gica i estad\u00edsticament el personal investigador, amb la finalitat de millorar la qualitat i la quantitat de la recerca biom\u00e8dica del Consorci Corporaci\u00f3 Sanit\u00e0ria Parc Taul\u00ed (CCSPT).[\/vc_column_text][\/vc_column][vc_column width=&#8221;1\/3&#8243;]\r\n\t\t<div class=\"eut-team eut-element team\" style=\"\">\r\n\t\t\t<figure>\r\n\t\t\t\t\t\t\t\t<div class=\"eut-team-person eut-media eut-align-center\">\r\n\t\t\t\t\t<img width=\"768\" height=\"512\" src=\"https:\/\/www.tauli.cat\/institut\/wp-content\/uploads\/2023\/07\/IMG_8739-768x512.jpg\" class=\"attachment-medium_large size-medium_large\" alt=\"\" decoding=\"async\" loading=\"lazy\" srcset=\"https:\/\/www.tauli.cat\/institut\/wp-content\/uploads\/2023\/07\/IMG_8739-768x512.jpg 768w, https:\/\/www.tauli.cat\/institut\/wp-content\/uploads\/2023\/07\/IMG_8739-300x200.jpg 300w, https:\/\/www.tauli.cat\/institut\/wp-content\/uploads\/2023\/07\/IMG_8739-1200x800.jpg 1200w, https:\/\/www.tauli.cat\/institut\/wp-content\/uploads\/2023\/07\/IMG_8739-600x400.jpg 600w, https:\/\/www.tauli.cat\/institut\/wp-content\/uploads\/2023\/07\/IMG_8739-1536x1024.jpg 1536w, https:\/\/www.tauli.cat\/institut\/wp-content\/uploads\/2023\/07\/IMG_8739-1920x1280.jpg 1920w\" sizes=\"(max-width: 768px) 100vw, 768px\" \/>\t\t\t\t<\/div>\r\n\t\t\t\t\t\t\t\t<figcaption>\r\n\t\t\t\t\t<div class=\"eut-team-description eut-align-center\">\r\n\t\t\t\t\t\t<div class=\"eut-team-identity eut-subtitle\">Responsable de la USR<\/div>\r\n\t\t\t\t\t\t\t\t\t\t\t\t<h5 class=\"eut-team-name\">Marc Fradera<\/h5>\r\n\t\t\t\t\t\t\t\t\t\t\t\t\t\t\t\t\t\t<p class=\"eut-team-content\"><a href=\"mailto:dprados@tauli.cat\">mfradera@tauli.cat<\/a><\/p>\r\n\t\t\t\t\t\t\t\t\t\t\t<\/div>\r\n\t\t\t\t\t\t\t\t\t<\/figcaption>\r\n\t\t\t<\/figure>\r\n\t\t<\/div>\r\n\r\n\t\t[\/vc_column][\/vc_row][vc_row el_class=&#8221;custom-top-tabs-content&#8221;][vc_column][vc_column_text]Els serveis que proporciona la USR s\u00f3n:<\/p>\n<ul>\n<li>Viabilitat econ\u00f2mica de l\u2019estudi<\/li>\n<li>Assessorament metodol\u00f2gic i d\u2019aspectes regulatoris personalitzat per al tipus d\u2019estudi<\/li>\n<li>Assessorament en el disseny i elaboraci\u00f3 del protocol<\/li>\n<li>Generaci\u00f3 de llistes d\u2019aleatoritzaci\u00f3<\/li>\n<li>Anonimitzaci\u00f3 i pseudonimitzaci\u00f3 de les dades de recerca<\/li>\n<li>Estimaci\u00f3 de la mida mostral<\/li>\n<li>Disseny i desenvolupament de quaderns de recollides de dades amb REDCap<\/li>\n<li>An\u00e0lisi bioestad\u00edstica<\/li>\n<li>Revisi\u00f3 de convocat\u00f2ries competitives<\/li>\n<li>Formaci\u00f3 a nivell metodol\u00f2gic, estad\u00edstic i bioinform\u00e0tic<\/li>\n<li>Assessorament en l\u2019elaboraci\u00f3 del pla de gesti\u00f3 de dades*<\/li>\n<li>Suport en la curaci\u00f3 del dataset pel seu dip\u00f2sit al repositori CORA.RDR*<\/li>\n<li>Gesti\u00f3 de les peticions d\u2019acc\u00e9s a les dades cl\u00edniques del Parc Taul\u00ed pel seu \u00fas en projectes de recerca i innovaci\u00f3**<\/li>\n<\/ul>\n<p>*\u00a0\u00a0 En coordinaci\u00f3 amb la Unitat de Gesti\u00f3 del Coneixement del CCSPT.<\/p>\n<p>** En coordinaci\u00f3 amb el departament d\u2019Estrat\u00e8gia i Transformaci\u00f3 Digital del CCSPT.[\/vc_column_text][\/vc_column][\/vc_row][vc_row el_class=&#8221;custom-top-tabs-content&#8221;][vc_column width=&#8221;2\/5&#8243; tablet_width=&#8221;5-12&#8243; tablet_sm_width=&#8221;5-12&#8243;][vc_column_text]\n<h4>Unitat de Suport a la Recerca<\/h4>\n<p><strong>Institut d&#8217;Investigaci\u00f3 i Innovaci\u00f3 Parc Taul\u00ed<\/strong><br \/>\nPla\u00e7a de la Torre de l&#8217;Aigua, s\/n<br \/>\n08208 Sabadell<\/p>\n<ul>\n<li class=\"icon-list mail\"><a href=\"mailto:usr@tauli.cat\">usr@tauli.cat<\/a><\/li>\n<\/ul>\n[\/vc_column_text][\/vc_column][vc_column width=&#8221;3\/5&#8243; tablet_width=&#8221;7-12&#8243; tablet_sm_width=&#8221;7-12&#8243;][vc_raw_html]JTNDaWZyYW1lJTIwc3JjJTNEJTIyaHR0cHMlM0ElMkYlMkZ3d3cuZ29vZ2xlLmNvbSUyRm1hcHMlMkZlbWJlZCUzRnBiJTNEJTIxMW0xOCUyMTFtMTIlMjExbTMlMjExZDUzMTkuNjgxMDI0MjQ0MzQzNSUyMTJkMi4xMDg5ODc4MDg4Nzc3NDgzJTIxM2Q0MS41NTY5MDc4ODA4NjM0NyUyMTJtMyUyMTFmMCUyMTJmMCUyMTNmMCUyMTNtMiUyMTFpMTAyNCUyMTJpNzY4JTIxNGYxMy4xJTIxM20zJTIxMW0yJTIxMXMweDAlMjUzQTB4OWZiYTkwZGI4MjhmNjAxYiUyMTJ6Um5WdVpHRmphY096SUZCaGNtTWdWR0YxYk1PdCUyMTVlMCUyMTNtMiUyMTFzZXMlMjEyc2VzJTIxNHYxNTc0MzU2ODQyNjc4JTIxNW0yJTIxMXNlcyUyMTJzZXMlMjIlMjB3aWR0aCUzRCUyMjEwMCUyNSUyMiUyMGhlaWdodCUzRCUyMjI4MCUyMiUyMGZyYW1lYm9yZGVyJTNEJTIyMCUyMiUyMHN0eWxlJTNEJTIyYm9yZGVyJTNBMCUzQiUyMiUyMGFsbG93ZnVsbHNjcmVlbiUzRCUyMiUyMiUzRSUzQyUyRmlmcmFtZSUzRQ==[\/vc_raw_html][\/vc_column][\/vc_row]\n<\/div>","protected":false},"excerpt":{"rendered":"<p>[vc_row section_id=&#8221;custom-top-tabs&#8221;][vc_column][vc_column_text el_class=&#8221;top-tabs&#8221;] Presentaci\u00f3 Serveis Contacte [\/vc_column_text][\/vc_column][\/vc_row][vc_row el_class=&#8221;custom-top-tabs-content&#8221;][vc_column width=&#8221;2\/3&#8243;][vc_column_text]La Unitat de Suport a la Recerca (USR) t\u00e9 per objectiu assessorar metodol\u00f2gica i estad\u00edsticament el personal investigador, amb la finalitat de millorar la qualitat i la quantitat de la recerca biom\u00e8dica del Consorci Corporaci\u00f3 Sanit\u00e0ria Parc Taul\u00ed (CCSPT).[\/vc_column_text][\/vc_column][vc_column width=&#8221;1\/3&#8243;][\/vc_column][\/vc_row][vc_row el_class=&#8221;custom-top-tabs-content&#8221;][vc_column][vc_column_text]Els serveis que proporciona la USR s\u00f3n: [&hellip;]<\/p>\n","protected":false},"author":24,"featured_media":0,"parent":2289,"menu_order":0,"comment_status":"closed","ping_status":"closed","template":"","meta":[],"_links":{"self":[{"href":"https:\/\/www.tauli.cat\/institut\/wp-json\/wp\/v2\/pages\/10079"}],"collection":[{"href":"https:\/\/www.tauli.cat\/institut\/wp-json\/wp\/v2\/pages"}],"about":[{"href":"https:\/\/www.tauli.cat\/institut\/wp-json\/wp\/v2\/types\/page"}],"author":[{"embeddable":true,"href":"https:\/\/www.tauli.cat\/institut\/wp-json\/wp\/v2\/users\/24"}],"replies":[{"embeddable":true,"href":"https:\/\/www.tauli.cat\/institut\/wp-json\/wp\/v2\/comments?post=10079"}],"version-history":[{"count":6,"href":"https:\/\/www.tauli.cat\/institut\/wp-json\/wp\/v2\/pages\/10079\/revisions"}],"predecessor-version":[{"id":12203,"href":"https:\/\/www.tauli.cat\/institut\/wp-json\/wp\/v2\/pages\/10079\/revisions\/12203"}],"up":[{"embeddable":true,"href":"https:\/\/www.tauli.cat\/institut\/wp-json\/wp\/v2\/pages\/2289"}],"wp:attachment":[{"href":"https:\/\/www.tauli.cat\/institut\/wp-json\/wp\/v2\/media?parent=10079"}],"curies":[{"name":"wp","href":"https:\/\/api.w.org\/{rel}","templated":true}]}}