{"id":10117,"date":"2023-06-12T15:27:43","date_gmt":"2023-06-12T13:27:43","guid":{"rendered":"https:\/\/www.tauli.cat\/institut\/?page_id=10117"},"modified":"2023-06-14T12:33:24","modified_gmt":"2023-06-14T10:33:24","slug":"serha","status":"publish","type":"page","link":"https:\/\/www.tauli.cat\/institut\/projectes-i-xarxes\/projectes-financats\/serha\/","title":{"rendered":"SERHA"},"content":{"rendered":"<div class=\"wpb-content-wrapper\">[vc_row][vc_column][vc_column_text]\n<h2>SERHA<\/h2>\n<h5>Patrons de senesc\u00e8ncia cel\u00b7lular i molecular en l&#8217;artritis reumatoide i estudi de la seva resposta a un s\u00e8rum aut\u00f2leg enriquit en citocines.<\/h5>\n[\/vc_column_text][vc_tta_tour][vc_tta_section title=&#8221;Presentaci\u00f3&#8221; tab_id=&#8221;objectius&#8221;][vc_column_text]\n<h2>Benvinguts a SERHA<\/h2>\n<p>L&#8217;objectiu principal del projecte SERHA \u00e9s estudiar la <strong>influ\u00e8ncia de l&#8217;envelliment en pacients amb artritis reumatoide<\/strong> (AR) i la seva <strong>influ\u00e8ncia en la fisiopatologia de la malaltia<\/strong> per <strong>millorar la vida sana de la poblaci\u00f3 envellida<\/strong>.<\/p>\n<p>A m\u00e9s, pretenem desenvolupar models \u201cin vitro\u201d per reproduir la fisiopatologia articular d&#8217;aquests pacients per provar una nova ter\u00e0pia aut\u00f2loga, basada en el plasma dels pacients, enriquida en citocines (serum autoleg ric en citoquines, SARC). Desenvoluparem un model d&#8217;articulaci\u00f3 en un xip per estudiar les interaccions cel\u00b7lulars i la fisiopatologia de l&#8217;artritis reumatoide.<\/p>\n<p>Amb aquest objectiu, s&#8217;ha constitu\u00eft un grup multidisciplinari d&#8217;investigadors b\u00e0sics i cl\u00ednics de l&#8217;I3PT, QREM i Leitat, coordinats per l&#8217;I3PT, per treballar conjuntament i avan\u00e7ar r\u00e0pidament amb els objectius proposats. El projecte SERHA s&#8217;emmarca en la recerca industrial, amb la col\u00b7laboraci\u00f3 entre un centre d&#8217;investigaci\u00f3 cl\u00ednica (I3PT), una empresa (QREM), un centre de recerca aplicada (Leitat).<\/p>\n<p>Gr\u00e0cies a la interdisciplinarietat dels socis implicats, es proposa una combinaci\u00f3 entre disciplines a nivell metodol\u00f2gic, conceptual i te\u00f2ric per donar resposta als reptes identificats en la tem\u00e0tica \u201cgeroci\u00e8ncia i geroterap\u00e8utica; base molecular de l&#8217;envelliment saludable i prevenci\u00f3 de malalties de l&#8217;envelliment\u201d de la convocat\u00f2ria \u201cProjectes de I+D+i en L\u00edneas Estrat\u00e9gicas del Ministerio de Ciencia e Innovaci\u00f3n 2022\u201d, i permetr\u00e0 desenvolupar ter\u00e0pies avan\u00e7ades innovadores i la seva transfer\u00e8ncia al pacients en un futur proper.[\/vc_column_text]<div class=\"eut-element eut-image eut-align-center\" style=\"\"><img width=\"267\" height=\"300\" src=\"https:\/\/www.tauli.cat\/institut\/wp-content\/uploads\/2023\/06\/SERHA-267x300.png\" class=\"attachment-medium size-medium\" alt=\"\" decoding=\"async\" loading=\"lazy\" srcset=\"https:\/\/www.tauli.cat\/institut\/wp-content\/uploads\/2023\/06\/SERHA-267x300.png 267w, https:\/\/www.tauli.cat\/institut\/wp-content\/uploads\/2023\/06\/SERHA-768x864.png 768w, https:\/\/www.tauli.cat\/institut\/wp-content\/uploads\/2023\/06\/SERHA-600x675.png 600w, https:\/\/www.tauli.cat\/institut\/wp-content\/uploads\/2023\/06\/SERHA.png 779w\" sizes=\"(max-width: 267px) 100vw, 267px\" \/><\/div>[vc_column_text]\n<h4>Finan\u00e7ament<\/h4>\n<p>Projecte SERha finan\u00e7at per MCIN\/AEI\/10.13039\/501100011033 i per la Uni\u00f3 Europea NextGenerationEU\/ PRTR[\/vc_column_text]<div class=\"eut-element eut-image eut-align-center\" style=\"\"><img width=\"2560\" height=\"597\" src=\"https:\/\/www.tauli.cat\/institut\/wp-content\/uploads\/2023\/06\/logos-serha-scaled.jpg\" class=\"attachment-full size-full\" alt=\"\" decoding=\"async\" loading=\"lazy\" srcset=\"https:\/\/www.tauli.cat\/institut\/wp-content\/uploads\/2023\/06\/logos-serha-scaled.jpg 2560w, https:\/\/www.tauli.cat\/institut\/wp-content\/uploads\/2023\/06\/logos-serha-300x70.jpg 300w, https:\/\/www.tauli.cat\/institut\/wp-content\/uploads\/2023\/06\/logos-serha-1200x280.jpg 1200w, https:\/\/www.tauli.cat\/institut\/wp-content\/uploads\/2023\/06\/logos-serha-768x179.jpg 768w, https:\/\/www.tauli.cat\/institut\/wp-content\/uploads\/2023\/06\/logos-serha-600x140.jpg 600w, https:\/\/www.tauli.cat\/institut\/wp-content\/uploads\/2023\/06\/logos-serha-1536x358.jpg 1536w, https:\/\/www.tauli.cat\/institut\/wp-content\/uploads\/2023\/06\/logos-serha-1920x447.jpg 1920w\" sizes=\"(max-width: 2560px) 100vw, 2560px\" \/><\/div>[\/vc_tta_section][vc_tta_section title=&#8221;Desenvolupament&#8221; tab_id=&#8221;1674115003192-820a8469-6851&#8243;][vc_column_text]\n<h2>Desenvolupament de SERHA<\/h2>\n<h4>Objectius<\/h4>\n<p><strong>SO1.<\/strong> Analitzar biomarcadors de senesc\u00e8ncia en c\u00e8l\u00b7lules mononuclears de sang perif\u00e8rica i l\u00edquid sinovial de pacients amb RA d&#8217;iniciaci\u00f3 a la tercera edat (EORA) i RA d&#8217;inici jove (YORA). Aquests biomarcadors inclouran biomarcadors de senesc\u00e8ncia (CD28), longitud telom\u00e8rica, expressi\u00f3 de citocines entre d&#8217;altres.<\/p>\n<p><strong>SO2.<\/strong> Desenvolupar models &#8220;in vitro&#8221; d&#8217;EORA, aix\u00ed com models de co-cultiu cel\u00b7lular per estudiar les interaccions cel\u00b7lulars, implicades en vies fisiopatol\u00f2giques en malalties EORA.<\/p>\n<p><strong>SO3.<\/strong> Caracteritzaci\u00f3 dels SARC, per analitzar els mecanismes d&#8217;acci\u00f3 d&#8217;aquest nou producte terap\u00e8utic i els seus efectes sobre models in vitro de RA.<\/p>\n<p><strong>SO4.<\/strong> Desenvolupament del model join on a xip, per obtenir un model fisiol\u00f2gic \u201cin vitro\u201d. Aquest model podria servir per avaluar els efectes terap\u00e8utics dels SARC<\/p>\n<p>&nbsp;<\/p>\n<h4>Cohort de pacients<\/h4>\n<p><strong>Criteris d&#8217;inclusi\u00f3:<\/strong><br \/>\nS&#8217;inclouran els pacients que signen el consentiment informat, que compleixin els criteris de classificaci\u00f3 ACR\/EULAR 2010 d&#8217;artritis reumatoide (AR) i\/o els criteris de classificaci\u00f3 RA ACR 1987. Els pacients s&#8217;estratificaran segons l&#8217;edat i l&#8217;activitat cl\u00ednica.<\/p>\n<p><strong>Definici\u00f3 d&#8217;estratificaci\u00f3 per edat (segons l&#8217;edat de debut de l&#8217;AR):<\/strong><\/p>\n<p>&#8211; Si \u226560 anys: artritis reumatoide d&#8217;iniciaci\u00f3 a la gent gran (EORA)<\/p>\n<p>&#8211; Si &lt;60 anys: artritis reumatoide d&#8217;inici jove (YORA)<\/p>\n<p><strong>Definici\u00f3 d&#8217;activitat inflamat\u00f2ria:<\/strong><\/p>\n<p>&#8211; Activitat inflamat\u00f2ria activa: pacients amb DAS28PCR \u22652,6, amb una durada inferior a un any des de l&#8217;inici dels s\u00edmptomes i que no hagin pres dosis superiors a 5 mg de prednisona o f\u00e0rmacs antireum\u00e0tics modificadors de la malaltia (FAME).<\/p>\n<p>&#8211; Remissi\u00f3 cl\u00ednica: DAS28PCR &lt;2,6, idealment en aquells pacients en els quals hem indu\u00eft remissi\u00f3 dins del temps d&#8217;observaci\u00f3 de l&#8217;estudi.<\/p>\n<p><strong>Definici\u00f3 de seropositivitat:<\/strong><\/p>\n<p>-Seropositiu: positivitat ACPA provada per prova ELISA o quimioluminesc\u00e8ncia (CCP2) i\/o positivitat del factor reumatoide (ELISA, nefelometria o quimioluminesc\u00e8ncia)<\/p>\n<p>-Seronegatius: aquells pacients amb negativitat ACPA provada per prova ELISA o quimioluminesc\u00e8ncia (CCP2) i negativitat del factor reumatoide (ELISA, nefelometria o quimioluminesc\u00e8ncia)<\/p>\n<p><strong>Com a esquema de pacients a reclutar:<\/strong><\/p>\n<p>&#8211; 15 FR i\/o ACPA EORA seropositiu en estat inflamatori<br \/>\n&#8211; 15 FR i\/o ACPA EORA seropositiu en estat de remissi\u00f3<br \/>\n&#8211; 15 FR i\/o ACPA seronegatiu EORA en estat inflamatori<br \/>\n&#8211; 15 FR i\/o ACPA seronegatiu EORA en estat de remissi\u00f3<br \/>\n&#8211; 15 YORA en estat inflamatori<br \/>\n&#8211; 15 YORA en remissi\u00f3<br \/>\n&#8211; 15 pacients amb osteoartritis<br \/>\n&#8211; 15 controls saludables coincidents per edat amb els 15 EORA<br \/>\n&#8211; 15 controls saludables coincidents per edat amb els 15 YORA<\/p>\n<h4>Cohort de control<\/h4>\n<p>Com a grup control sense artritis, els pacients de la cohort d&#8217;osteoartritis de la H.U. Es contractar\u00e0 el Parc Taul\u00ed, mentre que els controls sans d&#8217;edat (\u226560 anys) i joves (&lt;60 anys) del Banc de sang i teixits (BST) i de l&#8217;H.U. Parc Taul\u00ed.<\/p>\n<h4>Les mostres a recollir<\/h4>\n<p>A l&#8217;Hospital Parc Taul\u00ed es recolliran mostres de sang i l\u00edquid sinovial de pacients amb EORA (n=60), YORA (n=30), osteoartritis (n=15), per obtenir plasma, PBMC, SARC i LS i LSMC.<\/p>\n<p>De donants de sang (BST) i de l&#8217;H.U.Parc Taul\u00ed s&#8217;obtindran controls saludables per edats per obtenir plasma, PBMC i SARC.[\/vc_column_text][\/vc_tta_section][vc_tta_section title=&#8221;Centres participants&#8221; tab_id=&#8221;resultats&#8221;][vc_column_text]\n<h2>Centres participants<\/h2>\n<ul>\n<li>Institut d&#8217;Investigaci\u00f3 i Innovaci\u00f3 Parc Taul\u00ed (Sabadell)<\/li>\n<li>Qrem<\/li>\n<li>Leitat<\/li>\n<\/ul>\n[\/vc_column_text]<div class=\"eut-element eut-image eut-align-center\" style=\"\"><img width=\"825\" height=\"720\" src=\"https:\/\/www.tauli.cat\/institut\/wp-content\/uploads\/2023\/06\/serha-centres.png\" class=\"attachment-full size-full\" alt=\"\" decoding=\"async\" loading=\"lazy\" srcset=\"https:\/\/www.tauli.cat\/institut\/wp-content\/uploads\/2023\/06\/serha-centres.png 825w, https:\/\/www.tauli.cat\/institut\/wp-content\/uploads\/2023\/06\/serha-centres-300x262.png 300w, https:\/\/www.tauli.cat\/institut\/wp-content\/uploads\/2023\/06\/serha-centres-768x670.png 768w, https:\/\/www.tauli.cat\/institut\/wp-content\/uploads\/2023\/06\/serha-centres-600x524.png 600w\" sizes=\"(max-width: 825px) 100vw, 825px\" \/><\/div>[\/vc_tta_section][vc_tta_section title=&#8221;Contacte&#8221; tab_id=&#8221;1674053638562-80a42ced-3a6c&#8221;][vc_column_text]\n<h2>Contacte<\/h2>\n[\/vc_column_text]<div class=\"eut-element eut-box-icon eut-align-center eut-medium\" style=\"\"><a href=\"mailto:acarrerasn@tauli.cat\" target=\"_blank\">  <div class=\"eut-wrapper-icon eut-no-shape eut-color-grey\"><i class=\"fa fa-envelope eut-color-primary-1\"><\/i><\/div><\/a>  <div class=\"eut-box-content\"><a href=\"mailto:acarrerasn@tauli.cat\" target=\"_blank\">      <h5 class=\"eut-box-title\">Tens algun dubte o suggeriment? Escriu-nos!<\/h5><\/a>    <p class=\"\">acarrerasn@tauli.cat<\/p>  <\/div><\/div>[\/vc_tta_section][\/vc_tta_tour][\/vc_column][\/vc_row]\n<\/div>","protected":false},"excerpt":{"rendered":"<p>[vc_row][vc_column][vc_column_text] SERHA Patrons de senesc\u00e8ncia cel\u00b7lular i molecular en l&#8217;artritis reumatoide i estudi de la seva resposta a un s\u00e8rum aut\u00f2leg enriquit en citocines. [\/vc_column_text][vc_tta_tour][vc_tta_section title=&#8221;Presentaci\u00f3&#8221; tab_id=&#8221;objectius&#8221;][vc_column_text] Benvinguts a SERHA L&#8217;objectiu principal del projecte SERHA \u00e9s estudiar la influ\u00e8ncia de l&#8217;envelliment en pacients amb artritis reumatoide (AR) i la seva influ\u00e8ncia en la fisiopatologia de [&hellip;]<\/p>\n","protected":false},"author":24,"featured_media":0,"parent":166,"menu_order":0,"comment_status":"closed","ping_status":"closed","template":"","meta":[],"_links":{"self":[{"href":"https:\/\/www.tauli.cat\/institut\/wp-json\/wp\/v2\/pages\/10117"}],"collection":[{"href":"https:\/\/www.tauli.cat\/institut\/wp-json\/wp\/v2\/pages"}],"about":[{"href":"https:\/\/www.tauli.cat\/institut\/wp-json\/wp\/v2\/types\/page"}],"author":[{"embeddable":true,"href":"https:\/\/www.tauli.cat\/institut\/wp-json\/wp\/v2\/users\/24"}],"replies":[{"embeddable":true,"href":"https:\/\/www.tauli.cat\/institut\/wp-json\/wp\/v2\/comments?post=10117"}],"version-history":[{"count":6,"href":"https:\/\/www.tauli.cat\/institut\/wp-json\/wp\/v2\/pages\/10117\/revisions"}],"predecessor-version":[{"id":10123,"href":"https:\/\/www.tauli.cat\/institut\/wp-json\/wp\/v2\/pages\/10117\/revisions\/10123"}],"up":[{"embeddable":true,"href":"https:\/\/www.tauli.cat\/institut\/wp-json\/wp\/v2\/pages\/166"}],"wp:attachment":[{"href":"https:\/\/www.tauli.cat\/institut\/wp-json\/wp\/v2\/media?parent=10117"}],"curies":[{"name":"wp","href":"https:\/\/api.w.org\/{rel}","templated":true}]}}