{"id":10404,"date":"2023-08-30T13:39:38","date_gmt":"2023-08-30T11:39:38","guid":{"rendered":"https:\/\/www.tauli.cat\/institut\/?page_id=10404"},"modified":"2023-10-02T09:22:36","modified_gmt":"2023-10-02T07:22:36","slug":"esdeveniments","status":"publish","type":"page","link":"https:\/\/www.tauli.cat\/institut\/colabora\/esdeveniments\/","title":{"rendered":"Organitza esdeveniments solidaris"},"content":{"rendered":"<div class=\"wpb-content-wrapper\">[vc_row bg_type=&#8221;image&#8221; bg_image=&#8221;10406&#8243; bg_image_type=&#8221;animated&#8221; color_overlay=&#8221;dark&#8221; opacity_overlay=&#8221;40&#8243; padding_top=&#8221;60px&#8221; padding_bottom=&#8221;60px&#8221; el_class=&#8221;header-section&#8221;][vc_column][vc_raw_html el_class=&#8221;custom-breadcrumb&#8221;]JTNDZGl2JTIwY2xhc3MlM0QlMjJicmVhZGNydW1icyUyMiUyMHR5cGVvZiUzRCUyMkJyZWFkY3J1bWJMaXN0JTIyJTIwdm9jYWIlM0QlMjJodHRwcyUzQSUyRiUyRnNjaGVtYS5vcmclMkYlMjIlM0UlMEElMDklMDklMDklMDklMDklM0MlMjEtLSUyMEJyZWFkY3J1bWIlMjBOYXZYVCUyMDYuNC4wJTIwLS0lM0UlMEElM0NzcGFuJTIwcHJvcGVydHklM0QlMjJpdGVtTGlzdEVsZW1lbnQlMjIlMjB0eXBlb2YlM0QlMjJMaXN0SXRlbSUyMiUzRSUzQ2ElMjBwcm9wZXJ0eSUzRCUyMml0ZW0lMjIlMjB0eXBlb2YlM0QlMjJXZWJQYWdlJTIyJTIwdGl0bGUlM0QlMjJWJUMzJUE5cyUyMGElMjBQYXJjJTIwVGF1bCVDMyVBRCUyMEkzUFQuJTIyJTIwaHJlZiUzRCUyMmh0dHAlM0ElMkYlMkZ3d3cudGF1bGkuY2F0JTJGaW5zdGl0dXQlMjIlMjBjbGFzcyUzRCUyMmhvbWUlMjIlM0UlM0NzcGFuJTIwcHJvcGVydHklM0QlMjJuYW1lJTIyJTNFSW5pY2klM0MlMkZzcGFuJTNFJTNDJTJGYSUzRSUzQ21ldGElMjBwcm9wZXJ0eSUzRCUyMnBvc2l0aW9uJTIyJTIwY29udGVudCUzRCUyMjElMjIlM0UlM0MlMkZzcGFuJTNFJTIwJTI2Z3QlM0IlMjAlM0NzcGFuJTIwcHJvcGVydHklM0QlMjJpdGVtTGlzdEVsZW1lbnQlMjIlMjB0eXBlb2YlM0QlMjJMaXN0SXRlbSUyMiUzRSUzQ2ElMjBwcm9wZXJ0eSUzRCUyMml0ZW0lMjIlMjB0eXBlb2YlM0QlMjJXZWJQYWdlJTIyJTIwdGl0bGUlM0QlMjJWJUMzJUE5cyUyMGElMjBDb2wlQzIlQjdsYWJvcmEuJTIyJTIwaHJlZiUzRCUyMmh0dHAlM0ElMkYlMkZ3d3cudGF1bGkuY2F0JTJGaW5zdGl0dXQlMkZjb2xhYm9yYSUyRiUyMiUyMGNsYXNzJTNEJTIycG9zdCUyMHBvc3QtcGFnZSUyMiUzRSUzQ3NwYW4lMjBwcm9wZXJ0eSUzRCUyMm5hbWUlMjIlM0VDb2wlQzIlQjdsYWJvcmElM0MlMkZzcGFuJTNFJTNDJTJGYSUzRSUzQ21ldGElMjBwcm9wZXJ0eSUzRCUyMnBvc2l0aW9uJTIyJTIwY29udGVudCUzRCUyMjIlMjIlM0UlM0MlMkZzcGFuJTNFJTIwJTI2Z3QlM0IlMjAlM0NzcGFuJTIwY2xhc3MlM0QlMjJwb3N0JTIwcG9zdC1wYWdlJTIwY3VycmVudC1pdGVtJTIyJTNFQWx0cmVzJTIwbWFuZXJlcyUyMGRlJTIwY29sJUMyJUI3bGFib3JhciUzQyUyRnNwYW4lM0UlMjAlMjAlMjAlMjAlMjAlMjAlMjAlMjAlMjAlMjAlMjAlMjAlMjAlMjAlMjAlMjAlM0MlMkZkaXYlM0U=[\/vc_raw_html][vc_custom_heading source=&#8221;post_title&#8221; font_container=&#8221;tag:h1|text_align:left|color:%23ffffff&#8221; use_theme_fonts=&#8221;yes&#8221;][vc_row_inner][vc_column_inner width=&#8221;2\/3&#8243; tablet_width=&#8221;1&#8243;][vc_custom_heading text=&#8221;Sigui quin sigui el teu inter\u00e8s o passi\u00f3, tens l&#8217;oportunitat de convertir-ho en una oportunitat per recaptar fons i donar suport a la nostra missi\u00f3. A l&#8217;apartat &#8220;Organitza esdeveniments solidaris&#8220; pots planificar i organitzar el teu propi esdeveniment amb finalitats solid\u00e0ries en favor de la recerca que fem al Parc Taul\u00ed.&#8221; font_container=&#8221;tag:h4|text_align:left|color:%23ffffff&#8221; use_theme_fonts=&#8221;yes&#8221; css_animation=&#8221;fadeInDown&#8221; css=&#8221;.vc_custom_1696231245042{margin-bottom: 0px !important;}&#8221;][\/vc_column_inner][\/vc_row_inner][\/vc_column][\/vc_row][vc_row el_class=&#8221;donacio-rdi&#8221;][vc_column width=&#8221;2\/3&#8243;][vc_column_text css=&#8221;.vc_custom_1696231352511{margin-bottom: 60px !important;}&#8221;]\n<h3>Com fer-ho?<\/h3>\n<ol>\n<li><strong>Estableix un objectiu<\/strong><b><br \/>\n<\/b>Determina l&#8217;objectiu espec\u00edfic dels esdeveniments solidaris en benefici del Parc Taul\u00ed. Potser vols recaptar fons per a un projecte espec\u00edfic, donar suport a una \u00e0rea de recerca o l\u00ednia espec\u00edfica o fomentar el desenvolupament del talent.<\/li>\n<li><strong>Tria el tipus d&#8217;esdeveniment que desitges organitzar<\/strong><b><br \/>\n<\/b>Podria ser una cursa solid\u00e0ria, un concert ben\u00e8fic, una subhasta d&#8217;art, un sopar de gala o qualsevol altra activitat que pugui reunir persones interessades en donar suport a la nostra causa. El teu esdeveniment pot ser tan creatiu i \u00fanic com desitgis!<\/li>\n<li><strong>Planifiquem plegats<\/strong><b><br \/>\n<\/b>Comparteix la teva proposta amb nosaltres i establim una planificaci\u00f3. Definim una data i et donarem suport en la captaci\u00f3 de fons per a la causa que t&#8217;apassiona.<\/li>\n<\/ol>\n<h3>Qu\u00e8 aconsegueixes?<\/h3>\n<p>Quan organitzes un esdeveniment solidari en benefici del Parc Taul\u00ed, aix\u00f2 t\u00e9 un impacte directe en les vides de moltes persones. Els fons recaptats contribuiran a finan\u00e7ar projectes d\u2019investigaci\u00f3, a millorar les nostres instal\u00b7lacions assistencials i a impulsar la innovaci\u00f3 i el desenvolupament en l\u2019\u00e0mbit de la salut. Cada donaci\u00f3 compta i ens ajuda a continuar proporcionant una atenci\u00f3 m\u00e8dica de qualitat i a impulsar descobriments cient\u00edfics que poden canviar vides.<\/p>\n<p>Junts, podem millorar el benestar de les persones i contribuir a impulsar la investigaci\u00f3 i la innovaci\u00f3 en el camp de la salut de la nostra poblaci\u00f3 de refer\u00e8ncia del Parc Taul\u00ed. Contacta\u2019ns avui mateix per a m\u00e9s informaci\u00f3 i comen\u00e7ar el teu viatge com a organitzador d\u2019un esdeveniment solidari en benefici del Parc Taul\u00ed.<\/p>\n<p>Organitza un esdeveniment solidari per al Parc Taul\u00ed avui mateix! Canvia vides![\/vc_column_text]<div class=\"eut-element eut-image-text\" style=\"\"><div class=\"eut-image\"><img width=\"387\" height=\"215\" src=\"https:\/\/www.tauli.cat\/institut\/wp-content\/uploads\/2023\/08\/sabadell-corre-pels-nens.jpg\" class=\"attachment-full size-full\" alt=\"\" decoding=\"async\" loading=\"lazy\" srcset=\"https:\/\/www.tauli.cat\/institut\/wp-content\/uploads\/2023\/08\/sabadell-corre-pels-nens.jpg 387w, https:\/\/www.tauli.cat\/institut\/wp-content\/uploads\/2023\/08\/sabadell-corre-pels-nens-300x167.jpg 300w\" sizes=\"(max-width: 387px) 100vw, 387px\" \/><\/div>  <div class=\"eut-content eut-align-left\"><h4>Sabadell Corre Pels Nens i Nenes<\/h4>  <p>Exemple d&#8217;activitat solid\u00e0ria<\/p>    <a href=\"https:\/\/www.tauli.cat\/actualitat\/noticia\/2023\/02\/la-cursa-sabadell-corre-pels-nens-i-nenes-2023-es-fara-en-benefici-de-lhumanitzacio-dels-espais-de-salut-mental-infantojuvenil-del-parc-tauli\/\" target=\"_blank\" class=\"eut-read-more \">M\u00e9s informaci\u00f3<\/a>  <\/div><\/div>[\/vc_column][vc_column width=&#8221;1\/3&#8243;]<div class=\"eut-element eut-box eut-align-center\" style=\"\"><div class=\"eut-media\"><a href=\"http:\/\/www.tauli.cat\/institut\/colabora\/donacio\/?projecte=2\" target=\"_self\"><img width=\"512\" height=\"512\" src=\"https:\/\/www.tauli.cat\/institut\/wp-content\/uploads\/2020\/04\/donacion.png\" class=\"attachment-full size-full\" alt=\"\" decoding=\"async\" loading=\"lazy\" srcset=\"https:\/\/www.tauli.cat\/institut\/wp-content\/uploads\/2020\/04\/donacion.png 512w, https:\/\/www.tauli.cat\/institut\/wp-content\/uploads\/2020\/04\/donacion-300x300.png 300w, https:\/\/www.tauli.cat\/institut\/wp-content\/uploads\/2020\/04\/donacion-150x150.png 150w, https:\/\/www.tauli.cat\/institut\/wp-content\/uploads\/2020\/04\/donacion-100x100.png 100w\" sizes=\"(max-width: 512px) 100vw, 512px\" \/><\/a><\/div>  <div class=\"eut-box-content\">    <a href=\"http:\/\/www.tauli.cat\/institut\/colabora\/donacio\/?projecte=2\" target=\"_self\"><h4 class=\"eut-box-title\">Fes la teva donaci\u00f3!<\/h4>    <\/a>    <p><\/p>  <\/div><\/div>[\/vc_column][\/vc_row]\n<\/div>","protected":false},"excerpt":{"rendered":"<p>[vc_row bg_type=&#8221;image&#8221; bg_image=&#8221;10406&#8243; bg_image_type=&#8221;animated&#8221; color_overlay=&#8221;dark&#8221; opacity_overlay=&#8221;40&#8243; padding_top=&#8221;60px&#8221; padding_bottom=&#8221;60px&#8221; el_class=&#8221;header-section&#8221;][vc_column][vc_raw_html el_class=&#8221;custom-breadcrumb&#8221;]JTNDZGl2JTIwY2xhc3MlM0QlMjJicmVhZGNydW1icyUyMiUyMHR5cGVvZiUzRCUyMkJyZWFkY3J1bWJMaXN0JTIyJTIwdm9jYWIlM0QlMjJodHRwcyUzQSUyRiUyRnNjaGVtYS5vcmclMkYlMjIlM0UlMEElMDklMDklMDklMDklMDklM0MlMjEtLSUyMEJyZWFkY3J1bWIlMjBOYXZYVCUyMDYuNC4wJTIwLS0lM0UlMEElM0NzcGFuJTIwcHJvcGVydHklM0QlMjJpdGVtTGlzdEVsZW1lbnQlMjIlMjB0eXBlb2YlM0QlMjJMaXN0SXRlbSUyMiUzRSUzQ2ElMjBwcm9wZXJ0eSUzRCUyMml0ZW0lMjIlMjB0eXBlb2YlM0QlMjJXZWJQYWdlJTIyJTIwdGl0bGUlM0QlMjJWJUMzJUE5cyUyMGElMjBQYXJjJTIwVGF1bCVDMyVBRCUyMEkzUFQuJTIyJTIwaHJlZiUzRCUyMmh0dHAlM0ElMkYlMkZ3d3cudGF1bGkuY2F0JTJGaW5zdGl0dXQlMjIlMjBjbGFzcyUzRCUyMmhvbWUlMjIlM0UlM0NzcGFuJTIwcHJvcGVydHklM0QlMjJuYW1lJTIyJTNFSW5pY2klM0MlMkZzcGFuJTNFJTNDJTJGYSUzRSUzQ21ldGElMjBwcm9wZXJ0eSUzRCUyMnBvc2l0aW9uJTIyJTIwY29udGVudCUzRCUyMjElMjIlM0UlM0MlMkZzcGFuJTNFJTIwJTI2Z3QlM0IlMjAlM0NzcGFuJTIwcHJvcGVydHklM0QlMjJpdGVtTGlzdEVsZW1lbnQlMjIlMjB0eXBlb2YlM0QlMjJMaXN0SXRlbSUyMiUzRSUzQ2ElMjBwcm9wZXJ0eSUzRCUyMml0ZW0lMjIlMjB0eXBlb2YlM0QlMjJXZWJQYWdlJTIyJTIwdGl0bGUlM0QlMjJWJUMzJUE5cyUyMGElMjBDb2wlQzIlQjdsYWJvcmEuJTIyJTIwaHJlZiUzRCUyMmh0dHAlM0ElMkYlMkZ3d3cudGF1bGkuY2F0JTJGaW5zdGl0dXQlMkZjb2xhYm9yYSUyRiUyMiUyMGNsYXNzJTNEJTIycG9zdCUyMHBvc3QtcGFnZSUyMiUzRSUzQ3NwYW4lMjBwcm9wZXJ0eSUzRCUyMm5hbWUlMjIlM0VDb2wlQzIlQjdsYWJvcmElM0MlMkZzcGFuJTNFJTNDJTJGYSUzRSUzQ21ldGElMjBwcm9wZXJ0eSUzRCUyMnBvc2l0aW9uJTIyJTIwY29udGVudCUzRCUyMjIlMjIlM0UlM0MlMkZzcGFuJTNFJTIwJTI2Z3QlM0IlMjAlM0NzcGFuJTIwY2xhc3MlM0QlMjJwb3N0JTIwcG9zdC1wYWdlJTIwY3VycmVudC1pdGVtJTIyJTNFQWx0cmVzJTIwbWFuZXJlcyUyMGRlJTIwY29sJUMyJUI3bGFib3JhciUzQyUyRnNwYW4lM0UlMjAlMjAlMjAlMjAlMjAlMjAlMjAlMjAlMjAlMjAlMjAlMjAlMjAlMjAlMjAlMjAlM0MlMkZkaXYlM0U=[\/vc_raw_html][vc_custom_heading source=&#8221;post_title&#8221; font_container=&#8221;tag:h1|text_align:left|color:%23ffffff&#8221; use_theme_fonts=&#8221;yes&#8221;][vc_row_inner][vc_column_inner width=&#8221;2\/3&#8243; tablet_width=&#8221;1&#8243;][vc_custom_heading text=&#8221;Sigui quin sigui el teu inter\u00e8s o passi\u00f3, tens l&#8217;oportunitat de convertir-ho en una oportunitat per recaptar fons i donar suport a la nostra missi\u00f3. A l&#8217;apartat &#8220;Organitza esdeveniments solidaris&#8220; pots planificar i organitzar el teu propi esdeveniment amb finalitats [&hellip;]<\/p>\n","protected":false},"author":1,"featured_media":0,"parent":569,"menu_order":0,"comment_status":"closed","ping_status":"closed","template":"","meta":[],"_links":{"self":[{"href":"https:\/\/www.tauli.cat\/institut\/wp-json\/wp\/v2\/pages\/10404"}],"collection":[{"href":"https:\/\/www.tauli.cat\/institut\/wp-json\/wp\/v2\/pages"}],"about":[{"href":"https:\/\/www.tauli.cat\/institut\/wp-json\/wp\/v2\/types\/page"}],"author":[{"embeddable":true,"href":"https:\/\/www.tauli.cat\/institut\/wp-json\/wp\/v2\/users\/1"}],"replies":[{"embeddable":true,"href":"https:\/\/www.tauli.cat\/institut\/wp-json\/wp\/v2\/comments?post=10404"}],"version-history":[{"count":12,"href":"https:\/\/www.tauli.cat\/institut\/wp-json\/wp\/v2\/pages\/10404\/revisions"}],"predecessor-version":[{"id":10674,"href":"https:\/\/www.tauli.cat\/institut\/wp-json\/wp\/v2\/pages\/10404\/revisions\/10674"}],"up":[{"embeddable":true,"href":"https:\/\/www.tauli.cat\/institut\/wp-json\/wp\/v2\/pages\/569"}],"wp:attachment":[{"href":"https:\/\/www.tauli.cat\/institut\/wp-json\/wp\/v2\/media?parent=10404"}],"curies":[{"name":"wp","href":"https:\/\/api.w.org\/{rel}","templated":true}]}}