{"id":1450,"date":"2020-03-20T20:09:19","date_gmt":"2020-03-20T19:09:19","guid":{"rendered":"http:\/\/www.tauli.cat\/institut\/?page_id=1450"},"modified":"2021-04-16T17:40:58","modified_gmt":"2021-04-16T15:40:58","slug":"covid-3d","status":"publish","type":"page","link":"https:\/\/www.tauli.cat\/institut\/plataformes-i-serveis\/laboratori-3d\/covid-3d\/","title":{"rendered":"COVID-19: Desc\u00e0rrega i sol\u00b7licitud de material 3D"},"content":{"rendered":"<div class=\"wpb-content-wrapper\">[vc_row el_class=&#8221;flex-columns&#8221;][vc_column width=&#8221;1\/2&#8243;][vc_raw_html el_class=&#8221;h3d&#8221;]JTNDaDMlM0UlM0NhJTIwaHJlZiUzRCUyMmh0dHAlM0ElMkYlMkZ3d3cudGF1bGkuY2F0JTJGaW5zdGl0dXQlMkZwbGFuaWZpY2FjaW8tcXVpcnVyZ2ljYS1pbXByZXNzaW8tM2QlMkZjb3ZpZC0zZCUyRmNhdGFsZWclMkYlMjIlM0UlM0NpJTIwY2xhc3MlM0QlMjJmYSUyMGZhLWN1YmUlMjBldXQtY29sb3Itd2hpdGUlMjIlM0UlM0MlMkZpJTNFQ2F0JUMzJUEwbGVnJTIwZGUlMjBwZWNlcyUzQyUyRmElM0UlM0MlMkZoMyUzRQ==[\/vc_raw_html][vc_raw_html el_class=&#8221;h3d&#8221;]JTNDaDMlM0UlM0NhJTIwaHJlZiUzRCUyMmh0dHAlM0ElMkYlMkZ3d3cudGF1bGkuY2F0JTJGaW5zdGl0dXQlMkZwbGFuaWZpY2FjaW8tcXVpcnVyZ2ljYS1pbXByZXNzaW8tM2QlMkZjb3ZpZC0zZCUyRnNvbGljaXR1ZC11bml0YXRzJTJGJTIyJTNFJTNDaSUyMGNsYXNzJTNEJTIyZmElMjBmYS13cGZvcm1zJTIwZXV0LWNvbG9yLXdoaXRlJTIyJTNFJTNDJTJGaSUzRVNvbCVDMiVCN2xpY2l0dWQlMjBkJTI3dW5pdGF0cyUzQyUyRmElM0UlM0MlMkZoMyUzRQ==[\/vc_raw_html][\/vc_column][vc_column width=&#8221;1\/2&#8243;][vc_column_text css=&#8221;.vc_custom_1585739885154{margin-top: 10px !important;margin-bottom: 0px !important;}&#8221;]\n<ul style=\"margin-bottom: 0;\">\n<li class=\"icon-list link\" style=\"margin-bottom: 5px;\"><a href=\"https:\/\/www.tauli.cat\/institut\/colabora\/lluita-covid-3d\/\" target=\"_self\" rel=\"noopener noreferrer\">Tamb\u00e9 ens pots ajudar sense imprimir peces: uneix-te a la lluita 3D!<\/a><\/li>\n<\/ul>\n[\/vc_column_text][\/vc_column][\/vc_row][vc_row section_id=&#8221;comunicat&#8221;][vc_column][vc_row_inner][vc_column_inner width=&#8221;1\/2&#8243;][vc_custom_heading text=&#8221;COMUNICAT IMPORTANT PER A HOSPITALS, EMPRESES I PARTICULARS&#8221; font_container=&#8221;tag:h4|text_align:left|color:%239c4266&#8243; use_theme_fonts=&#8221;yes&#8221;][vc_column_text]El Laboratori 3D del Parc Taul\u00ed se suma a la\u00a0<a href=\"https:\/\/www.tauli.cat\/tauli\/informacio-corporativa\/sala-de-premsa\/noticies\/39-corporacio-sanitaria-parc-tauli\/1094-els-experts-del-laboratori-3d-del-parc-taul%C3%AD-validen-cl%C3%ADnicament-nous-prototips-per-imprimir-peces-per-a-%C3%BAs-sanitari-per-ajudar-en-la-pand%C3%A8mia-per-coronavirus\" target=\"_blank\" rel=\"noopener noreferrer\">iniciativa sorgida a les xarxes per facilitar que la comunitat 3D es posi a disposici\u00f3 de l\u2019erradicaci\u00f3 de la pand\u00e8mia per Coronavirus SARS-CoV-2<\/a>. Com a centre expert en aplicaci\u00f3 m\u00e8dica d\u2019impressi\u00f3 3D, s\u2019ha realitzat una validaci\u00f3 d\u2019utilitat cl\u00ednica de les peces i es posa a disposici\u00f3 a la comunitat 3D el <a href=\"https:\/\/www.tauli.cat\/institut\/planificacio-quirurgica-impressio-3d\/covid-3d\/cataleg\/\">cat\u00e0leg<\/a> amb els par\u00e0metres t\u00e8cnics de disseny, requeriments de material i par\u00e0metres d\u2019impressi\u00f3. Aix\u00ed mateix, estan disponibles per descarregar els arxius STL de cada pe\u00e7a validada. <strong>Les empreses poden descarregar-se els dissenys, at\u00e8s que est\u00e0 autoritzat el seu \u00fas lliure, podent produir i distribuir sota la seva responsabilitat.<\/strong><\/p>\n<p>En aquest web, s\u2019ha alliberat el disseny de material m\u00e8dic amb l\u2019objectiu de proveir els hospitals que s\u2019han quedat sense el subministre convencional degut a l\u2019augment de la demanda per la situaci\u00f3 actual. Nom\u00e9s les <strong>ger\u00e8ncies<\/strong> o els <strong>departaments de compres<\/strong> dels <strong>hospitals<\/strong> poden <a href=\"https:\/\/www.tauli.cat\/institut\/planificacio-quirurgica-impressio-3d\/covid-3d\/solicitud-unitats\/\">sol\u00b7licitar les peces directament per mitj\u00e0 del formulari d\u2019aquest espai<\/a>.<\/p>\n<p>El Laboratori 3D del Parc Tauli, tamb\u00e9 pot rebre sol\u00b7licituds de peces fora del cat\u00e0leg actual a trav\u00e9s del mateix formulari, des d\u2019on s\u2019estudia la viabilitat del disseny i la fabricaci\u00f3 mitjan\u00e7ant la impressi\u00f3 3D.<\/p>\n<p>El <strong>Col\u00b7legi Oficial de Metges de Barcelona (COMB)<\/strong> est\u00e0 coordinat amb el laboratori 3D del Parc Taul\u00ed per gestionar les comandes i la distribuci\u00f3 de material de manera m\u00e9s adequada en tots els hospitals de Catalunya. Tamb\u00e9 ha habilitat un servei de log\u00edstica i emmagatzematge dels productes fabricats pels diferents prove\u00efdors.<\/p>\n<p>El <strong>Col\u00b7legi Oficial d\u2019Enginyers Industrials de Catalunya (EIC)<\/strong> assumir\u00e0 la coordinaci\u00f3 oficial del canal de producci\u00f3 adequat a la demanda que s\u2019ha anat generant. Les <strong>empreses especialitzades en fabricaci\u00f3 de producte mitjan\u00e7ant impressi\u00f3 3D<\/strong> que vulguin col\u00b7laborar oferint la seva capacitat d\u2019impressi\u00f3 poden adre\u00e7ar-se formalment a trav\u00e9s del correu habilitat per l\u2019EIC <a href=\"mailto:coordinaciocovid19-i3pt@mail.eic.cat\">coordinaciocovid19-i3pt@mail.eic.cat<\/a>, des d\u2019on es coordina la totalitat de la fabricaci\u00f3. Volem transmetre un missatge de paci\u00e8ncia i tranquil\u00b7litat. El volum i tipus de peces per impressi\u00f3 dependr\u00e0 de la demanda. Recomanem esperar instruccions per part de l\u2019equip de producci\u00f3 per tal de no malbaratar recursos.<\/p>\n<p>\u00c9s d\u2019agrair la voluntat de participaci\u00f3 dels <strong>usuaris particulars<\/strong>. No obstant, la impressi\u00f3 per part de particulars no pot garantir el compliment dels requisits de qualitat sanit\u00e0ria en la fabricaci\u00f3 dels productes. Paral\u00b7lelament, s\u2019estan organitzant accions coordinades a trav\u00e9s dels ajuntaments per si m\u00e9s endavant requerim l\u2019ajuda de particulars.<\/p>\n<p>Volem agrair l\u2019ajuda i voluntat de sumar que han mostrat tots els integrants del grup 3dCovid19 ja que en una setmana han sigut capa\u00e7os de crear una xarxa de col\u00b7laboraci\u00f3 entre tots els fabricants 3D de manera totalment altruista.[\/vc_column_text][\/vc_column_inner][vc_column_inner width=&#8221;1\/2&#8243;][vc_custom_heading text=&#8221;CIRCUIT DE SOL\u00b7LICITUD DE PECES 3D&#8221; font_container=&#8221;tag:h4|text_align:left|color:%239c4266&#8243; use_theme_fonts=&#8221;yes&#8221;]<div class=\"eut-element eut-box-icon eut-align-left eut-small eut-with-shape\" style=\"margin-bottom: 35px;\">  <div class=\"eut-wrapper-icon eut-simple eut-circle eut-bg-primary-1\"><i class=\"fa fa-hospital-o eut-color-white\"><\/i><\/div>  <div class=\"eut-box-content\">    <p class=\"\">Ger\u00e8ncies o departaments de compres dels hospitals sol\u00b7liciten peces mitjan\u00e7ant el formulari. Poden ser peces del cat\u00e0leg o altres.<\/p>  <\/div><\/div><div class=\"eut-element eut-box-icon eut-align-left eut-small\" style=\"margin-bottom: 35px;\"><div class=\"eut-image-icon\"><img width=\"178\" height=\"160\" src=\"https:\/\/www.tauli.cat\/institut\/wp-content\/uploads\/2020\/03\/imago-pt.png\" class=\"attachment-full size-full\" alt=\"\" decoding=\"async\" loading=\"lazy\" \/><\/div>  <div class=\"eut-box-content\">    <p class=\"\">El Laboratori 3D Parc Taul\u00ed rep les sol\u00b7licituds, valida la proced\u00e8ncia i coordina les comandes amb el Col\u00b7legi Oficial de Metges (COMB).<\/p>  <\/div><\/div><div class=\"eut-element eut-box-icon eut-align-left eut-small\" style=\"margin-bottom: 35px;\"><div class=\"eut-image-icon\"><img width=\"48\" height=\"107\" src=\"https:\/\/www.tauli.cat\/institut\/wp-content\/uploads\/2020\/03\/logocomb.png\" class=\"attachment-full size-full\" alt=\"\" decoding=\"async\" loading=\"lazy\" \/><\/div>  <div class=\"eut-box-content\">    <p class=\"\">El COMB coordina les comandes amb el Lab3D i emmagatzema la fabricaci\u00f3, per despr\u00e9s distribuir-la entre els hospitals de Catalunya.<\/p>  <\/div><\/div><div class=\"eut-element eut-box-icon eut-align-left eut-small\" style=\"margin-bottom: 35px;\"><div class=\"eut-image-icon\"><img width=\"373\" height=\"266\" src=\"https:\/\/www.tauli.cat\/institut\/wp-content\/uploads\/2020\/03\/escoleenginyind.png\" class=\"attachment-full size-full\" alt=\"\" decoding=\"async\" loading=\"lazy\" srcset=\"https:\/\/www.tauli.cat\/institut\/wp-content\/uploads\/2020\/03\/escoleenginyind.png 373w, https:\/\/www.tauli.cat\/institut\/wp-content\/uploads\/2020\/03\/escoleenginyind-300x214.png 300w\" sizes=\"(max-width: 373px) 100vw, 373px\" \/><\/div>  <div class=\"eut-box-content\">    <p class=\"\">Les empreses d&#8217;impressi\u00f3 3D que volen col\u00b7laborar han de contactar amb el Col\u00b7legi Oficial d&#8217;Enginyers Industrials de Catalunya, ja que \u00e9s qui coordina la producci\u00f3.<\/p>  <\/div><\/div>[\/vc_column_inner][\/vc_row_inner][\/vc_column][\/vc_row]\n<\/div>","protected":false},"excerpt":{"rendered":"<p>[vc_row el_class=&#8221;flex-columns&#8221;][vc_column width=&#8221;1\/2&#8243;][vc_raw_html el_class=&#8221;h3d&#8221;]JTNDaDMlM0UlM0NhJTIwaHJlZiUzRCUyMmh0dHAlM0ElMkYlMkZ3d3cudGF1bGkuY2F0JTJGaW5zdGl0dXQlMkZwbGFuaWZpY2FjaW8tcXVpcnVyZ2ljYS1pbXByZXNzaW8tM2QlMkZjb3ZpZC0zZCUyRmNhdGFsZWclMkYlMjIlM0UlM0NpJTIwY2xhc3MlM0QlMjJmYSUyMGZhLWN1YmUlMjBldXQtY29sb3Itd2hpdGUlMjIlM0UlM0MlMkZpJTNFQ2F0JUMzJUEwbGVnJTIwZGUlMjBwZWNlcyUzQyUyRmElM0UlM0MlMkZoMyUzRQ==[\/vc_raw_html][vc_raw_html el_class=&#8221;h3d&#8221;]JTNDaDMlM0UlM0NhJTIwaHJlZiUzRCUyMmh0dHAlM0ElMkYlMkZ3d3cudGF1bGkuY2F0JTJGaW5zdGl0dXQlMkZwbGFuaWZpY2FjaW8tcXVpcnVyZ2ljYS1pbXByZXNzaW8tM2QlMkZjb3ZpZC0zZCUyRnNvbGljaXR1ZC11bml0YXRzJTJGJTIyJTNFJTNDaSUyMGNsYXNzJTNEJTIyZmElMjBmYS13cGZvcm1zJTIwZXV0LWNvbG9yLXdoaXRlJTIyJTNFJTNDJTJGaSUzRVNvbCVDMiVCN2xpY2l0dWQlMjBkJTI3dW5pdGF0cyUzQyUyRmElM0UlM0MlMkZoMyUzRQ==[\/vc_raw_html][\/vc_column][vc_column width=&#8221;1\/2&#8243;][vc_column_text css=&#8221;.vc_custom_1585739885154{margin-top: 10px !important;margin-bottom: 0px !important;}&#8221;] Tamb\u00e9 ens pots ajudar sense imprimir peces: uneix-te a la lluita 3D! [\/vc_column_text][\/vc_column][\/vc_row][vc_row section_id=&#8221;comunicat&#8221;][vc_column][vc_row_inner][vc_column_inner width=&#8221;1\/2&#8243;][vc_custom_heading text=&#8221;COMUNICAT IMPORTANT PER A HOSPITALS, EMPRESES I PARTICULARS&#8221; font_container=&#8221;tag:h4|text_align:left|color:%239c4266&#8243; use_theme_fonts=&#8221;yes&#8221;][vc_column_text]El Laboratori 3D del Parc Taul\u00ed se suma a la\u00a0iniciativa sorgida a les xarxes per facilitar que la comunitat 3D [&hellip;]<\/p>\n","protected":false},"author":1,"featured_media":1674,"parent":5559,"menu_order":0,"comment_status":"closed","ping_status":"closed","template":"","meta":[],"_links":{"self":[{"href":"https:\/\/www.tauli.cat\/institut\/wp-json\/wp\/v2\/pages\/1450"}],"collection":[{"href":"https:\/\/www.tauli.cat\/institut\/wp-json\/wp\/v2\/pages"}],"about":[{"href":"https:\/\/www.tauli.cat\/institut\/wp-json\/wp\/v2\/types\/page"}],"author":[{"embeddable":true,"href":"https:\/\/www.tauli.cat\/institut\/wp-json\/wp\/v2\/users\/1"}],"replies":[{"embeddable":true,"href":"https:\/\/www.tauli.cat\/institut\/wp-json\/wp\/v2\/comments?post=1450"}],"version-history":[{"count":207,"href":"https:\/\/www.tauli.cat\/institut\/wp-json\/wp\/v2\/pages\/1450\/revisions"}],"predecessor-version":[{"id":2452,"href":"https:\/\/www.tauli.cat\/institut\/wp-json\/wp\/v2\/pages\/1450\/revisions\/2452"}],"up":[{"embeddable":true,"href":"https:\/\/www.tauli.cat\/institut\/wp-json\/wp\/v2\/pages\/5559"}],"wp:featuredmedia":[{"embeddable":true,"href":"https:\/\/www.tauli.cat\/institut\/wp-json\/wp\/v2\/media\/1674"}],"wp:attachment":[{"href":"https:\/\/www.tauli.cat\/institut\/wp-json\/wp\/v2\/media?parent=1450"}],"curies":[{"name":"wp","href":"https:\/\/api.w.org\/{rel}","templated":true}]}}