{"id":15887,"date":"2024-08-20T09:08:08","date_gmt":"2024-08-20T07:08:08","guid":{"rendered":"https:\/\/www.tauli.cat\/institut\/?page_id=15887"},"modified":"2025-01-16T08:57:55","modified_gmt":"2025-01-16T07:57:55","slug":"projectes-pediatria","status":"publish","type":"page","link":"https:\/\/www.tauli.cat\/institut\/colabora\/projectes-pediatria\/","title":{"rendered":"Projectes pediatria"},"content":{"rendered":"<div class=\"wpb-content-wrapper\">[vc_row bg_type=&#8221;image&#8221; bg_image=&#8221;15784&#8243; bg_image_type=&#8221;animated&#8221; color_overlay=&#8221;dark&#8221; opacity_overlay=&#8221;60&#8243; header_feature=&#8221;yes&#8221; padding_top=&#8221;60px&#8221; padding_bottom=&#8221;60px&#8221;][vc_column][vc_raw_html]JTNDZGl2JTIwY2xhc3MlM0QlMjJicmVhZGNydW1icyUyMiUyMHR5cGVvZiUzRCUyMkJyZWFkY3J1bWJMaXN0JTIyJTIwdm9jYWIlM0QlMjJodHRwcyUzQSUyRiUyRnNjaGVtYS5vcmclMkYlMjIlM0UlMEElMDklMDklMDklMDklMDklMEElM0NzcGFuJTIwcHJvcGVydHklM0QlMjJpdGVtTGlzdEVsZW1lbnQlMjIlMjB0eXBlb2YlM0QlMjJMaXN0SXRlbSUyMiUzRSUzQ2ElMjBwcm9wZXJ0eSUzRCUyMml0ZW0lMjIlMjB0eXBlb2YlM0QlMjJXZWJQYWdlJTIyJTIwaHJlZiUzRCUyMmh0dHBzJTNBJTJGJTJGd3d3LnRhdWxpLmNhdCUyRmluc3RpdHV0JTIyJTIwY2xhc3MlM0QlMjJob21lJTIyJTNFJTNDc3BhbiUyMHByb3BlcnR5JTNEJTIybmFtZSUyMiUzRUluaWNpJTNDJTJGc3BhbiUzRSUzQyUyRmElM0UlM0NtZXRhJTIwcHJvcGVydHklM0QlMjJwb3NpdGlvbiUyMiUyMGNvbnRlbnQlM0QlMjIxJTIyJTNFJTNDJTJGc3BhbiUzRSUyMCUyNmd0JTNCJTIwJTNDc3BhbiUyMHByb3BlcnR5JTNEJTIyaXRlbUxpc3RFbGVtZW50JTIyJTIwdHlwZW9mJTNEJTIyTGlzdEl0ZW0lMjIlM0UlM0NhJTIwcHJvcGVydHklM0QlMjJpdGVtJTIyJTIwdHlwZW9mJTNEJTIyV2ViUGFnZSUyMiUyMGhyZWYlM0QlMjJodHRwcyUzQSUyRiUyRnd3dy50YXVsaS5jYXQlMkZpbnN0aXR1dCUyRmNvbGFib3JhJTJGJTIyJTIwY2xhc3MlM0QlMjJwb3N0JTIwcG9zdC1wYWdlJTIyJTNFJTNDc3BhbiUyMHByb3BlcnR5JTNEJTIybmFtZSUyMiUzRUNvbCVDMiVCN2xhYm9yYSUzQyUyRnNwYW4lM0UlM0MlMkZhJTNFJTNDbWV0YSUyMHByb3BlcnR5JTNEJTIycG9zaXRpb24lMjIlMjBjb250ZW50JTNEJTIyMiUyMiUzRSUzQyUyRnNwYW4lM0UlMjAlMjZndCUzQiUyMCUzQ3NwYW4lMjBjbGFzcyUzRCUyMnBvc3QlMjBwb3N0LXBhZ2UlMjBjdXJyZW50LWl0ZW0lMjIlM0VQcm9qZWN0ZXMlMjBkZSUyMFBlZGlhdHJpYSUyMFBhcmMlMjBUYXVsJUMzJUFEJTNDJTJGc3BhbiUzRSUyMCUyMCUyMCUyMCUyMCUyMCUyMCUyMCUyMCUyMCUyMCUyMCUyMCUyMCUyMCUyMCUzQyUyRmRpdiUzRQ==[\/vc_raw_html][vc_custom_heading text=&#8221;Col\u00b7labora amb el programa Acompanyant Somriures&#8221; font_container=&#8221;tag:h1|text_align:left|color:%23ffffff&#8221; use_theme_fonts=&#8221;yes&#8221; css=&#8221;&#8221;][vc_row_inner][vc_column_inner width=&#8221;1\/2&#8243;][vc_custom_heading text=&#8221;La teva donaci\u00f3 anir\u00e0 destinada a impulsar activitats i projectes pels m\u00e9s petits del Parc Taul\u00ed, millorant el seu confort durant la seva estada.&#8221; font_container=&#8221;tag:h4|text_align:left|color:%23ffffff&#8221; use_theme_fonts=&#8221;yes&#8221;][\/vc_column_inner][vc_column_inner width=&#8221;1\/2&#8243; el_id=&#8221;btn-col&#8221;][vc_raw_html el_class=&#8221;static-modal&#8221;]JTNDZGl2JTIwY2xhc3MlM0QlMjJidG4tY29udGFpbmVyJTIyJTNFJTBBJTNDYnV0dG9uJTIwY2xhc3MlM0QlMjJzdGF0aWMtbW9kYWwlMjBpbWFnaW5hJTIyJTIwb25jbGljayUzRCUyMnBheSUyOHRoaXMlMjklM0IlMjIlMjBkYXRhLWlkLWNhbXBhaWduJTNEJTIyMTcxODUlMjIlMjBkYXRhLXV1aWQlM0QlMjJmYjliNjBkMy1mZGU5LTQ4NjEtYjU4My1mNDU3MGYxZDNiN2MlMjIlMjBkYXRhLXN0eWxlJTNEJTI3cGVlciUyNyUzRSUwQUZlcyUyMGxhJTIwdGV2YSUyMGRvbmFjaSVDMyVCMyUyMHBlciUyMHBlZGlhdHJpYSUwQSUzQyUyRmJ1dHRvbiUzRSUwQSUzQyUyRmRpdiUzRSUwQSUwQSUwQSUwQSUwQSUwQSUzQ3NjcmlwdCUyMGlkJTNEJTIyaW50ZWdyYXRpb25KcyUyMiUyMHR5cGUlM0QlMjJ0ZXh0JTJGamF2YXNjcmlwdCUyMiUyMHNyYyUzRCUyMmh0dHBzJTNBJTJGJTJGd3d3LnN0b2NrY3Jvd2QuY29tJTJGcmVzb3VyY2VzJTJGanMlMkZ0ZW1wbGF0ZXMlMkZwYXltZW50JTJGZHAlMkZpbnRlZ3JhY2lvbi1tb2RhbC5qcyUyMiUzRSUzQyUyRnNjcmlwdCUzRSUzQyUyRnAlM0U=[\/vc_raw_html][\/vc_column_inner][\/vc_row_inner][\/vc_column][\/vc_row][vc_row section_id=&#8221;millores&#8221;][vc_column]<h2 class=\"eut-element eut-align-center eut-title-no-line title-h2\" style=\"margin-bottom: 2rem;\"><span>Coneix els projectes<\/span><\/h2><h3 class=\"eut-element eut-align-left eut-title-no-line\" style=\"\"><span>Millores dels espais d\u2019atenci\u00f3 a la poblaci\u00f3 pedi\u00e0trica i neonatal<\/span><\/h3>[\/vc_column][\/vc_row][vc_row][vc_column width=&#8221;1\/2&#8243;]<div class=\"eut-element eut-carousel-wrapper\"  style=\" \"><div class=\"eut-slider eut-carousel-element \" data-slider-speed=\"3500\" data-slider-pause=\"yes\" data-navigation-type=\"0\" data-slider-autoplay=\"yes\" data-slider-autoheight=\"no\"><div class=\"eut-slider-item\"><figure><div class=\"eut-media\"><img width=\"337\" height=\"165\" src=\"https:\/\/www.tauli.cat\/institut\/wp-content\/uploads\/2024\/08\/nens1.png\" class=\"attachment-eut-image-fullscreen size-eut-image-fullscreen\" alt=\"\" decoding=\"async\" loading=\"lazy\" srcset=\"https:\/\/www.tauli.cat\/institut\/wp-content\/uploads\/2024\/08\/nens1.png 337w, https:\/\/www.tauli.cat\/institut\/wp-content\/uploads\/2024\/08\/nens1-300x147.png 300w\" sizes=\"(max-width: 337px) 100vw, 337px\" \/><\/div><\/figure><\/div><div class=\"eut-slider-item\"><figure><div class=\"eut-media\"><img width=\"233\" height=\"159\" src=\"https:\/\/www.tauli.cat\/institut\/wp-content\/uploads\/2024\/08\/nens3.jpg\" class=\"attachment-eut-image-fullscreen size-eut-image-fullscreen\" alt=\"\" decoding=\"async\" loading=\"lazy\" \/><\/div><\/figure><\/div><div class=\"eut-slider-item\"><figure><div class=\"eut-media\"><img width=\"244\" height=\"163\" src=\"https:\/\/www.tauli.cat\/institut\/wp-content\/uploads\/2024\/08\/nens2.jpg\" class=\"attachment-eut-image-fullscreen size-eut-image-fullscreen\" alt=\"\" decoding=\"async\" loading=\"lazy\" \/><\/div><\/figure><\/div>\t<\/div><\/div>[vc_raw_html el_class=&#8221;static-modal&#8221;]JTNDZGl2JTIwY2xhc3MlM0QlMjJidG4tY29udGFpbmVyJTIyJTNFJTBBJTNDYnV0dG9uJTIwY2xhc3MlM0QlMjJzdGF0aWMtbW9kYWwlMjBpbWFnaW5hJTIyJTIwb25jbGljayUzRCUyMnBheSUyOHRoaXMlMjklM0IlMjIlMjBkYXRhLWlkLWNhbXBhaWduJTNEJTIyMTcxODUlMjIlMjBkYXRhLXV1aWQlM0QlMjJmYjliNjBkMy1mZGU5LTQ4NjEtYjU4My1mNDU3MGYxZDNiN2MlMjIlMjBkYXRhLXN0eWxlJTNEJTI3cGVlciUyNyUzRSUwQUZlcyUyMGxhJTIwdGV2YSUyMGRvbmFjaSVDMyVCMyUyMHBlciUyMGFxdWVzdCUyMHByb2plY3RlJTBBJTNDJTJGYnV0dG9uJTNFJTBBJTNDJTJGZGl2JTNFJTBBJTBBJTBBJTBBJTBBJTBBJTNDc2NyaXB0JTIwaWQlM0QlMjJpbnRlZ3JhdGlvbkpzJTIyJTIwdHlwZSUzRCUyMnRleHQlMkZqYXZhc2NyaXB0JTIyJTIwc3JjJTNEJTIyaHR0cHMlM0ElMkYlMkZ3d3cuc3RvY2tjcm93ZC5jb20lMkZyZXNvdXJjZXMlMkZqcyUyRnRlbXBsYXRlcyUyRnBheW1lbnQlMkZkcCUyRmludGVncmFjaW9uLW1vZGFsLmpzJTIyJTNFJTNDJTJGc2NyaXB0JTNFJTNDJTJGcCUzRQ==[\/vc_raw_html][\/vc_column][vc_column width=&#8221;1\/2&#8243;][vc_column_text]L\u2019objectiu adequar i decorar els espais assistencials \u00a0i d\u2019acollida a la unitat familiar durant els per\u00edodes d\u2019ingr\u00e9s hospitalaris, d\u2019acord a les edats i necessitats de desenvolupament dels nadons, infants i adolescents atesos: sala de parts, planta de maternitat, hospitalitzaci\u00f3 neonatal, urg\u00e8ncies pediatria, planta de pediatria, cures intensives pedi\u00e0triques, consulta externa, centre de desenvolupament i atenci\u00f3 preco\u00e7 (CDIAP).<\/p>\n<h4><b>Accions concretes<\/b><\/h4>\n<ul>\n<li>Personalitzaci\u00f3 del nom dels nadons i infants<\/li>\n<li>Decoraci\u00f3 d\u2019espais per dies assenyalats<\/li>\n<li>Decoraci\u00f3 de la Consulta Externa de Pediatria, de la Unitat Neonatal, UCI Pedi\u00e0trica, sala de parts, planta de maternitat, hospitalitzaci\u00f3 neonatal, urg\u00e8ncies de pediatria, planta de pediatria, cures intensives pedi\u00e0triques, consulta externa, centre de desenvolupament i atenci\u00f3 preco\u00e7 (CDIAP).<\/li>\n<\/ul>\n<h4><b>Projectes espec\u00edfics<\/b><\/h4>\n<ul>\n<li>Sala de fam\u00edlies de la Unitat Neonatal<br \/>\nL\u2019objectiu d\u2019aquest projecte \u00e9s millorar l\u2019espai perqu\u00e8 les fam\u00edlies puguin descansar, menjar, treballar, amb acc\u00e9s a dutxa i que puguin dormir si \u00e9s necessari.<\/li>\n<li>Sala de fam\u00edlies de la unitat de cures intensives pedi\u00e0triques<br \/>\nL\u2019objectiu d\u2019aquest projecte \u00e9s oferir un espai de confort on les fam\u00edlies puguin descansar, menjar, treballar, i que puguin dormir si \u00e9s necessari.<\/li>\n<\/ul>\n[\/vc_column_text][\/vc_column][\/vc_row][vc_row section_id=&#8221;activitats_terapeutiques&#8221;][vc_column]<h3 class=\"eut-element eut-align-left eut-title-no-line\" style=\"\"><span>Activitats terap\u00e8utiques complement\u00e0ries<\/span><\/h3>[\/vc_column][\/vc_row][vc_row][vc_column width=&#8221;1\/2&#8243;]<div class=\"eut-element eut-carousel-wrapper\"  style=\" \"><div class=\"eut-slider eut-carousel-element \" data-slider-speed=\"3500\" data-slider-pause=\"yes\" data-navigation-type=\"0\" data-slider-autoplay=\"yes\" data-slider-autoheight=\"no\"><div class=\"eut-slider-item\"><figure><div class=\"eut-media\"><img width=\"314\" height=\"235\" src=\"https:\/\/www.tauli.cat\/institut\/wp-content\/uploads\/2024\/08\/tera3.jpg\" class=\"attachment-eut-image-fullscreen size-eut-image-fullscreen\" alt=\"\" decoding=\"async\" loading=\"lazy\" srcset=\"https:\/\/www.tauli.cat\/institut\/wp-content\/uploads\/2024\/08\/tera3.jpg 314w, https:\/\/www.tauli.cat\/institut\/wp-content\/uploads\/2024\/08\/tera3-300x225.jpg 300w\" sizes=\"(max-width: 314px) 100vw, 314px\" \/><\/div><\/figure><\/div><div class=\"eut-slider-item\"><figure><div class=\"eut-media\"><img width=\"318\" height=\"214\" src=\"https:\/\/www.tauli.cat\/institut\/wp-content\/uploads\/2024\/08\/tera1.jpg\" class=\"attachment-eut-image-fullscreen size-eut-image-fullscreen\" alt=\"\" decoding=\"async\" loading=\"lazy\" srcset=\"https:\/\/www.tauli.cat\/institut\/wp-content\/uploads\/2024\/08\/tera1.jpg 318w, https:\/\/www.tauli.cat\/institut\/wp-content\/uploads\/2024\/08\/tera1-300x202.jpg 300w\" sizes=\"(max-width: 318px) 100vw, 318px\" \/><\/div><\/figure><\/div><div class=\"eut-slider-item\"><figure><div class=\"eut-media\"><img width=\"254\" height=\"196\" src=\"https:\/\/www.tauli.cat\/institut\/wp-content\/uploads\/2024\/08\/tera2.jpg\" class=\"attachment-eut-image-fullscreen size-eut-image-fullscreen\" alt=\"\" decoding=\"async\" loading=\"lazy\" \/><\/div><\/figure><\/div>\t<\/div><\/div>[vc_raw_html el_class=&#8221;static-modal&#8221;]JTNDZGl2JTIwY2xhc3MlM0QlMjJidG4tY29udGFpbmVyJTIyJTNFJTBBJTNDYnV0dG9uJTIwY2xhc3MlM0QlMjJzdGF0aWMtbW9kYWwlMjBpbWFnaW5hJTIyJTIwb25jbGljayUzRCUyMnBheSUyOHRoaXMlMjklM0IlMjIlMjBkYXRhLWlkLWNhbXBhaWduJTNEJTIyMTcxODUlMjIlMjBkYXRhLXV1aWQlM0QlMjJmYjliNjBkMy1mZGU5LTQ4NjEtYjU4My1mNDU3MGYxZDNiN2MlMjIlMjBkYXRhLXN0eWxlJTNEJTI3cGVlciUyNyUzRSUwQUZlcyUyMGxhJTIwdGV2YSUyMGRvbmFjaSVDMyVCMyUyMHBlciUyMGFxdWVzdCUyMHByb2plY3RlJTBBJTNDJTJGYnV0dG9uJTNFJTBBJTNDJTJGZGl2JTNFJTBBJTBBJTBBJTBBJTBBJTBBJTNDc2NyaXB0JTIwaWQlM0QlMjJpbnRlZ3JhdGlvbkpzJTIyJTIwdHlwZSUzRCUyMnRleHQlMkZqYXZhc2NyaXB0JTIyJTIwc3JjJTNEJTIyaHR0cHMlM0ElMkYlMkZ3d3cuc3RvY2tjcm93ZC5jb20lMkZyZXNvdXJjZXMlMkZqcyUyRnRlbXBsYXRlcyUyRnBheW1lbnQlMkZkcCUyRmludGVncmFjaW9uLW1vZGFsLmpzJTIyJTNFJTNDJTJGc2NyaXB0JTNFJTNDJTJGcCUzRQ==[\/vc_raw_html][\/vc_column][vc_column width=&#8221;1\/2&#8243;][vc_column_text]Acompanyament i suport tant pels pacients com per a les fam\u00edlies, davant malalties greus, malalties cr\u00f2niques complexes, i situacions agudes que trenquen l\u2019equilibri de la unitat familiar com un ingr\u00e9s a cures intensives pedi\u00e0triques, una estada llarga hospital\u00e0ria o l\u2019ingr\u00e9s hospitalari d\u2019un nounat acabat de n\u00e9ixer:<\/p>\n<ul>\n<li>Musicoter\u00e0pia<\/li>\n<li>Pallassos d\u2019hospital<\/li>\n<li>Ter\u00e0pia de gossos<\/li>\n<li>Elements que afavoreixen l\u2019adaptaci\u00f3 al proc\u00e9s de malaltia<\/li>\n<\/ul>\n[\/vc_column_text][\/vc_column][\/vc_row][vc_row section_id=&#8221;activitats_ludiques&#8221;][vc_column]<h3 class=\"eut-element eut-align-left eut-title-no-line\" style=\"\"><span>Activitats l\u00fadiques i educatives<\/span><\/h3>[\/vc_column][\/vc_row][vc_row][vc_column width=&#8221;1\/2&#8243;]<div class=\"eut-element eut-carousel-wrapper\"  style=\" \"><div class=\"eut-slider eut-carousel-element \" data-slider-speed=\"3500\" data-slider-pause=\"yes\" data-navigation-type=\"0\" data-slider-autoplay=\"yes\" data-slider-autoheight=\"no\"><div class=\"eut-slider-item\"><figure><div class=\"eut-media\"><img width=\"379\" height=\"237\" src=\"https:\/\/www.tauli.cat\/institut\/wp-content\/uploads\/2024\/08\/lud1.jpg\" class=\"attachment-eut-image-fullscreen size-eut-image-fullscreen\" alt=\"\" decoding=\"async\" loading=\"lazy\" srcset=\"https:\/\/www.tauli.cat\/institut\/wp-content\/uploads\/2024\/08\/lud1.jpg 379w, https:\/\/www.tauli.cat\/institut\/wp-content\/uploads\/2024\/08\/lud1-300x188.jpg 300w\" sizes=\"(max-width: 379px) 100vw, 379px\" \/><\/div><\/figure><\/div><div class=\"eut-slider-item\"><figure><div class=\"eut-media\"><img width=\"358\" height=\"238\" src=\"https:\/\/www.tauli.cat\/institut\/wp-content\/uploads\/2024\/08\/lud2.jpg\" class=\"attachment-eut-image-fullscreen size-eut-image-fullscreen\" alt=\"\" decoding=\"async\" loading=\"lazy\" srcset=\"https:\/\/www.tauli.cat\/institut\/wp-content\/uploads\/2024\/08\/lud2.jpg 358w, https:\/\/www.tauli.cat\/institut\/wp-content\/uploads\/2024\/08\/lud2-300x199.jpg 300w\" sizes=\"(max-width: 358px) 100vw, 358px\" \/><\/div><\/figure><\/div><div class=\"eut-slider-item\"><figure><div class=\"eut-media\"><img width=\"507\" height=\"253\" src=\"https:\/\/www.tauli.cat\/institut\/wp-content\/uploads\/2024\/08\/lud3.jpg\" class=\"attachment-eut-image-fullscreen size-eut-image-fullscreen\" alt=\"\" decoding=\"async\" loading=\"lazy\" srcset=\"https:\/\/www.tauli.cat\/institut\/wp-content\/uploads\/2024\/08\/lud3.jpg 507w, https:\/\/www.tauli.cat\/institut\/wp-content\/uploads\/2024\/08\/lud3-300x150.jpg 300w\" sizes=\"(max-width: 507px) 100vw, 507px\" \/><\/div><\/figure><\/div>\t<\/div><\/div>[vc_raw_html el_class=&#8221;static-modal&#8221;]JTNDZGl2JTIwY2xhc3MlM0QlMjJidG4tY29udGFpbmVyJTIyJTNFJTBBJTNDYnV0dG9uJTIwY2xhc3MlM0QlMjJzdGF0aWMtbW9kYWwlMjBpbWFnaW5hJTIyJTIwb25jbGljayUzRCUyMnBheSUyOHRoaXMlMjklM0IlMjIlMjBkYXRhLWlkLWNhbXBhaWduJTNEJTIyMTcxODUlMjIlMjBkYXRhLXV1aWQlM0QlMjJmYjliNjBkMy1mZGU5LTQ4NjEtYjU4My1mNDU3MGYxZDNiN2MlMjIlMjBkYXRhLXN0eWxlJTNEJTI3cGVlciUyNyUzRSUwQUZlcyUyMGxhJTIwdGV2YSUyMGRvbmFjaSVDMyVCMyUyMHBlbCUyMFByb2dyYW1hJTIwSW1hZ2luYSUwQSUzQyUyRmJ1dHRvbiUzRSUwQSUzQyUyRmRpdiUzRSUwQSUwQSUwQSUwQSUwQSUwQSUzQ3NjcmlwdCUyMGlkJTNEJTIyaW50ZWdyYXRpb25KcyUyMiUyMHR5cGUlM0QlMjJ0ZXh0JTJGamF2YXNjcmlwdCUyMiUyMHNyYyUzRCUyMmh0dHBzJTNBJTJGJTJGd3d3LnN0b2NrY3Jvd2QuY29tJTJGcmVzb3VyY2VzJTJGanMlMkZ0ZW1wbGF0ZXMlMkZwYXltZW50JTJGZHAlMkZpbnRlZ3JhY2lvbi1tb2RhbC5qcyUyMiUzRSUzQyUyRnNjcmlwdCUzRSUzQyUyRnAlM0U=[\/vc_raw_html][\/vc_column][vc_column width=&#8221;1\/2&#8243;][vc_column_text]Realitzar activitats que millorin el benestar dels pacients pedi\u00e0trics a l\u2019hospital:<\/p>\n<ul>\n<li>Espectacles i actuacions infantils<\/li>\n<li>Celebraci\u00f3 de dies especials, com el dia del prematur, dia del nen hospitalitzat<\/li>\n<li>Visites de personatges coneguts<\/li>\n<li>Contacontes<\/li>\n<li>Robot Pol<\/li>\n<\/ul>\n[\/vc_column_text][\/vc_column][\/vc_row][vc_row][vc_column]<div class=\"eut-element eut-message eut-bg-grey msg-box-imagina\" style=\"\">  <i class=\"eut-icon fa fa-envelope-o\"><\/i>  <p>Vols saber-ne m\u00e9s? Escriu a mecenatge@tauli.cat i et posarem en contacte amb els investigadors i investigadores.<br \/>\n<\/p><\/div>[\/vc_column][\/vc_row]\n<\/div>","protected":false},"excerpt":{"rendered":"<p>[vc_row bg_type=&#8221;image&#8221; bg_image=&#8221;15784&#8243; bg_image_type=&#8221;animated&#8221; color_overlay=&#8221;dark&#8221; opacity_overlay=&#8221;60&#8243; header_feature=&#8221;yes&#8221; padding_top=&#8221;60px&#8221; padding_bottom=&#8221;60px&#8221;][vc_column][vc_raw_html]JTNDZGl2JTIwY2xhc3MlM0QlMjJicmVhZGNydW1icyUyMiUyMHR5cGVvZiUzRCUyMkJyZWFkY3J1bWJMaXN0JTIyJTIwdm9jYWIlM0QlMjJodHRwcyUzQSUyRiUyRnNjaGVtYS5vcmclMkYlMjIlM0UlMEElMDklMDklMDklMDklMDklMEElM0NzcGFuJTIwcHJvcGVydHklM0QlMjJpdGVtTGlzdEVsZW1lbnQlMjIlMjB0eXBlb2YlM0QlMjJMaXN0SXRlbSUyMiUzRSUzQ2ElMjBwcm9wZXJ0eSUzRCUyMml0ZW0lMjIlMjB0eXBlb2YlM0QlMjJXZWJQYWdlJTIyJTIwaHJlZiUzRCUyMmh0dHBzJTNBJTJGJTJGd3d3LnRhdWxpLmNhdCUyRmluc3RpdHV0JTIyJTIwY2xhc3MlM0QlMjJob21lJTIyJTNFJTNDc3BhbiUyMHByb3BlcnR5JTNEJTIybmFtZSUyMiUzRUluaWNpJTNDJTJGc3BhbiUzRSUzQyUyRmElM0UlM0NtZXRhJTIwcHJvcGVydHklM0QlMjJwb3NpdGlvbiUyMiUyMGNvbnRlbnQlM0QlMjIxJTIyJTNFJTNDJTJGc3BhbiUzRSUyMCUyNmd0JTNCJTIwJTNDc3BhbiUyMHByb3BlcnR5JTNEJTIyaXRlbUxpc3RFbGVtZW50JTIyJTIwdHlwZW9mJTNEJTIyTGlzdEl0ZW0lMjIlM0UlM0NhJTIwcHJvcGVydHklM0QlMjJpdGVtJTIyJTIwdHlwZW9mJTNEJTIyV2ViUGFnZSUyMiUyMGhyZWYlM0QlMjJodHRwcyUzQSUyRiUyRnd3dy50YXVsaS5jYXQlMkZpbnN0aXR1dCUyRmNvbGFib3JhJTJGJTIyJTIwY2xhc3MlM0QlMjJwb3N0JTIwcG9zdC1wYWdlJTIyJTNFJTNDc3BhbiUyMHByb3BlcnR5JTNEJTIybmFtZSUyMiUzRUNvbCVDMiVCN2xhYm9yYSUzQyUyRnNwYW4lM0UlM0MlMkZhJTNFJTNDbWV0YSUyMHByb3BlcnR5JTNEJTIycG9zaXRpb24lMjIlMjBjb250ZW50JTNEJTIyMiUyMiUzRSUzQyUyRnNwYW4lM0UlMjAlMjZndCUzQiUyMCUzQ3NwYW4lMjBjbGFzcyUzRCUyMnBvc3QlMjBwb3N0LXBhZ2UlMjBjdXJyZW50LWl0ZW0lMjIlM0VQcm9qZWN0ZXMlMjBkZSUyMFBlZGlhdHJpYSUyMFBhcmMlMjBUYXVsJUMzJUFEJTNDJTJGc3BhbiUzRSUyMCUyMCUyMCUyMCUyMCUyMCUyMCUyMCUyMCUyMCUyMCUyMCUyMCUyMCUyMCUyMCUzQyUyRmRpdiUzRQ==[\/vc_raw_html][vc_custom_heading text=&#8221;Col\u00b7labora amb el programa Acompanyant Somriures&#8221; font_container=&#8221;tag:h1|text_align:left|color:%23ffffff&#8221; use_theme_fonts=&#8221;yes&#8221; css=&#8221;&#8221;][vc_row_inner][vc_column_inner width=&#8221;1\/2&#8243;][vc_custom_heading text=&#8221;La teva donaci\u00f3 anir\u00e0 destinada a impulsar activitats i projectes pels m\u00e9s petits del Parc Taul\u00ed, millorant el seu confort durant la seva estada.&#8221; font_container=&#8221;tag:h4|text_align:left|color:%23ffffff&#8221; use_theme_fonts=&#8221;yes&#8221;][\/vc_column_inner][vc_column_inner width=&#8221;1\/2&#8243; el_id=&#8221;btn-col&#8221;][vc_raw_html el_class=&#8221;static-modal&#8221;]JTNDZGl2JTIwY2xhc3MlM0QlMjJidG4tY29udGFpbmVyJTIyJTNFJTBBJTNDYnV0dG9uJTIwY2xhc3MlM0QlMjJzdGF0aWMtbW9kYWwlMjBpbWFnaW5hJTIyJTIwb25jbGljayUzRCUyMnBheSUyOHRoaXMlMjklM0IlMjIlMjBkYXRhLWlkLWNhbXBhaWduJTNEJTIyMTcxODUlMjIlMjBkYXRhLXV1aWQlM0QlMjJmYjliNjBkMy1mZGU5LTQ4NjEtYjU4My1mNDU3MGYxZDNiN2MlMjIlMjBkYXRhLXN0eWxlJTNEJTI3cGVlciUyNyUzRSUwQUZlcyUyMGxhJTIwdGV2YSUyMGRvbmFjaSVDMyVCMyUyMHBlciUyMHBlZGlhdHJpYSUwQSUzQyUyRmJ1dHRvbiUzRSUwQSUzQyUyRmRpdiUzRSUwQSUwQSUwQSUwQSUwQSUwQSUzQ3NjcmlwdCUyMGlkJTNEJTIyaW50ZWdyYXRpb25KcyUyMiUyMHR5cGUlM0QlMjJ0ZXh0JTJGamF2YXNjcmlwdCUyMiUyMHNyYyUzRCUyMmh0dHBzJTNBJTJGJTJGd3d3LnN0b2NrY3Jvd2QuY29tJTJGcmVzb3VyY2VzJTJGanMlMkZ0ZW1wbGF0ZXMlMkZwYXltZW50JTJGZHAlMkZpbnRlZ3JhY2lvbi1tb2RhbC5qcyUyMiUzRSUzQyUyRnNjcmlwdCUzRSUzQyUyRnAlM0U=[\/vc_raw_html][\/vc_column_inner][\/vc_row_inner][\/vc_column][\/vc_row][vc_row section_id=&#8221;millores&#8221;][vc_column][\/vc_column][\/vc_row][vc_row][vc_column width=&#8221;1\/2&#8243;][vc_raw_html el_class=&#8221;static-modal&#8221;]JTNDZGl2JTIwY2xhc3MlM0QlMjJidG4tY29udGFpbmVyJTIyJTNFJTBBJTNDYnV0dG9uJTIwY2xhc3MlM0QlMjJzdGF0aWMtbW9kYWwlMjBpbWFnaW5hJTIyJTIwb25jbGljayUzRCUyMnBheSUyOHRoaXMlMjklM0IlMjIlMjBkYXRhLWlkLWNhbXBhaWduJTNEJTIyMTcxODUlMjIlMjBkYXRhLXV1aWQlM0QlMjJmYjliNjBkMy1mZGU5LTQ4NjEtYjU4My1mNDU3MGYxZDNiN2MlMjIlMjBkYXRhLXN0eWxlJTNEJTI3cGVlciUyNyUzRSUwQUZlcyUyMGxhJTIwdGV2YSUyMGRvbmFjaSVDMyVCMyUyMHBlciUyMGFxdWVzdCUyMHByb2plY3RlJTBBJTNDJTJGYnV0dG9uJTNFJTBBJTNDJTJGZGl2JTNFJTBBJTBBJTBBJTBBJTBBJTBBJTNDc2NyaXB0JTIwaWQlM0QlMjJpbnRlZ3JhdGlvbkpzJTIyJTIwdHlwZSUzRCUyMnRleHQlMkZqYXZhc2NyaXB0JTIyJTIwc3JjJTNEJTIyaHR0cHMlM0ElMkYlMkZ3d3cuc3RvY2tjcm93ZC5jb20lMkZyZXNvdXJjZXMlMkZqcyUyRnRlbXBsYXRlcyUyRnBheW1lbnQlMkZkcCUyRmludGVncmFjaW9uLW1vZGFsLmpzJTIyJTNFJTNDJTJGc2NyaXB0JTNFJTNDJTJGcCUzRQ==[\/vc_raw_html][\/vc_column][vc_column width=&#8221;1\/2&#8243;][vc_column_text]L\u2019objectiu adequar i decorar [&hellip;]<\/p>\n","protected":false},"author":27,"featured_media":0,"parent":569,"menu_order":0,"comment_status":"closed","ping_status":"closed","template":"","meta":[],"_links":{"self":[{"href":"https:\/\/www.tauli.cat\/institut\/wp-json\/wp\/v2\/pages\/15887"}],"collection":[{"href":"https:\/\/www.tauli.cat\/institut\/wp-json\/wp\/v2\/pages"}],"about":[{"href":"https:\/\/www.tauli.cat\/institut\/wp-json\/wp\/v2\/types\/page"}],"author":[{"embeddable":true,"href":"https:\/\/www.tauli.cat\/institut\/wp-json\/wp\/v2\/users\/27"}],"replies":[{"embeddable":true,"href":"https:\/\/www.tauli.cat\/institut\/wp-json\/wp\/v2\/comments?post=15887"}],"version-history":[{"count":22,"href":"https:\/\/www.tauli.cat\/institut\/wp-json\/wp\/v2\/pages\/15887\/revisions"}],"predecessor-version":[{"id":17769,"href":"https:\/\/www.tauli.cat\/institut\/wp-json\/wp\/v2\/pages\/15887\/revisions\/17769"}],"up":[{"embeddable":true,"href":"https:\/\/www.tauli.cat\/institut\/wp-json\/wp\/v2\/pages\/569"}],"wp:attachment":[{"href":"https:\/\/www.tauli.cat\/institut\/wp-json\/wp\/v2\/media?parent=15887"}],"curies":[{"name":"wp","href":"https:\/\/api.w.org\/{rel}","templated":true}]}}