{"id":18773,"date":"2025-03-28T08:54:48","date_gmt":"2025-03-28T07:54:48","guid":{"rendered":"https:\/\/www.tauli.cat\/institut\/?page_id=18773"},"modified":"2026-04-17T08:24:01","modified_gmt":"2026-04-17T06:24:01","slug":"tauli-health-artificial-intelligence-week","status":"publish","type":"page","link":"https:\/\/www.tauli.cat\/institut\/docencia\/tauli-health-artificial-intelligence-week\/","title":{"rendered":"Taul\u00ed Health Artificial Intelligence Week"},"content":{"rendered":"<div class=\"wpb-content-wrapper\">[vc_row][vc_column][vc_column_text css=&#8221;&#8221;]\n<p class=\"\" data-start=\"153\" data-end=\"395\">La <strong data-start=\"153\" data-end=\"206\">Taul\u00ed Health Artificial Intelligence Week <\/strong>\u00e9s una iniciativa de l&#8217;Institut d&#8217;Investigaci\u00f3 i Innovaci\u00f3 Parc Taul\u00ed que t\u00e9 com a objectiu apropar el potencial de la intel\u00b7lig\u00e8ncia artificial (IA) a l\u2019\u00e0mbit sanitari, des d\u2019una perspectiva pr\u00e0ctica, formativa i innovadora.<\/p>\n<p class=\"\" data-start=\"397\" data-end=\"593\">Durant una setmana, es duen a terme tres esdeveniments complementaris que ofereixen una visi\u00f3 global i aplicada de la recerca i la implementaci\u00f3 de solucions basades en IA en el sector salut.<\/p>\n[\/vc_column_text][\/vc_column][\/vc_row][vc_row][vc_column width=&#8221;1\/3&#8243;]<div class=\"eut-element eut-box eut-align-left box\" style=\"\"><div class=\"eut-media\"><a href=\"https:\/\/www.tauli.cat\/institut\/docencia\/tauli-health-artificial-intelligence-week\/curs-pre-simposium-thais\/\" target=\"_self\"><img width=\"2560\" height=\"1440\" src=\"https:\/\/www.tauli.cat\/institut\/wp-content\/uploads\/2025\/03\/wave-with-connecting-dots-lines-dark-background-wave-particles-data-technology-illustration-scaled.jpg\" class=\"attachment-full size-full\" alt=\"\" decoding=\"async\" loading=\"lazy\" srcset=\"https:\/\/www.tauli.cat\/institut\/wp-content\/uploads\/2025\/03\/wave-with-connecting-dots-lines-dark-background-wave-particles-data-technology-illustration-scaled.jpg 2560w, https:\/\/www.tauli.cat\/institut\/wp-content\/uploads\/2025\/03\/wave-with-connecting-dots-lines-dark-background-wave-particles-data-technology-illustration-300x169.jpg 300w, https:\/\/www.tauli.cat\/institut\/wp-content\/uploads\/2025\/03\/wave-with-connecting-dots-lines-dark-background-wave-particles-data-technology-illustration-1200x675.jpg 1200w, https:\/\/www.tauli.cat\/institut\/wp-content\/uploads\/2025\/03\/wave-with-connecting-dots-lines-dark-background-wave-particles-data-technology-illustration-768x432.jpg 768w, https:\/\/www.tauli.cat\/institut\/wp-content\/uploads\/2025\/03\/wave-with-connecting-dots-lines-dark-background-wave-particles-data-technology-illustration-600x338.jpg 600w, https:\/\/www.tauli.cat\/institut\/wp-content\/uploads\/2025\/03\/wave-with-connecting-dots-lines-dark-background-wave-particles-data-technology-illustration-1536x864.jpg 1536w, https:\/\/www.tauli.cat\/institut\/wp-content\/uploads\/2025\/03\/wave-with-connecting-dots-lines-dark-background-wave-particles-data-technology-illustration-1170x658.jpg 1170w, https:\/\/www.tauli.cat\/institut\/wp-content\/uploads\/2025\/03\/wave-with-connecting-dots-lines-dark-background-wave-particles-data-technology-illustration-800x450.jpg 800w, https:\/\/www.tauli.cat\/institut\/wp-content\/uploads\/2025\/03\/wave-with-connecting-dots-lines-dark-background-wave-particles-data-technology-illustration-1920x1080.jpg 1920w\" sizes=\"(max-width: 2560px) 100vw, 2560px\" \/><\/a><\/div>  <div class=\"eut-box-content\">    <a href=\"https:\/\/www.tauli.cat\/institut\/docencia\/tauli-health-artificial-intelligence-week\/curs-pre-simposium-thais\/\" target=\"_self\"><h3 class=\"eut-box-title\">Curs presimp\u00f2sium THAIS<\/h3>    <\/a>    <p>15 de juny<\/p>  <\/div><\/div>[vc_column_text css=&#8221;&#8221;]Una formaci\u00f3 introduct\u00f2ria adre\u00e7ada a professionals de la salut i investigadors que vulguin entendre les bases de la IA i els seus principals conceptes, metodologies i \u00e0mbits d\u2019aplicaci\u00f3 cl\u00ednica.[\/vc_column_text][\/vc_column][vc_column width=&#8221;1\/3&#8243;]<div class=\"eut-element eut-box eut-align-left box\" style=\"\"><div class=\"eut-media\"><a href=\"https:\/\/www.tauli.cat\/institut\/tauli-health-artificial-intelligence-symposium-thais\/\" target=\"_self\"><img width=\"1920\" height=\"1080\" src=\"https:\/\/www.tauli.cat\/institut\/wp-content\/uploads\/2025\/03\/Plantilla-Imatges-Web-169-2.png\" class=\"attachment-full size-full\" alt=\"\" decoding=\"async\" loading=\"lazy\" srcset=\"https:\/\/www.tauli.cat\/institut\/wp-content\/uploads\/2025\/03\/Plantilla-Imatges-Web-169-2.png 1920w, https:\/\/www.tauli.cat\/institut\/wp-content\/uploads\/2025\/03\/Plantilla-Imatges-Web-169-2-300x169.png 300w, https:\/\/www.tauli.cat\/institut\/wp-content\/uploads\/2025\/03\/Plantilla-Imatges-Web-169-2-1200x675.png 1200w, https:\/\/www.tauli.cat\/institut\/wp-content\/uploads\/2025\/03\/Plantilla-Imatges-Web-169-2-768x432.png 768w, https:\/\/www.tauli.cat\/institut\/wp-content\/uploads\/2025\/03\/Plantilla-Imatges-Web-169-2-600x338.png 600w, https:\/\/www.tauli.cat\/institut\/wp-content\/uploads\/2025\/03\/Plantilla-Imatges-Web-169-2-1536x864.png 1536w, https:\/\/www.tauli.cat\/institut\/wp-content\/uploads\/2025\/03\/Plantilla-Imatges-Web-169-2-1170x658.png 1170w, https:\/\/www.tauli.cat\/institut\/wp-content\/uploads\/2025\/03\/Plantilla-Imatges-Web-169-2-800x450.png 800w\" sizes=\"(max-width: 1920px) 100vw, 1920px\" \/><\/a><\/div>  <div class=\"eut-box-content\">    <a href=\"https:\/\/www.tauli.cat\/institut\/tauli-health-artificial-intelligence-symposium-thais\/\" target=\"_self\"><h3 class=\"eut-box-title\">Taul\u00ed Health Artificial Intelligence Symposium \u2013 THAIS<\/h3>    <\/a>    <p>16 i 17 de juny<\/p>  <\/div><\/div>[vc_column_text css=&#8221;&#8221;]El simposi central, on experts de refer\u00e8ncia nacionals i internacionals, presenten les \u00faltimes tend\u00e8ncies, casos d\u2019\u00e8xit i reptes de la IA en salut. Un espai per compartir coneixement, debatre idees i generar sinergies entre el m\u00f3n cl\u00ednic, la recerca i la tecnologia.[\/vc_column_text][\/vc_column][vc_column width=&#8221;1\/3&#8243;]<div class=\"eut-element eut-box eut-align-left box\" style=\"\"><div class=\"eut-media\"><a href=\"https:\/\/www.tauli.cat\/institut\/docencia\/tauli-health-artificial-intelligence-week\/artificial-intelligence-in-action\/\" target=\"_self\"><img width=\"2560\" height=\"1440\" src=\"https:\/\/www.tauli.cat\/institut\/wp-content\/uploads\/2025\/03\/blue-wave-conection-dots-lines-abstract-technology-background-science-futuristic-background-scaled.jpg\" class=\"attachment-full size-full\" alt=\"\" decoding=\"async\" loading=\"lazy\" srcset=\"https:\/\/www.tauli.cat\/institut\/wp-content\/uploads\/2025\/03\/blue-wave-conection-dots-lines-abstract-technology-background-science-futuristic-background-scaled.jpg 2560w, https:\/\/www.tauli.cat\/institut\/wp-content\/uploads\/2025\/03\/blue-wave-conection-dots-lines-abstract-technology-background-science-futuristic-background-300x169.jpg 300w, https:\/\/www.tauli.cat\/institut\/wp-content\/uploads\/2025\/03\/blue-wave-conection-dots-lines-abstract-technology-background-science-futuristic-background-1200x675.jpg 1200w, https:\/\/www.tauli.cat\/institut\/wp-content\/uploads\/2025\/03\/blue-wave-conection-dots-lines-abstract-technology-background-science-futuristic-background-768x432.jpg 768w, https:\/\/www.tauli.cat\/institut\/wp-content\/uploads\/2025\/03\/blue-wave-conection-dots-lines-abstract-technology-background-science-futuristic-background-600x338.jpg 600w, https:\/\/www.tauli.cat\/institut\/wp-content\/uploads\/2025\/03\/blue-wave-conection-dots-lines-abstract-technology-background-science-futuristic-background-1536x864.jpg 1536w, https:\/\/www.tauli.cat\/institut\/wp-content\/uploads\/2025\/03\/blue-wave-conection-dots-lines-abstract-technology-background-science-futuristic-background-1170x658.jpg 1170w, https:\/\/www.tauli.cat\/institut\/wp-content\/uploads\/2025\/03\/blue-wave-conection-dots-lines-abstract-technology-background-science-futuristic-background-800x450.jpg 800w, https:\/\/www.tauli.cat\/institut\/wp-content\/uploads\/2025\/03\/blue-wave-conection-dots-lines-abstract-technology-background-science-futuristic-background-1920x1080.jpg 1920w\" sizes=\"(max-width: 2560px) 100vw, 2560px\" \/><\/a><\/div>  <div class=\"eut-box-content\">    <a href=\"https:\/\/www.tauli.cat\/institut\/docencia\/tauli-health-artificial-intelligence-week\/artificial-intelligence-in-action\/\" target=\"_self\"><h3 class=\"eut-box-title\">Artificial Intelligence in Action<\/h3>    <\/a>    <p>TBC<\/p>  <\/div><\/div>[vc_column_text css=&#8221;&#8221;]\n<p class=\"\" data-start=\"1225\" data-end=\"1558\">Una jornada focalitzada en la presentaci\u00f3 d\u2019un projecte de recerca en IA desenvolupat al Parc Taul\u00ed. Es tracta d\u2019un espai per mostrar resultats, explicar el proc\u00e9s de recerca i transfer\u00e8ncia, i promoure l&#8217;intercanvi d&#8217;experi\u00e8ncies amb professionals de diferents disciplines.<\/p>\n[\/vc_column_text][\/vc_column][\/vc_row]\n<\/div>","protected":false},"excerpt":{"rendered":"<p>[vc_row][vc_column][vc_column_text css=&#8221;&#8221;] La Taul\u00ed Health Artificial Intelligence Week \u00e9s una iniciativa de l&#8217;Institut d&#8217;Investigaci\u00f3 i Innovaci\u00f3 Parc Taul\u00ed que t\u00e9 com a objectiu apropar el potencial de la intel\u00b7lig\u00e8ncia artificial (IA) a l\u2019\u00e0mbit sanitari, des d\u2019una perspectiva pr\u00e0ctica, formativa i innovadora. Durant una setmana, es duen a terme tres esdeveniments complementaris que ofereixen una visi\u00f3 [&hellip;]<\/p>\n","protected":false},"author":27,"featured_media":0,"parent":2913,"menu_order":0,"comment_status":"closed","ping_status":"closed","template":"","meta":[],"_links":{"self":[{"href":"https:\/\/www.tauli.cat\/institut\/wp-json\/wp\/v2\/pages\/18773"}],"collection":[{"href":"https:\/\/www.tauli.cat\/institut\/wp-json\/wp\/v2\/pages"}],"about":[{"href":"https:\/\/www.tauli.cat\/institut\/wp-json\/wp\/v2\/types\/page"}],"author":[{"embeddable":true,"href":"https:\/\/www.tauli.cat\/institut\/wp-json\/wp\/v2\/users\/27"}],"replies":[{"embeddable":true,"href":"https:\/\/www.tauli.cat\/institut\/wp-json\/wp\/v2\/comments?post=18773"}],"version-history":[{"count":20,"href":"https:\/\/www.tauli.cat\/institut\/wp-json\/wp\/v2\/pages\/18773\/revisions"}],"predecessor-version":[{"id":22678,"href":"https:\/\/www.tauli.cat\/institut\/wp-json\/wp\/v2\/pages\/18773\/revisions\/22678"}],"up":[{"embeddable":true,"href":"https:\/\/www.tauli.cat\/institut\/wp-json\/wp\/v2\/pages\/2913"}],"wp:attachment":[{"href":"https:\/\/www.tauli.cat\/institut\/wp-json\/wp\/v2\/media?parent=18773"}],"curies":[{"name":"wp","href":"https:\/\/api.w.org\/{rel}","templated":true}]}}