{"id":18986,"date":"2025-04-15T11:43:52","date_gmt":"2025-04-15T09:43:52","guid":{"rendered":"https:\/\/www.tauli.cat\/institut\/?page_id=18986"},"modified":"2025-04-15T11:44:23","modified_gmt":"2025-04-15T09:44:23","slug":"govern-obert","status":"publish","type":"page","link":"https:\/\/www.tauli.cat\/institut\/portal-de-transparencia\/govern-obert\/","title":{"rendered":"Govern obert"},"content":{"rendered":"<div class=\"wpb-content-wrapper\">[vc_row][vc_column][vc_column_text css=&#8221;&#8221;]\n<h2>Resolucions del dret d&#8217;acc\u00e9s a la informaci\u00f3 p\u00fablica<\/h2>\n<p><em>[No es disposa d\u2019informaci\u00f3 d\u2019aquesta naturalesa]<\/em>[\/vc_column_text]<div class=\"eut-element eut-box-icon eut-align-left eut-medium\" style=\"\"><a href=\"https:\/\/governobert.gencat.cat\/ca\/portal-de-la-transparencia\/acces-a-la-informacio-publica\/cercador-resolucions-saip\/\" target=\"_blank\">  <div class=\"eut-wrapper-icon eut-no-shape eut-color-grey\"><i class=\"fas fa-search eut-color-primary-1\"><\/i><\/div><\/a>  <div class=\"eut-box-content\"><a href=\"https:\/\/governobert.gencat.cat\/ca\/portal-de-la-transparencia\/acces-a-la-informacio-publica\/cercador-resolucions-saip\/\" target=\"_blank\">      <h5 class=\"eut-box-title\">Cercador de resolucions de les sol\u00b7licituds d'informaci\u00f3 p\u00fablica<\/h5><\/a>  <\/div><\/div>[\/vc_column][\/vc_row][vc_row][vc_column width=&#8221;1\/5&#8243;][vc_column_text css=&#8221;&#8221;]<span style=\"font-size: 10pt;\"><strong>Refer\u00e8ncia<\/strong>: Any en curs<\/span>[\/vc_column_text][\/vc_column][vc_column width=&#8221;1\/5&#8243;][vc_column_text css=&#8221;&#8221;]<span style=\"font-size: 10pt;\"><strong>Manteniment<\/strong>: 5 anys<\/span>[\/vc_column_text][\/vc_column][vc_column width=&#8221;1\/5&#8243;][vc_column_text css=&#8221;&#8221;]<span style=\"font-size: 10pt;\"><strong>Actualitzaci\u00f3<\/strong>: Anual<\/span>[\/vc_column_text][\/vc_column][\/vc_row][vc_row][vc_column][vc_column_text css=&#8221;&#8221;]\n<h2>Informaci\u00f3 m\u00e9s freq\u00fcent<\/h2>\n<p><em>[No es disposa d\u2019informaci\u00f3 d\u2019aquesta naturalesa]<\/em>[\/vc_column_text]<div class=\"eut-element eut-box-icon eut-align-left eut-medium\" style=\"\"><a href=\"https:\/\/analisi.transparenciacatalunya.cat\/Sector-P-blic\/Informaci-sol-licitada-amb-m-s-freq-ncia\/nrr7-yasm\/about_data\" target=\"_blank\">  <div class=\"eut-wrapper-icon eut-no-shape eut-color-grey\"><i class=\"fas fa-search eut-color-primary-1\"><\/i><\/div><\/a>  <div class=\"eut-box-content\"><a href=\"https:\/\/analisi.transparenciacatalunya.cat\/Sector-P-blic\/Informaci-sol-licitada-amb-m-s-freq-ncia\/nrr7-yasm\/about_data\" target=\"_blank\">      <h5 class=\"eut-box-title\">Informaci\u00f3 sol\u00b7licitada amb m\u00e9s freq\u00fc\u00e8ncia - Generalitat de Catalunya<\/h5><\/a>  <\/div><\/div>[\/vc_column][\/vc_row][vc_row][vc_column width=&#8221;1\/5&#8243;][vc_column_text css=&#8221;&#8221;]<span style=\"font-size: 10pt;\"><strong>Refer\u00e8ncia<\/strong>: Any en curs<\/span>[\/vc_column_text][\/vc_column][vc_column width=&#8221;1\/5&#8243;][vc_column_text css=&#8221;&#8221;]<span style=\"font-size: 10pt;\"><strong>Manteniment<\/strong>: 5 anys<\/span>[\/vc_column_text][\/vc_column][vc_column width=&#8221;1\/5&#8243;][vc_column_text css=&#8221;&#8221;]<span style=\"font-size: 10pt;\"><strong>Actualitzaci\u00f3<\/strong>: Anual<\/span>[\/vc_column_text][\/vc_column][\/vc_row]\n<\/div>","protected":false},"excerpt":{"rendered":"<p>[vc_row][vc_column][vc_column_text css=&#8221;&#8221;] Resolucions del dret d&#8217;acc\u00e9s a la informaci\u00f3 p\u00fablica [No es disposa d\u2019informaci\u00f3 d\u2019aquesta naturalesa][\/vc_column_text][\/vc_column][\/vc_row][vc_row][vc_column width=&#8221;1\/5&#8243;][vc_column_text css=&#8221;&#8221;]Refer\u00e8ncia: Any en curs[\/vc_column_text][\/vc_column][vc_column width=&#8221;1\/5&#8243;][vc_column_text css=&#8221;&#8221;]Manteniment: 5 anys[\/vc_column_text][\/vc_column][vc_column width=&#8221;1\/5&#8243;][vc_column_text css=&#8221;&#8221;]Actualitzaci\u00f3: Anual[\/vc_column_text][\/vc_column][\/vc_row][vc_row][vc_column][vc_column_text css=&#8221;&#8221;] Informaci\u00f3 m\u00e9s freq\u00fcent [No es disposa d\u2019informaci\u00f3 d\u2019aquesta naturalesa][\/vc_column_text][\/vc_column][\/vc_row][vc_row][vc_column width=&#8221;1\/5&#8243;][vc_column_text css=&#8221;&#8221;]Refer\u00e8ncia: Any en curs[\/vc_column_text][\/vc_column][vc_column width=&#8221;1\/5&#8243;][vc_column_text css=&#8221;&#8221;]Manteniment: 5 anys[\/vc_column_text][\/vc_column][vc_column width=&#8221;1\/5&#8243;][vc_column_text css=&#8221;&#8221;]Actualitzaci\u00f3: Anual[\/vc_column_text][\/vc_column][\/vc_row]<\/p>\n","protected":false},"author":28,"featured_media":0,"parent":15021,"menu_order":0,"comment_status":"closed","ping_status":"closed","template":"","meta":[],"_links":{"self":[{"href":"https:\/\/www.tauli.cat\/institut\/wp-json\/wp\/v2\/pages\/18986"}],"collection":[{"href":"https:\/\/www.tauli.cat\/institut\/wp-json\/wp\/v2\/pages"}],"about":[{"href":"https:\/\/www.tauli.cat\/institut\/wp-json\/wp\/v2\/types\/page"}],"author":[{"embeddable":true,"href":"https:\/\/www.tauli.cat\/institut\/wp-json\/wp\/v2\/users\/28"}],"replies":[{"embeddable":true,"href":"https:\/\/www.tauli.cat\/institut\/wp-json\/wp\/v2\/comments?post=18986"}],"version-history":[{"count":3,"href":"https:\/\/www.tauli.cat\/institut\/wp-json\/wp\/v2\/pages\/18986\/revisions"}],"predecessor-version":[{"id":18990,"href":"https:\/\/www.tauli.cat\/institut\/wp-json\/wp\/v2\/pages\/18986\/revisions\/18990"}],"up":[{"embeddable":true,"href":"https:\/\/www.tauli.cat\/institut\/wp-json\/wp\/v2\/pages\/15021"}],"wp:attachment":[{"href":"https:\/\/www.tauli.cat\/institut\/wp-json\/wp\/v2\/media?parent=18986"}],"curies":[{"name":"wp","href":"https:\/\/api.w.org\/{rel}","templated":true}]}}