{"id":2881,"date":"2020-05-27T11:37:14","date_gmt":"2020-05-27T09:37:14","guid":{"rendered":"http:\/\/www.tauli.cat\/institut\/?page_id=2881"},"modified":"2021-06-10T10:58:53","modified_gmt":"2021-06-10T08:58:53","slug":"practiques","status":"publish","type":"page","link":"https:\/\/www.tauli.cat\/institut\/docencia\/practiques\/","title":{"rendered":"Estades docents i d&#8217;investigaci\u00f3"},"content":{"rendered":"<div class=\"wpb-content-wrapper\">[vc_row][vc_column][vc_column_text]El Parc Taul\u00ed ofereix un ampli ventall de possibilitats per a estudiants, graduats i professionals en exercici que vulguin realitzar <strong>pr\u00e0ctiques de perfeccionament<\/strong> per aprofundir en el coneixements i les habilitats en camps en els que som pioners o podem oferir formaci\u00f3 espec\u00edfica.<\/p>\n<p>\u00c9s important tenir en compte que:<\/p>\n<ul>\n<li>Els tr\u00e0mits de gesti\u00f3 s\u2019hauran de realitzar amb una antelaci\u00f3 m\u00ednima de <strong>tres mesos<\/strong> abans de l\u2019inici de l\u2019estada. \u00c9s imprescindible respectar aquest marge de temps, sobretot tamb\u00e9 si voleu que el vostre projecte formatiu es faci a l&#8217;\u00e0mbit de recerca i calgui gestionar dades de pacients, fet que requereix <strong>tramitaci\u00f3 pr\u00e8via al CEI\/CEIm<\/strong>.<\/li>\n<li>Per poder realitzar l\u2019estada \u00e9s imprescindible tenir formalitzats el conveni marc amb el centre sol\u00b7licitant i el projecte formatiu espec\u00edfic personal.<\/li>\n<li>En cap cas les estades formatives seran retribu\u00efdes.<\/li>\n<li>S\u2019haur\u00e0 d\u2019aportar la seg\u00fcent documentaci\u00f3:\n<ul>\n<li>Asseguran\u00e7a d\u2019assist\u00e8ncia sanit\u00e0ria de malaltia i accidents<\/li>\n<li>Asseguran\u00e7a de responsabilitat civil<\/li>\n<li>Comprom\u00eds de confidencialitat (adjuntarem document)<\/li>\n<li>Certificat negatiu de Delictes de Naturalesa Sexual<\/li>\n<li>Declaraci\u00f3 responsable (adjuntarem document)<\/li>\n<li>Segons la situaci\u00f3 de pand\u00e8mia s\u2019haur\u00e0 de presentar el resultat negatiu de PCR (m\u00e0xim 72h abans de l\u2019inici de les pr\u00e0ctiques)<\/li>\n<\/ul>\n<\/li>\n<\/ul>\n[\/vc_column_text][\/vc_column][\/vc_row][vc_row][vc_column][vc_column_text]\n<h2>Formulari de sol\u00b7licitud de pr\u00e0ctiques<\/h2>\n[\/vc_column_text]\n<div class=\"wpcf7 no-js\" id=\"wpcf7-f6109-o1\" lang=\"ca\" dir=\"ltr\">\n<div class=\"screen-reader-response\"><p role=\"status\" aria-live=\"polite\" aria-atomic=\"true\"><\/p> <ul><\/ul><\/div>\n<form action=\"\/institut\/wp-json\/wp\/v2\/pages\/2881#wpcf7-f6109-o1\" method=\"post\" class=\"wpcf7-form init\" aria-label=\"Formulari de contacte\" enctype=\"multipart\/form-data\" novalidate=\"novalidate\" data-status=\"init\">\n<div style=\"display: none;\">\n<input type=\"hidden\" name=\"_wpcf7\" value=\"6109\" \/>\n<input type=\"hidden\" name=\"_wpcf7_version\" value=\"5.8.7\" \/>\n<input type=\"hidden\" name=\"_wpcf7_locale\" value=\"ca\" \/>\n<input type=\"hidden\" name=\"_wpcf7_unit_tag\" value=\"wpcf7-f6109-o1\" \/>\n<input type=\"hidden\" name=\"_wpcf7_container_post\" value=\"0\" \/>\n<input type=\"hidden\" name=\"_wpcf7_posted_data_hash\" value=\"\" \/>\n<input type=\"hidden\" name=\"_wpcf7cf_hidden_group_fields\" value=\"[]\" \/>\n<input type=\"hidden\" name=\"_wpcf7cf_hidden_groups\" value=\"[]\" \/>\n<input type=\"hidden\" name=\"_wpcf7cf_visible_groups\" value=\"[]\" \/>\n<input type=\"hidden\" name=\"_wpcf7cf_repeaters\" value=\"[]\" \/>\n<input type=\"hidden\" name=\"_wpcf7cf_steps\" value=\"{}\" \/>\n<input type=\"hidden\" name=\"_wpcf7cf_options\" value=\"{&quot;form_id&quot;:6109,&quot;conditions&quot;:[{&quot;then_field&quot;:&quot;grup-recerca&quot;,&quot;and_rules&quot;:[{&quot;if_field&quot;:&quot;recerca&quot;,&quot;operator&quot;:&quot;equals&quot;,&quot;if_value&quot;:&quot;Recerca&quot;}]},{&quot;then_field&quot;:&quot;grup-altres&quot;,&quot;and_rules&quot;:[{&quot;if_field&quot;:&quot;altres&quot;,&quot;operator&quot;:&quot;equals&quot;,&quot;if_value&quot;:&quot;Altres \\u00e0mbits&quot;}]}],&quot;settings&quot;:{&quot;animation&quot;:&quot;yes&quot;,&quot;animation_intime&quot;:200,&quot;animation_outtime&quot;:200,&quot;conditions_ui&quot;:&quot;normal&quot;,&quot;notice_dismissed&quot;:false,&quot;notice_dismissed_rollback-cf7-5.3.2&quot;:true,&quot;notice_dismissed_rollback-cf7-5.4.1&quot;:true,&quot;notice_dismissed_rollback-cf7-5.6.4&quot;:true,&quot;notice_dismissed_rollback-cf7-5.7.6&quot;:true,&quot;notice_dismissed_rollback-cf7-5.8.6&quot;:true,&quot;notice_dismissed_update-cf7-5.9.5&quot;:true,&quot;notice_dismissed_update-cf7-5.9.8&quot;:true,&quot;notice_dismissed_update-cf7-6.0&quot;:true}}\" \/>\n<input type=\"hidden\" name=\"_wpcf7_recaptcha_response\" value=\"\" \/>\n<\/div>\n<div class=\"camp-formulari\">\n\t<h3>Dades de l'estada\n\t<\/h3>\n<\/div>\n<div class=\"camp-formulari\">\n\t<p>\u00c0mbit on voldries fer les pr\u00e0ctiques\n\t<\/p>\n\t<p style=\"margin-bottom:25px\"><span class=\"wpcf7-form-control-wrap\" data-name=\"administracio\"><span class=\"wpcf7-form-control wpcf7-checkbox\"><span class=\"wpcf7-list-item first last\"><label><input type=\"checkbox\" name=\"administracio[]\" value=\"Administraci\u00f3\" \/><span class=\"wpcf7-list-item-label\">Administraci\u00f3<\/span><\/label><\/span><\/span><\/span><span class=\"wpcf7-form-control-wrap\" data-name=\"recursos-humans\"><span class=\"wpcf7-form-control wpcf7-checkbox\"><span class=\"wpcf7-list-item first last\"><label><input type=\"checkbox\" name=\"recursos-humans[]\" value=\"Recursos Humans\" \/><span class=\"wpcf7-list-item-label\">Recursos Humans<\/span><\/label><\/span><\/span><\/span><span class=\"wpcf7-form-control-wrap\" data-name=\"comunicacio\"><span class=\"wpcf7-form-control wpcf7-checkbox\"><span class=\"wpcf7-list-item first last\"><label><input type=\"checkbox\" name=\"comunicacio[]\" value=\"Comunicaci\u00f3 i Mecenatge\" \/><span class=\"wpcf7-list-item-label\">Comunicaci\u00f3 i Mecenatge<\/span><\/label><\/span><\/span><\/span><span class=\"wpcf7-form-control-wrap\" data-name=\"comunicacio\"><span class=\"wpcf7-form-control wpcf7-checkbox\"><span class=\"wpcf7-list-item first last\"><label><input type=\"checkbox\" name=\"comunicacio[]\" value=\"Innovaci\u00f3\" \/><span class=\"wpcf7-list-item-label\">Innovaci\u00f3<\/span><\/label><\/span><\/span><\/span><span class=\"wpcf7-form-control-wrap\" data-name=\"gestio\"><span class=\"wpcf7-form-control wpcf7-checkbox\"><span class=\"wpcf7-list-item first last\"><label><input type=\"checkbox\" name=\"gestio[]\" value=\"Gesti\u00f3 de projectes de recerca\" \/><span class=\"wpcf7-list-item-label\">Gesti\u00f3 de projectes de recerca<\/span><\/label><\/span><\/span><\/span><span class=\"wpcf7-form-control-wrap\" data-name=\"informatica\"><span class=\"wpcf7-form-control wpcf7-checkbox\"><span class=\"wpcf7-list-item first last\"><label><input type=\"checkbox\" name=\"informatica[]\" value=\"Inform\u00e0tica\" \/><span class=\"wpcf7-list-item-label\">Inform\u00e0tica<\/span><\/label><\/span><\/span><\/span><span class=\"wpcf7-form-control-wrap\" data-name=\"USAC\"><span class=\"wpcf7-form-control wpcf7-checkbox\"><span class=\"wpcf7-list-item first last\"><label><input type=\"checkbox\" name=\"USAC[]\" value=\"USAC\" \/><span class=\"wpcf7-list-item-label\">USAC<\/span><\/label><\/span><\/span><\/span><span class=\"wpcf7-form-control-wrap\" data-name=\"laboratori1\"><span class=\"wpcf7-form-control wpcf7-checkbox\"><span class=\"wpcf7-list-item first last\"><label><input type=\"checkbox\" name=\"laboratori1[]\" value=\"Laboratori 3D\" \/><span class=\"wpcf7-list-item-label\">Laboratori 3D<\/span><\/label><\/span><\/span><\/span><span class=\"wpcf7-form-control-wrap\" data-name=\"laboratori2\"><span class=\"wpcf7-form-control wpcf7-checkbox\"><span class=\"wpcf7-list-item first last\"><label><input type=\"checkbox\" name=\"laboratori2[]\" value=\"Laboratori Imatge M\u00e8dica\" \/><span class=\"wpcf7-list-item-label\">Laboratori Imatge M\u00e8dica<\/span><\/label><\/span><\/span><\/span><span class=\"wpcf7-form-control-wrap\" data-name=\"laboratori3\"><span class=\"wpcf7-form-control wpcf7-checkbox\"><span class=\"wpcf7-list-item first last\"><label><input type=\"checkbox\" name=\"laboratori3[]\" value=\"Laboratori de senyals\" \/><span class=\"wpcf7-list-item-label\">Laboratori de senyals<\/span><\/label><\/span><\/span><\/span><span class=\"wpcf7-form-control-wrap\" data-name=\"recerca\"><span class=\"wpcf7-form-control wpcf7-checkbox\"><span class=\"wpcf7-list-item first last\"><label><input type=\"checkbox\" name=\"recerca[]\" value=\"Recerca\" \/><span class=\"wpcf7-list-item-label\">Recerca<\/span><\/label><\/span><\/span><\/span><span class=\"wpcf7-form-control-wrap\" data-name=\"altres\"><span class=\"wpcf7-form-control wpcf7-checkbox\"><span class=\"wpcf7-list-item first last\"><label><input type=\"checkbox\" name=\"altres[]\" value=\"Altres \u00e0mbits\" \/><span class=\"wpcf7-list-item-label\">Altres \u00e0mbits<\/span><\/label><\/span><\/span><\/span>\n\t<\/p>\n<\/div>\n<div data-id=\"grup-altres\" data-orig_data_id=\"grup-altres\"  data-class=\"wpcf7cf_group\">\n\t<div class=\"camp-formulari\">\n\t\t<p>Especifica quins altres \u00e0mbits\n\t\t<\/p>\n\t\t<p><span class=\"wpcf7-form-control-wrap\" data-name=\"altres-ambits\"><input size=\"40\" class=\"wpcf7-form-control wpcf7-text wpcf7-validates-as-required\" aria-required=\"true\" aria-invalid=\"false\" value=\"\" type=\"text\" name=\"altres-ambits\" \/><\/span>\n\t\t<\/p>\n\t<\/div>\n<\/div>\n<div data-id=\"grup-recerca\" data-orig_data_id=\"grup-recerca\"  data-class=\"wpcf7cf_group\">\n\t<div class=\"camp-formulari\">\n\t\t<p>Especifica \u00e0rea o \u00e0mbit de recerca\n\t\t<\/p>\n\t\t<p style=\"margin-bottom:25px\"><span class=\"wpcf7-form-control-wrap\" data-name=\"cancer\"><span class=\"wpcf7-form-control wpcf7-checkbox\"><span class=\"wpcf7-list-item first last\"><label><input type=\"checkbox\" name=\"cancer[]\" value=\"\u00c0rea Cancer\" \/><span class=\"wpcf7-list-item-label\">\u00c0rea Cancer<\/span><\/label><\/span><\/span><\/span><span class=\"wpcf7-form-control-wrap\" data-name=\"salut-mental\"><span class=\"wpcf7-form-control wpcf7-checkbox\"><span class=\"wpcf7-list-item first last\"><label><input type=\"checkbox\" name=\"salut-mental[]\" value=\"\u00c0rea Salut Mental i Neuroci\u00e8ncies\" \/><span class=\"wpcf7-list-item-label\">\u00c0rea Salut Mental i Neuroci\u00e8ncies<\/span><\/label><\/span><\/span><\/span><span class=\"wpcf7-form-control-wrap\" data-name=\"metabolisme\"><span class=\"wpcf7-form-control wpcf7-checkbox\"><span class=\"wpcf7-list-item first last\"><label><input type=\"checkbox\" name=\"metabolisme[]\" value=\"\u00c0rea Metabolisme i Digestiu\" \/><span class=\"wpcf7-list-item-label\">\u00c0rea Metabolisme i Digestiu<\/span><\/label><\/span><\/span><\/span><span class=\"wpcf7-form-control-wrap\" data-name=\"minoritaries\"><span class=\"wpcf7-form-control wpcf7-checkbox\"><span class=\"wpcf7-list-item first last\"><label><input type=\"checkbox\" name=\"minoritaries[]\" value=\"\u00c0rea Malalties Minorit\u00e0ries\" \/><span class=\"wpcf7-list-item-label\">\u00c0rea Malalties Minorit\u00e0ries<\/span><\/label><\/span><\/span><\/span><span class=\"wpcf7-form-control-wrap\" data-name=\"epidemilogia\"><span class=\"wpcf7-form-control wpcf7-checkbox\"><span class=\"wpcf7-list-item first last\"><label><input type=\"checkbox\" name=\"epidemilogia[]\" value=\"\u00c0rea Epidemiologia, Millora Assistencial i Cronicitat\" \/><span class=\"wpcf7-list-item-label\">\u00c0rea Epidemiologia, Millora Assistencial i Cronicitat<\/span><\/label><\/span><\/span><\/span><span class=\"wpcf7-form-control-wrap\" data-name=\"infeccions\"><span class=\"wpcf7-form-control wpcf7-checkbox\"><span class=\"wpcf7-list-item first last\"><label><input type=\"checkbox\" name=\"infeccions[]\" value=\"\u00c0rea Infeccions i Immunologia\" \/><span class=\"wpcf7-list-item-label\">\u00c0rea Infeccions i Immunologia<\/span><\/label><\/span><\/span><\/span><span class=\"wpcf7-form-control-wrap\" data-name=\"cirurgia\"><span class=\"wpcf7-form-control wpcf7-checkbox\"><span class=\"wpcf7-list-item first last\"><label><input type=\"checkbox\" name=\"cirurgia[]\" value=\"\u00c0rea Cirurgia i Procediments Intervencionistes\" \/><span class=\"wpcf7-list-item-label\">\u00c0rea Cirurgia i Procediments Intervencionistes<\/span><\/label><\/span><\/span><\/span><span class=\"wpcf7-form-control-wrap\" data-name=\"lab3d\"><span class=\"wpcf7-form-control wpcf7-checkbox\"><span class=\"wpcf7-list-item first last\"><label><input type=\"checkbox\" name=\"lab3d[]\" value=\"Laboratori 3D\" \/><span class=\"wpcf7-list-item-label\">Laboratori 3D<\/span><\/label><\/span><\/span><\/span><span class=\"wpcf7-form-control-wrap\" data-name=\"biobanc\"><span class=\"wpcf7-form-control wpcf7-checkbox\"><span class=\"wpcf7-list-item first last\"><label><input type=\"checkbox\" name=\"biobanc[]\" value=\"Biobanc\" \/><span class=\"wpcf7-list-item-label\">Biobanc<\/span><\/label><\/span><\/span><\/span><span class=\"wpcf7-form-control-wrap\" data-name=\"labsenyals\"><span class=\"wpcf7-form-control wpcf7-checkbox\"><span class=\"wpcf7-list-item first last\"><label><input type=\"checkbox\" name=\"labsenyals[]\" value=\"Laboratori de Senyals\" \/><span class=\"wpcf7-list-item-label\">Laboratori de Senyals<\/span><\/label><\/span><\/span><\/span><span class=\"wpcf7-form-control-wrap\" data-name=\"labimatge\"><span class=\"wpcf7-form-control wpcf7-checkbox\"><span class=\"wpcf7-list-item first last\"><label><input type=\"checkbox\" name=\"labimatge[]\" value=\"Laboratori d&#039;Imatge\" \/><span class=\"wpcf7-list-item-label\">Laboratori d&#039;Imatge<\/span><\/label><\/span><\/span><\/span><span class=\"wpcf7-form-control-wrap\" data-name=\"labsimulacio\"><span class=\"wpcf7-form-control wpcf7-checkbox\"><span class=\"wpcf7-list-item first last\"><label><input type=\"checkbox\" name=\"labsimulacio[]\" value=\"Laboratori de Simulaci\u00f3\" \/><span class=\"wpcf7-list-item-label\">Laboratori de Simulaci\u00f3<\/span><\/label><\/span><\/span><\/span>\n\t\t<\/p>\n\t<\/div>\n<\/div>\n<div class=\"camp-formulari\">\n\t<p>Data d'inici\n\t<\/p>\n\t<p><span class=\"wpcf7-form-control-wrap\" data-name=\"inici\"><input class=\"wpcf7-form-control wpcf7-date wpcf7-validates-as-required wpcf7-validates-as-date\" min=\"2026-04-17\" aria-required=\"true\" aria-invalid=\"false\" value=\"\" type=\"date\" name=\"inici\" \/><\/span>\n\t<\/p>\n<\/div>\n<div class=\"camp-formulari\">\n\t<p>Data de finalitzaci\u00f3\n\t<\/p>\n\t<p><span class=\"wpcf7-form-control-wrap\" data-name=\"final\"><input class=\"wpcf7-form-control wpcf7-date wpcf7-validates-as-required wpcf7-validates-as-date\" min=\"2026-04-17\" aria-required=\"true\" aria-invalid=\"false\" value=\"\" type=\"date\" name=\"final\" \/><\/span>\n\t<\/p>\n<\/div>\n<div class=\"camp-formulari\">\n\t<p>Total d'hores\n\t<\/p>\n\t<p><span class=\"wpcf7-form-control-wrap\" data-name=\"hores\"><input size=\"40\" class=\"wpcf7-form-control wpcf7-text wpcf7-validates-as-required\" aria-required=\"true\" aria-invalid=\"false\" value=\"\" type=\"text\" name=\"hores\" \/><\/span>\n\t<\/p>\n<\/div>\n<div class=\"camp-formulari\">\n\t<p>Horari i dies a la setmana presencials al Parc Taul\u00ed\n\t<\/p>\n\t<p><span class=\"wpcf7-form-control-wrap\" data-name=\"horari\"><textarea cols=\"40\" rows=\"4\" class=\"wpcf7-form-control wpcf7-textarea wpcf7-validates-as-required\" aria-required=\"true\" aria-invalid=\"false\" name=\"horari\"><\/textarea><\/span>\n\t<\/p>\n<\/div>\n<div class=\"camp-formulari\">\n\t<p>Tipus de pr\u00e0ctiques\n\t<\/p>\n\t<p><span class=\"wpcf7-form-control-wrap\" data-name=\"tipus-practiques\"><select class=\"wpcf7-form-control wpcf7-select wpcf7-validates-as-required\" aria-required=\"true\" aria-invalid=\"false\" name=\"tipus-practiques\"><option value=\"\">&#8212;Trieu una opci\u00f3&#8212;<\/option><option value=\"Curriculars\">Curriculars<\/option><option value=\"No curriculars\">No curriculars<\/option><\/select><\/span>\n\t<\/p>\n<\/div>\n<div class=\"camp-formulari\">\n\t<p>Objectius docents de l'estada formativa\n\t<\/p>\n\t<p><span class=\"wpcf7-form-control-wrap\" data-name=\"objectius-estada\"><textarea cols=\"40\" rows=\"8\" class=\"wpcf7-form-control wpcf7-textarea wpcf7-validates-as-required\" aria-required=\"true\" aria-invalid=\"false\" name=\"objectius-estada\"><\/textarea><\/span>\n\t<\/p>\n<\/div>\n<div class=\"camp-formulari\">\n\t<h3>Dades acad\u00e8miques\n\t<\/h3>\n<\/div>\n<div class=\"camp-formulari\">\n\t<p>Universitat\n\t<\/p>\n\t<p><span class=\"wpcf7-form-control-wrap\" data-name=\"universitat\"><input size=\"40\" class=\"wpcf7-form-control wpcf7-text wpcf7-validates-as-required\" aria-required=\"true\" aria-invalid=\"false\" value=\"\" type=\"text\" name=\"universitat\" \/><\/span>\n\t<\/p>\n<\/div>\n<div class=\"camp-formulari\">\n\t<p>Facultat\n\t<\/p>\n\t<p><span class=\"wpcf7-form-control-wrap\" data-name=\"facultat\"><input size=\"40\" class=\"wpcf7-form-control wpcf7-text wpcf7-validates-as-required\" aria-required=\"true\" aria-invalid=\"false\" value=\"\" type=\"text\" name=\"facultat\" \/><\/span>\n\t<\/p>\n<\/div>\n<div class=\"camp-formulari\">\n\t<p>Tipus d'estudis\n\t<\/p>\n\t<p><span class=\"wpcf7-form-control-wrap\" data-name=\"tipus-estudi\"><select class=\"wpcf7-form-control wpcf7-select wpcf7-validates-as-required\" aria-required=\"true\" aria-invalid=\"false\" name=\"tipus-estudi\"><option value=\"\">&#8212;Trieu una opci\u00f3&#8212;<\/option><option value=\"Grau\">Grau<\/option><option value=\"Postgrau\">Postgrau<\/option><option value=\"M\u00e0ster\">M\u00e0ster<\/option><\/select><\/span>\n\t<\/p>\n<\/div>\n<div class=\"camp-formulari\">\n\t<p>Nom dels estudis\n\t<\/p>\n\t<p><span class=\"wpcf7-form-control-wrap\" data-name=\"nom-estudis\"><input size=\"40\" class=\"wpcf7-form-control wpcf7-text wpcf7-validates-as-required\" aria-required=\"true\" aria-invalid=\"false\" value=\"\" type=\"text\" name=\"nom-estudis\" \/><\/span>\n\t<\/p>\n<\/div>\n<div class=\"camp-formulari\">\n\t<p>Comentaris (opcional)\n\t<\/p>\n\t<p><span class=\"wpcf7-form-control-wrap\" data-name=\"comentari\"><textarea cols=\"40\" rows=\"4\" class=\"wpcf7-form-control wpcf7-textarea\" aria-invalid=\"false\" name=\"comentari\"><\/textarea><\/span>\n\t<\/p>\n<\/div>\n<div class=\"camp-formulari\">\n\t<h4>Persona responsable de la gesti\u00f3 dels convenis\n\t<\/h4>\n<\/div>\n<div class=\"camp-formulari\">\n\t<p>Nom i cognoms\n\t<\/p>\n\t<p><span class=\"wpcf7-form-control-wrap\" data-name=\"centre-persona\"><input size=\"40\" class=\"wpcf7-form-control wpcf7-text wpcf7-validates-as-required\" aria-required=\"true\" aria-invalid=\"false\" value=\"\" type=\"text\" name=\"centre-persona\" \/><\/span>\n\t<\/p>\n<\/div>\n<div class=\"camp-formulari\">\n\t<p>Tel\u00e8fon\n\t<\/p>\n\t<p><span class=\"wpcf7-form-control-wrap\" data-name=\"centre-telefon\"><input size=\"40\" class=\"wpcf7-form-control wpcf7-text wpcf7-validates-as-required\" aria-required=\"true\" aria-invalid=\"false\" value=\"\" type=\"text\" name=\"centre-telefon\" \/><\/span>\n\t<\/p>\n<\/div>\n<div class=\"camp-formulari\">\n\t<p>Correu electr\u00f2nic\n\t<\/p>\n\t<p><span class=\"wpcf7-form-control-wrap\" data-name=\"centre-mail\"><input size=\"40\" class=\"wpcf7-form-control wpcf7-text wpcf7-validates-as-required\" aria-required=\"true\" aria-invalid=\"false\" value=\"\" type=\"text\" name=\"centre-mail\" \/><\/span>\n\t<\/p>\n<\/div>\n<div class=\"camp-formulari\">\n\t<h3>Dades personals\n\t<\/h3>\n<\/div>\n<div class=\"camp-formulari\">\n\t<p>Nom i cognoms\n\t<\/p>\n\t<p><span class=\"wpcf7-form-control-wrap\" data-name=\"nom\"><input size=\"40\" class=\"wpcf7-form-control wpcf7-text wpcf7-validates-as-required\" aria-required=\"true\" aria-invalid=\"false\" value=\"\" type=\"text\" name=\"nom\" \/><\/span>\n\t<\/p>\n<\/div>\n<div class=\"camp-formulari\">\n\t<p>DNI \/ NIE\n\t<\/p>\n\t<p><span class=\"wpcf7-form-control-wrap\" data-name=\"dni\"><input size=\"40\" class=\"wpcf7-form-control wpcf7-text wpcf7-validates-as-required\" aria-required=\"true\" aria-invalid=\"false\" value=\"\" type=\"text\" name=\"dni\" \/><\/span>\n\t<\/p>\n<\/div>\n<div class=\"camp-formulari\">\n\t<p>Correu electr\u00f2nic\n\t<\/p>\n\t<p><span class=\"wpcf7-form-control-wrap\" data-name=\"mail\"><input size=\"40\" class=\"wpcf7-form-control wpcf7-email wpcf7-validates-as-required wpcf7-text wpcf7-validates-as-email\" aria-required=\"true\" aria-invalid=\"false\" value=\"\" type=\"email\" name=\"mail\" \/><\/span>\n\t<\/p>\n<\/div>\n<div class=\"camp-formulari\">\n\t<p>Tel\u00e8fon\n\t<\/p>\n\t<p><span class=\"wpcf7-form-control-wrap\" data-name=\"telefon\"><input size=\"40\" class=\"wpcf7-form-control wpcf7-text wpcf7-validates-as-required\" aria-required=\"true\" aria-invalid=\"false\" value=\"\" type=\"text\" name=\"telefon\" \/><\/span>\n\t<\/p>\n<\/div>\n<div class=\"camp-formulari file\">\n\t<p>Documentaci\u00f3 rellevant per a la valoraci\u00f3 de les pr\u00e0ctiques (m\u00e0xim 2MB, en format pdf)\n\t<\/p>\n\t<p><span class=\"wpcf7-form-control-wrap\" data-name=\"documentacio\"><input size=\"40\" class=\"wpcf7-form-control wpcf7-file\" accept=\".pdf\" aria-invalid=\"false\" type=\"file\" name=\"documentacio\" \/><\/span>\n\t<\/p>\n<\/div>\n<div class=\"camp-formulari-acceptance\">\n\t<p><span class=\"wpcf7-form-control-wrap\" data-name=\"acceptance-528\"><span class=\"wpcf7-form-control wpcf7-acceptance\"><span class=\"wpcf7-list-item\"><label><input type=\"checkbox\" name=\"acceptance-528\" value=\"1\" aria-invalid=\"false\" \/><span class=\"wpcf7-list-item-label\">He llegit i accepto la <a href=\"https:\/\/www.tauli.cat\/institut\/privacitat\/\" target=\"_blank\">pol\u00edtica de privacitat<\/a><\/span><\/label><\/span><\/span><\/span>\n\t<\/p>\n<\/div>\n<div class=\"camp-formulari\">\n\t<p><input class=\"wpcf7-form-control wpcf7-submit has-spinner\" type=\"submit\" value=\"Envia\" \/>\n\t<\/p>\n<\/div><p style=\"display: none !important;\" class=\"akismet-fields-container\" data-prefix=\"_wpcf7_ak_\"><label>&#916;<textarea name=\"_wpcf7_ak_hp_textarea\" cols=\"45\" rows=\"8\" maxlength=\"100\"><\/textarea><\/label><input type=\"hidden\" id=\"ak_js_1\" name=\"_wpcf7_ak_js\" value=\"24\"\/><script>document.getElementById( \"ak_js_1\" ).setAttribute( \"value\", ( new Date() ).getTime() );<\/script><\/p><div class=\"wpcf7-response-output\" aria-hidden=\"true\"><\/div>\n<\/form>\n<\/div>\n[\/vc_column][\/vc_row]\n<\/div>","protected":false},"excerpt":{"rendered":"<p>[vc_row][vc_column][vc_column_text]El Parc Taul\u00ed ofereix un ampli ventall de possibilitats per a estudiants, graduats i professionals en exercici que vulguin realitzar pr\u00e0ctiques de perfeccionament per aprofundir en el coneixements i les habilitats en camps en els que som pioners o podem oferir formaci\u00f3 espec\u00edfica. \u00c9s important tenir en compte que: Els tr\u00e0mits de gesti\u00f3 s\u2019hauran de [&hellip;]<\/p>\n","protected":false},"author":1,"featured_media":0,"parent":2913,"menu_order":0,"comment_status":"closed","ping_status":"closed","template":"","meta":[],"_links":{"self":[{"href":"https:\/\/www.tauli.cat\/institut\/wp-json\/wp\/v2\/pages\/2881"}],"collection":[{"href":"https:\/\/www.tauli.cat\/institut\/wp-json\/wp\/v2\/pages"}],"about":[{"href":"https:\/\/www.tauli.cat\/institut\/wp-json\/wp\/v2\/types\/page"}],"author":[{"embeddable":true,"href":"https:\/\/www.tauli.cat\/institut\/wp-json\/wp\/v2\/users\/1"}],"replies":[{"embeddable":true,"href":"https:\/\/www.tauli.cat\/institut\/wp-json\/wp\/v2\/comments?post=2881"}],"version-history":[{"count":10,"href":"https:\/\/www.tauli.cat\/institut\/wp-json\/wp\/v2\/pages\/2881\/revisions"}],"predecessor-version":[{"id":8251,"href":"https:\/\/www.tauli.cat\/institut\/wp-json\/wp\/v2\/pages\/2881\/revisions\/8251"}],"up":[{"embeddable":true,"href":"https:\/\/www.tauli.cat\/institut\/wp-json\/wp\/v2\/pages\/2913"}],"wp:attachment":[{"href":"https:\/\/www.tauli.cat\/institut\/wp-json\/wp\/v2\/media?parent=2881"}],"curies":[{"name":"wp","href":"https:\/\/api.w.org\/{rel}","templated":true}]}}