{"id":409,"date":"2019-11-22T14:53:58","date_gmt":"2019-11-22T13:53:58","guid":{"rendered":"http:\/\/www.tauli.cat\/institut\/?page_id=409"},"modified":"2025-06-12T11:33:38","modified_gmt":"2025-06-12T09:33:38","slug":"unitat-administracio","status":"publish","type":"page","link":"https:\/\/www.tauli.cat\/institut\/plataformes-i-serveis\/unitat-administracio\/","title":{"rendered":"Unitat d&#8217;Administraci\u00f3"},"content":{"rendered":"<div class=\"wpb-content-wrapper\">[vc_row section_id=&#8221;custom-top-tabs&#8221;][vc_column][vc_column_text el_class=&#8221;top-tabs&#8221;]\n<ul>\n<li data-hash=\"presentacio\">Presentaci\u00f3<\/li>\n<li data-hash=\"serveis\">Serveis<\/li>\n<li data-hash=\"contacte\">Contacte<\/li>\n<\/ul>\n[\/vc_column_text][\/vc_column][\/vc_row][vc_row el_class=&#8221;custom-top-tabs-content&#8221;][vc_column width=&#8221;2\/3&#8243;][vc_column_text]La Unitat d\u2019Administraci\u00f3 de l&#8217;I3PT t\u00e9 com a objectiu la gesti\u00f3 econ\u00f2mica i financera de tots els recursos obtinguts per diferents vies de finan\u00e7ament, registrant, valorant i controlant les transaccions econ\u00f2miques que es realitzen a la instituci\u00f3 amb la vigil\u00e0ncia constant del compliment de la legislaci\u00f3 vigent en tots aquells \u00e0mbits que li s\u00f3n d\u2019aplicaci\u00f3:<\/p>\n<ul>\n<li>R\u00e8gim fiscal.<\/li>\n<li>R\u00e8gim laboral.<\/li>\n<li>Relacions amb les administracions p\u00fabliques.<\/li>\n<li>Contractaci\u00f3 p\u00fablica.<\/li>\n<\/ul>\n[\/vc_column_text][\/vc_column][vc_column width=&#8221;1\/3&#8243;]\r\n\t\t<div class=\"eut-team eut-element team\" style=\"\">\r\n\t\t\t<figure>\r\n\t\t\t\t\t\t\t\t<div class=\"eut-team-person eut-media eut-align-center\">\r\n\t\t\t\t\t<img width=\"1080\" height=\"810\" src=\"https:\/\/www.tauli.cat\/institut\/wp-content\/uploads\/2025\/06\/Montse-Poyato-1200x900.jpg\" class=\"attachment-large size-large\" alt=\"\" decoding=\"async\" loading=\"lazy\" srcset=\"https:\/\/www.tauli.cat\/institut\/wp-content\/uploads\/2025\/06\/Montse-Poyato-1200x900.jpg 1200w, https:\/\/www.tauli.cat\/institut\/wp-content\/uploads\/2025\/06\/Montse-Poyato-300x225.jpg 300w, https:\/\/www.tauli.cat\/institut\/wp-content\/uploads\/2025\/06\/Montse-Poyato-768x576.jpg 768w, https:\/\/www.tauli.cat\/institut\/wp-content\/uploads\/2025\/06\/Montse-Poyato-600x450.jpg 600w, https:\/\/www.tauli.cat\/institut\/wp-content\/uploads\/2025\/06\/Montse-Poyato-1536x1152.jpg 1536w, https:\/\/www.tauli.cat\/institut\/wp-content\/uploads\/2025\/06\/Montse-Poyato-800x600.jpg 800w, https:\/\/www.tauli.cat\/institut\/wp-content\/uploads\/2025\/06\/Montse-Poyato-1920x1440.jpg 1920w\" sizes=\"(max-width: 1080px) 100vw, 1080px\" \/>\t\t\t\t<\/div>\r\n\t\t\t\t\t\t\t\t<figcaption>\r\n\t\t\t\t\t<div class=\"eut-team-description eut-align-center\">\r\n\t\t\t\t\t\t<div class=\"eut-team-identity eut-subtitle\">Cap d&#039;Administraci\u00f3<\/div>\r\n\t\t\t\t\t\t\t\t\t\t\t\t<h5 class=\"eut-team-name\">Montserrat Poyato L\u00f3pez<\/h5>\r\n\t\t\t\t\t\t\t\t\t\t\t\t\t\t\t\t\t\t<p class=\"eut-team-content\"><a href=\"mailto:mpoyato@tauli.cat\">mpoyato@tauli.cat<\/a><\/p>\r\n\t\t\t\t\t\t\t\t\t\t\t<\/div>\r\n\t\t\t\t\t\t\t\t\t<\/figcaption>\r\n\t\t\t<\/figure>\r\n\t\t<\/div>\r\n\r\n\t\t[\/vc_column][\/vc_row][vc_row el_class=&#8221;custom-top-tabs-content&#8221;][vc_column][vc_column_text]\n<ul>\n<li>Gesti\u00f3 de personal, portant a terme les accions necess\u00e0ries per a la contractaci\u00f3 i seguiment dels contractes de personal de la instituci\u00f3 segons la legislaci\u00f3 vigent.<\/li>\n<li>Realitzaci\u00f3 de compres, tant de material fungible com d&#8217;inversions.<\/li>\n<li>Gesti\u00f3 de donacions.<\/li>\n<li>Facturaci\u00f3 d&#8217;assajos cl\u00ednics i acords amb altres entitats.<\/li>\n<li>Seguiment pressupostari dels diferents projectes competitius i no competitius, portant a terme el control de l&#8217;execuci\u00f3 dels mateixos d\u2019acord amb els par\u00e0metres marcats per a la instituci\u00f3,\u00a0i mitjan\u00e7ant una comptabilitat anal\u00edtica i separada de cada una de les accions i projectes.<\/li>\n<li>Gesti\u00f3 comptable i fiscal de totes les activitats que es porten a terme a l\u2019institut.<\/li>\n<li>En general, donar suport a tots els nostres camps competencials a la resta de departaments de l&#8217;institut.<\/li>\n<\/ul>\n[\/vc_column_text][\/vc_column][\/vc_row][vc_row el_class=&#8221;custom-top-tabs-content&#8221;][vc_column width=&#8221;2\/5&#8243; tablet_width=&#8221;5-12&#8243; tablet_sm_width=&#8221;5-12&#8243;][vc_column_text]\n<h4>Unitat d&#8217;Administraci\u00f3<\/h4>\n<p><strong>Institut d&#8217;Investigaci\u00f3 i Innovaci\u00f3 Parc Taul\u00ed<\/strong><br \/>\nPla\u00e7a de la Torre de l&#8217;Aigua, s\/n<br \/>\n08208 Sabadell<\/p>\n<ul>\n<li class=\"icon-list phone\">93 723 66 73<\/li>\n<li class=\"icon-list fax\">93 717 50 67<\/li>\n<li class=\"icon-list mail\"><a href=\"mailto:dprados@tauli.cat\">admi3pt@tauli.cat<\/a><\/li>\n<\/ul>\n[\/vc_column_text][\/vc_column][vc_column width=&#8221;3\/5&#8243; tablet_width=&#8221;7-12&#8243; tablet_sm_width=&#8221;7-12&#8243;][vc_raw_html]JTNDaWZyYW1lJTIwc3JjJTNEJTIyaHR0cHMlM0ElMkYlMkZ3d3cuZ29vZ2xlLmNvbSUyRm1hcHMlMkZlbWJlZCUzRnBiJTNEJTIxMW0xOCUyMTFtMTIlMjExbTMlMjExZDUzMTkuNjgxMDI0MjQ0MzQzNSUyMTJkMi4xMDg5ODc4MDg4Nzc3NDgzJTIxM2Q0MS41NTY5MDc4ODA4NjM0NyUyMTJtMyUyMTFmMCUyMTJmMCUyMTNmMCUyMTNtMiUyMTFpMTAyNCUyMTJpNzY4JTIxNGYxMy4xJTIxM20zJTIxMW0yJTIxMXMweDAlMjUzQTB4OWZiYTkwZGI4MjhmNjAxYiUyMTJ6Um5WdVpHRmphY096SUZCaGNtTWdWR0YxYk1PdCUyMTVlMCUyMTNtMiUyMTFzZXMlMjEyc2VzJTIxNHYxNTc0MzU2ODQyNjc4JTIxNW0yJTIxMXNlcyUyMTJzZXMlMjIlMjB3aWR0aCUzRCUyMjEwMCUyNSUyMiUyMGhlaWdodCUzRCUyMjI4MCUyMiUyMGZyYW1lYm9yZGVyJTNEJTIyMCUyMiUyMHN0eWxlJTNEJTIyYm9yZGVyJTNBMCUzQiUyMiUyMGFsbG93ZnVsbHNjcmVlbiUzRCUyMiUyMiUzRSUzQyUyRmlmcmFtZSUzRQ==[\/vc_raw_html][\/vc_column][\/vc_row]\n<\/div>","protected":false},"excerpt":{"rendered":"<p>[vc_row section_id=&#8221;custom-top-tabs&#8221;][vc_column][vc_column_text el_class=&#8221;top-tabs&#8221;] Presentaci\u00f3 Serveis Contacte [\/vc_column_text][\/vc_column][\/vc_row][vc_row el_class=&#8221;custom-top-tabs-content&#8221;][vc_column width=&#8221;2\/3&#8243;][vc_column_text]La Unitat d\u2019Administraci\u00f3 de l&#8217;I3PT t\u00e9 com a objectiu la gesti\u00f3 econ\u00f2mica i financera de tots els recursos obtinguts per diferents vies de finan\u00e7ament, registrant, valorant i controlant les transaccions econ\u00f2miques que es realitzen a la instituci\u00f3 amb la vigil\u00e0ncia constant del compliment de la legislaci\u00f3 vigent [&hellip;]<\/p>\n","protected":false},"author":12,"featured_media":0,"parent":2289,"menu_order":0,"comment_status":"closed","ping_status":"closed","template":"","meta":[],"_links":{"self":[{"href":"https:\/\/www.tauli.cat\/institut\/wp-json\/wp\/v2\/pages\/409"}],"collection":[{"href":"https:\/\/www.tauli.cat\/institut\/wp-json\/wp\/v2\/pages"}],"about":[{"href":"https:\/\/www.tauli.cat\/institut\/wp-json\/wp\/v2\/types\/page"}],"author":[{"embeddable":true,"href":"https:\/\/www.tauli.cat\/institut\/wp-json\/wp\/v2\/users\/12"}],"replies":[{"embeddable":true,"href":"https:\/\/www.tauli.cat\/institut\/wp-json\/wp\/v2\/comments?post=409"}],"version-history":[{"count":26,"href":"https:\/\/www.tauli.cat\/institut\/wp-json\/wp\/v2\/pages\/409\/revisions"}],"predecessor-version":[{"id":19765,"href":"https:\/\/www.tauli.cat\/institut\/wp-json\/wp\/v2\/pages\/409\/revisions\/19765"}],"up":[{"embeddable":true,"href":"https:\/\/www.tauli.cat\/institut\/wp-json\/wp\/v2\/pages\/2289"}],"wp:attachment":[{"href":"https:\/\/www.tauli.cat\/institut\/wp-json\/wp\/v2\/media?parent=409"}],"curies":[{"name":"wp","href":"https:\/\/api.w.org\/{rel}","templated":true}]}}