{"id":5927,"date":"2021-05-27T15:24:20","date_gmt":"2021-05-27T13:24:20","guid":{"rendered":"https:\/\/www.tauli.cat\/institut\/?page_id=5927"},"modified":"2021-05-27T15:39:17","modified_gmt":"2021-05-27T13:39:17","slug":"projectes","status":"publish","type":"page","link":"https:\/\/www.tauli.cat\/institut\/plataformes-i-serveis\/laboratori-3d\/projectes\/","title":{"rendered":"Projectes"},"content":{"rendered":"<div class=\"wpb-content-wrapper\">[vc_row][vc_column]\t\t\t<div class=\"eut-element eut-with-gap eut-portfolio eut-isotope\" style=\"\" data-gutter=\"yes\" data-spinner=\"no\" data-columns=\"2\" data-columns-tablet-landscape=\"2\" data-columns-tablet-portrait=\"2\" data-columns-mobile=\"1\" data-layout=\"fitRows\">\r\n\t\t\t\t\t\t<div class=\"eut-filter eut-align-center\">\r\n\t\t\t\t\t<ul>\r\n\t\t\t\t\t\t<li data-filter=\"*\" class=\"selected\"><span>All<\/span><\/li><li data-filter=\".portfolio_category-1destacats\"><span>Destacats<\/span><\/li><li data-filter=\".portfolio_category-cirurgia-ortopedica\"><span>Cirurgia ortop\u00e8dica<\/span><\/li>\t\t\t\t\t<\/ul>\r\n\t\t\t\t<\/div>\r\n\t\t\r\n\t\t\t<div class=\"eut-isotope-container\">\r\n\t\t\t\t\t\t\t<article id=\"portfolio-5933-69e9eec613d81\" class=\"eut-isotope-item eut-portfolio-item  post-5933 portfolio type-portfolio status-publish has-post-thumbnail hentry portfolio_category-cirurgia-ortopedica portfolio_category-1destacats portfolio_field-impressio-3d portfolio_field-internacional\">\r\n\t\t\t\t\t\t\t\t\t\t\t\t\t\t\t\t\t\t<a class=\"\" href=\"https:\/\/www.tauli.cat\/institut\/plataformes-i-serveis\/laboratori-3d\/projectes\/innovation-in-the-joint-replacement-care-pathway-to-improve-patient-outcomes\/\" target=\"_self\">\r\n\t\t\t\t\t\t\t\t\t\t\t<figure class=\"eut-hover-style-1 eut-image-hover eut-zoom-none eut-light\">\r\n\r\n\t\t\t\t\t\t\t\t<div class=\"eut-media eut-light-overlay eut-opacity-90\">\r\n\t\t\t\t\t\t\t\t\t<img width=\"800\" height=\"575\" src=\"https:\/\/www.tauli.cat\/institut\/wp-content\/uploads\/2021\/05\/destacados-800x575.jpeg\" class=\"attachment-eut-image-small-rect-horizontal size-eut-image-small-rect-horizontal\" alt=\"\" decoding=\"async\" loading=\"lazy\" \/>\t\t\t\t\t\t\t\t<\/div>\r\n\t\t\t\t\t\t\t\t<figcaption>\r\n\t\t\t\t\t\t\t\t\t\t\t\t\t\t\t\t\t\t\t\t\t\t\t\t\t\t\t<h5 class=\"eut-title eut-light\">Innovation in the joint replacement care pathway to improve patient outcomes<\/h5>\r\n\t\t\t\t\t\t\t\t\t\t\t\t\t\t\t\t\t\t\t\t\t\t\t\t\t\t\t\t\t\t\t\t\t\t\t\t<span class=\"eut-portfolio-btns\">M\u00e9s informaci\u00f3<\/span>\r\n\t\t\t\t\t\t\t\t\t\t\t\t\t\t\t\t\t<\/figcaption>\r\n\t\t\t\t\t\t\t<\/figure>\r\n\t\t\t\t\t\t\t<\/a>\t\t\t\t\t\t\r\n\t\t\t\t\t<\/article>\r\n\t\t\t\t\t<article id=\"portfolio-5925-69e9eec6142ad\" class=\"eut-isotope-item eut-portfolio-item  post-5925 portfolio type-portfolio status-publish has-post-thumbnail hentry portfolio_category-cirurgia-ortopedica portfolio_field-impressio-3d portfolio_field-nacional\">\r\n\t\t\t\t\t\t\t\t\t\t\t\t\t\t\t\t\t\t<a href=\"https:\/\/www.tauli.cat\/institut\/portfolio3D\/scaphix\/\">\r\n\t\t\t\t\t\t\t\t\t\t\t<figure class=\"eut-hover-style-1 eut-image-hover eut-zoom-none eut-light\">\r\n\r\n\t\t\t\t\t\t\t\t<div class=\"eut-media eut-light-overlay eut-opacity-90\">\r\n\t\t\t\t\t\t\t\t\t<img width=\"800\" height=\"600\" src=\"https:\/\/www.tauli.cat\/institut\/wp-content\/uploads\/2021\/05\/portfolio3d-scalphix-800x600.jpg\" class=\"attachment-eut-image-small-rect-horizontal size-eut-image-small-rect-horizontal\" alt=\"\" decoding=\"async\" loading=\"lazy\" \/>\t\t\t\t\t\t\t\t<\/div>\r\n\t\t\t\t\t\t\t\t<figcaption>\r\n\t\t\t\t\t\t\t\t\t\t\t\t\t\t\t\t\t\t\t\t\t\t\t\t\t\t\t<h5 class=\"eut-title eut-light\">Scaphix<\/h5>\r\n\t\t\t\t\t\t\t\t\t\t\t\t\t\t\t\t\t\t\t\t\t\t\t\t\t\t\t\t\t\t\t\t\t\t\t\t<span class=\"eut-portfolio-btns\">M\u00e9s informaci\u00f3<\/span>\r\n\t\t\t\t\t\t\t\t\t\t\t\t\t\t\t\t\t<\/figcaption>\r\n\t\t\t\t\t\t\t<\/figure>\r\n\t\t\t\t\t\t\t<\/a>\t\t\t\t\t\t\r\n\t\t\t\t\t<\/article>\r\n\t\t\t\t\t<article id=\"portfolio-5923-69e9eec6146e1\" class=\"eut-isotope-item eut-portfolio-item  post-5923 portfolio type-portfolio status-publish has-post-thumbnail hentry portfolio_category-cirurgia-ortopedica portfolio_field-impressio-3d portfolio_field-nacional\">\r\n\t\t\t\t\t\t\t\t\t\t\t\t\t\t\t\t\t\t<a href=\"https:\/\/www.tauli.cat\/institut\/portfolio3D\/classificacio-de-fractures-dhumer-proximal\/\">\r\n\t\t\t\t\t\t\t\t\t\t\t<figure class=\"eut-hover-style-1 eut-image-hover eut-zoom-none eut-light\">\r\n\r\n\t\t\t\t\t\t\t\t<div class=\"eut-media eut-light-overlay eut-opacity-90\">\r\n\t\t\t\t\t\t\t\t\t<img width=\"800\" height=\"600\" src=\"https:\/\/www.tauli.cat\/institut\/wp-content\/uploads\/2021\/05\/portfolio3d-humero-800x600.jpg\" class=\"attachment-eut-image-small-rect-horizontal size-eut-image-small-rect-horizontal\" alt=\"\" decoding=\"async\" loading=\"lazy\" \/>\t\t\t\t\t\t\t\t<\/div>\r\n\t\t\t\t\t\t\t\t<figcaption>\r\n\t\t\t\t\t\t\t\t\t\t\t\t\t\t\t\t\t\t\t\t\t\t\t\t\t\t\t<h5 class=\"eut-title eut-light\">Classificaci\u00f3 de fractures d&#8217;h\u00famer proximal<\/h5>\r\n\t\t\t\t\t\t\t\t\t\t\t\t\t\t\t\t\t\t\t\t\t\t\t\t\t\t\t<span class=\"eut-caption eut-light\">Avaluaci\u00f3 de la influ\u00e8ncia de la impressi\u00f3 3D en el diagn\u00f2stic de les fractures d'h\u00famer proximal en comparaci\u00f3 amb els m\u00e8todes tradicionals basats en imatge radiogr\u00e0fica.<\/span>\r\n\t\t\t\t\t\t\t\t\t\t\t\t\t\t\t\t\t\t\t\t\t\t\t\t\t\t\t<span class=\"eut-portfolio-btns\">M\u00e9s informaci\u00f3<\/span>\r\n\t\t\t\t\t\t\t\t\t\t\t\t\t\t\t\t\t<\/figcaption>\r\n\t\t\t\t\t\t\t<\/figure>\r\n\t\t\t\t\t\t\t<\/a>\t\t\t\t\t\t\r\n\t\t\t\t\t<\/article>\r\n\t\t\t\t<\/div>\r\n\t\t\t<\/div>\r\n\r\n\t\t[\/vc_column][\/vc_row]\n<\/div>","protected":false},"excerpt":{"rendered":"<p>[vc_row][vc_column][\/vc_column][\/vc_row]<\/p>\n","protected":false},"author":1,"featured_media":0,"parent":5559,"menu_order":0,"comment_status":"closed","ping_status":"closed","template":"","meta":[],"_links":{"self":[{"href":"https:\/\/www.tauli.cat\/institut\/wp-json\/wp\/v2\/pages\/5927"}],"collection":[{"href":"https:\/\/www.tauli.cat\/institut\/wp-json\/wp\/v2\/pages"}],"about":[{"href":"https:\/\/www.tauli.cat\/institut\/wp-json\/wp\/v2\/types\/page"}],"author":[{"embeddable":true,"href":"https:\/\/www.tauli.cat\/institut\/wp-json\/wp\/v2\/users\/1"}],"replies":[{"embeddable":true,"href":"https:\/\/www.tauli.cat\/institut\/wp-json\/wp\/v2\/comments?post=5927"}],"version-history":[{"count":6,"href":"https:\/\/www.tauli.cat\/institut\/wp-json\/wp\/v2\/pages\/5927\/revisions"}],"predecessor-version":[{"id":9049,"href":"https:\/\/www.tauli.cat\/institut\/wp-json\/wp\/v2\/pages\/5927\/revisions\/9049"}],"up":[{"embeddable":true,"href":"https:\/\/www.tauli.cat\/institut\/wp-json\/wp\/v2\/pages\/5559"}],"wp:attachment":[{"href":"https:\/\/www.tauli.cat\/institut\/wp-json\/wp\/v2\/media?parent=5927"}],"curies":[{"name":"wp","href":"https:\/\/api.w.org\/{rel}","templated":true}]}}