{"id":6471,"date":"2021-07-08T18:00:21","date_gmt":"2021-07-08T16:00:21","guid":{"rendered":"https:\/\/www.tauli.cat\/institut\/?page_id=6471"},"modified":"2026-02-13T13:23:24","modified_gmt":"2026-02-13T12:23:24","slug":"balanc-social","status":"publish","type":"page","link":"https:\/\/www.tauli.cat\/institut\/presentacio\/balanc-social\/","title":{"rendered":"Balan\u00e7 social"},"content":{"rendered":"<div class=\"wpb-content-wrapper\">[vc_row][vc_column width=&#8221;1\/2&#8243;]<div class=\"eut-element eut-box eut-align-center eut-animated-item eut-fadeInDown memoria\" style=\"\" data-delay=\"200\"><div class=\"eut-media\"><a href=\"https:\/\/www.tauli.cat\/institut\/wp-content\/uploads\/2026\/02\/Balanc-social-I3PT-2024.pdf\" target=\"_blank\"><img width=\"612\" height=\"864\" src=\"https:\/\/www.tauli.cat\/institut\/wp-content\/uploads\/2026\/02\/BS.jpg\" class=\"attachment-full size-full\" alt=\"\" decoding=\"async\" loading=\"lazy\" srcset=\"https:\/\/www.tauli.cat\/institut\/wp-content\/uploads\/2026\/02\/BS.jpg 612w, https:\/\/www.tauli.cat\/institut\/wp-content\/uploads\/2026\/02\/BS-213x300.jpg 213w, https:\/\/www.tauli.cat\/institut\/wp-content\/uploads\/2026\/02\/BS-600x847.jpg 600w\" sizes=\"(max-width: 612px) 100vw, 612px\" \/><\/a><\/div>  <div class=\"eut-box-content\">    <a href=\"https:\/\/www.tauli.cat\/institut\/wp-content\/uploads\/2026\/02\/Balanc-social-I3PT-2024.pdf\" target=\"_blank\"><h2 class=\"eut-box-title\">Balan\u00e7 social 2024<\/h2>    <\/a>    <p><\/p>  <\/div><\/div>[\/vc_column][vc_column width=&#8221;1\/2&#8243;][vc_column_text css=&#8221;&#8221; el_class=&#8221;icon-list document&#8221;]\n<h4>Balan\u00e7 social d&#8217;altres anys:<\/h4>\n<ul style=\"list-style-type: disc;\">\n<li><a href=\"https:\/\/www.tauli.cat\/institut\/wp-content\/uploads\/2024\/11\/Balanc-Social-I3PT-2023.pdf\" target=\"_blank\" rel=\"noopener\">Balan\u00e7 social 2023<\/a><\/li>\n<li><a href=\"https:\/\/www.tauli.cat\/institut\/wp-content\/uploads\/2024\/11\/Balanc-Social-I3PT-2022.pdf\" target=\"_blank\" rel=\"noopener\">Balan\u00e7 social 2022<\/a><\/li>\n<li><a href=\"https:\/\/www.tauli.cat\/institut\/wp-content\/uploads\/2022\/05\/Balanc-Social-FI3PT-2021.pdf\" target=\"_blank\" rel=\"noopener\">Balan\u00e7 social 2021<\/a><\/li>\n<li><a href=\"https:\/\/www.tauli.cat\/institut\/wp-content\/uploads\/2021\/07\/BalanSocial_I3PT2020.pdf\" target=\"_blank\" rel=\"noopener noreferrer\">Balan\u00e7 social 2020<\/a><\/li>\n<li><a href=\"https:\/\/www.tauli.cat\/institut\/wp-content\/uploads\/2020\/11\/Balan\u00e7-Social-I3PT.pdf\" target=\"_blank\" rel=\"noopener noreferrer\">Balan\u00e7 social 2019<\/a><\/li>\n<\/ul>\n[\/vc_column_text][\/vc_column][\/vc_row]\n<\/div>","protected":false},"excerpt":{"rendered":"<p>[vc_row][vc_column width=&#8221;1\/2&#8243;][\/vc_column][vc_column width=&#8221;1\/2&#8243;][vc_column_text css=&#8221;&#8221; el_class=&#8221;icon-list document&#8221;] Balan\u00e7 social d&#8217;altres anys: Balan\u00e7 social 2023 Balan\u00e7 social 2022 Balan\u00e7 social 2021 Balan\u00e7 social 2020 Balan\u00e7 social 2019 [\/vc_column_text][\/vc_column][\/vc_row]<\/p>\n","protected":false},"author":1,"featured_media":0,"parent":2906,"menu_order":0,"comment_status":"closed","ping_status":"closed","template":"","meta":[],"_links":{"self":[{"href":"https:\/\/www.tauli.cat\/institut\/wp-json\/wp\/v2\/pages\/6471"}],"collection":[{"href":"https:\/\/www.tauli.cat\/institut\/wp-json\/wp\/v2\/pages"}],"about":[{"href":"https:\/\/www.tauli.cat\/institut\/wp-json\/wp\/v2\/types\/page"}],"author":[{"embeddable":true,"href":"https:\/\/www.tauli.cat\/institut\/wp-json\/wp\/v2\/users\/1"}],"replies":[{"embeddable":true,"href":"https:\/\/www.tauli.cat\/institut\/wp-json\/wp\/v2\/comments?post=6471"}],"version-history":[{"count":19,"href":"https:\/\/www.tauli.cat\/institut\/wp-json\/wp\/v2\/pages\/6471\/revisions"}],"predecessor-version":[{"id":21849,"href":"https:\/\/www.tauli.cat\/institut\/wp-json\/wp\/v2\/pages\/6471\/revisions\/21849"}],"up":[{"embeddable":true,"href":"https:\/\/www.tauli.cat\/institut\/wp-json\/wp\/v2\/pages\/2906"}],"wp:attachment":[{"href":"https:\/\/www.tauli.cat\/institut\/wp-json\/wp\/v2\/media?parent=6471"}],"curies":[{"name":"wp","href":"https:\/\/api.w.org\/{rel}","templated":true}]}}