{"id":743,"date":"2019-12-04T10:22:16","date_gmt":"2019-12-04T09:22:16","guid":{"rendered":"http:\/\/www.tauli.cat\/institut\/?page_id=743"},"modified":"2026-02-17T08:50:34","modified_gmt":"2026-02-17T07:50:34","slug":"produccio-cientifica","status":"publish","type":"page","link":"https:\/\/www.tauli.cat\/institut\/plataformes-i-serveis\/produccio-cientifica\/","title":{"rendered":"Unitat de Producci\u00f3 Cient\u00edfica i Ci\u00e8ncia Oberta"},"content":{"rendered":"<div class=\"wpb-content-wrapper\">[vc_row section_id=&#8221;custom-top-tabs&#8221;][vc_column][vc_column_text css=&#8221;&#8221; el_class=&#8221;top-tabs&#8221;]\n<ul>\n<li data-hash=\"presentacio\">Presentaci\u00f3<\/li>\n<li data-hash=\"serveis\">Serveis<\/li>\n<li data-hash=\"contacte\">Contacte<\/li>\n<\/ul>\n[\/vc_column_text][\/vc_column][\/vc_row][vc_row el_class=&#8221;custom-top-tabs-content&#8221;][vc_column width=&#8221;2\/3&#8243;][vc_column_text css=&#8221;&#8221;]La Unitat de Producci\u00f3 Cient\u00edfica i Ci\u00e8ncia Oberta t\u00e9 com a missi\u00f3 impulsar, donar suport i optimitzar l\u2019activitat investigadora, garantint una gesti\u00f3 rigorosa de la producci\u00f3 cient\u00edfica, l\u2019an\u00e0lisi i explotaci\u00f3 estrat\u00e8gica de dades bibliom\u00e8triques, l\u2019acompanyament al personal investigador i l\u2019alineaci\u00f3 institucional amb els principis de la ci\u00e8ncia oberta, la recerca responsable i la reforma de l\u2019avaluaci\u00f3 cient\u00edfica, amb l\u2019objectiu de maximitzar la qualitat, l\u2019impacte i el reconeixement de la recerca.<\/p>\n<p>Per assolir aquesta missi\u00f3, la Unitat ofereix un conjunt de serveis integrals que abasten tot el cicle de l\u2019activitat investigadora:<\/p>\n<ul>\n<li><strong>Inici<\/strong>: suport en la cerca, recuperaci\u00f3 i \u00fas de la informaci\u00f3 cient\u00edfica, acc\u00e9s i pr\u00e9stec de documents en l\u00ednia, i assessorament en l\u2019\u00fas de recursos d\u2019informaci\u00f3 especialitzats.<\/li>\n<li><strong>Desenvolupament<\/strong>: formaci\u00f3 d\u2019usuaris, assessorament en estrat\u00e8gies de publicaci\u00f3 cient\u00edfica, gesti\u00f3 i preservaci\u00f3 de dades de recerca, i curadoria de perfils acad\u00e8mics en bases de dades i plataformes cient\u00edfiques.<\/li>\n<li><strong>Impacte i resultats<\/strong>: extracci\u00f3 i an\u00e0lisi de m\u00e8triques per a convocat\u00f2ries competitives i processos d\u2019avaluaci\u00f3, promoci\u00f3 de l\u2019acc\u00e9s obert als resultats de recerca, an\u00e0lisi d\u2019indicadors bibliom\u00e8trics i suport a la visibilitat, la difusi\u00f3 i l\u2019impacte cient\u00edfic i social de la producci\u00f3 investigadora.<\/li>\n<\/ul>\n<p>Aquest conjunt de serveis integra la gesti\u00f3 eficient de la producci\u00f3 cient\u00edfica amb els principis de la <a href=\"https:\/\/www.tauli.cat\/institut\/ciencia-oberta-i-societat\/\" target=\"_blank\" rel=\"noopener\">ci\u00e8ncia oberta i la recerca responsable<\/a>, amb l\u2019objectiu de garantir un impacte cient\u00edfic i social significatiu, alineat amb els est\u00e0ndards internacionals i sostenible.[\/vc_column_text][\/vc_column][vc_column width=&#8221;1\/3&#8243;]\r\n\t\t<div class=\"eut-team eut-element team\" style=\"\">\r\n\t\t\t<figure>\r\n\t\t\t\t\t\t\t\t<div class=\"eut-team-person eut-media eut-align-center\">\r\n\t\t\t\t\t<img width=\"673\" height=\"547\" src=\"https:\/\/www.tauli.cat\/institut\/wp-content\/uploads\/2025\/12\/Image-1-e1765540276360.jpg\" class=\"attachment-large size-large\" alt=\"\" decoding=\"async\" loading=\"lazy\" srcset=\"https:\/\/www.tauli.cat\/institut\/wp-content\/uploads\/2025\/12\/Image-1-e1765540276360.jpg 673w, https:\/\/www.tauli.cat\/institut\/wp-content\/uploads\/2025\/12\/Image-1-e1765540276360-300x244.jpg 300w, https:\/\/www.tauli.cat\/institut\/wp-content\/uploads\/2025\/12\/Image-1-e1765540276360-600x488.jpg 600w\" sizes=\"(max-width: 673px) 100vw, 673px\" \/>\t\t\t\t<\/div>\r\n\t\t\t\t\t\t\t\t<figcaption>\r\n\t\t\t\t\t<div class=\"eut-team-description eut-align-center\">\r\n\t\t\t\t\t\t<div class=\"eut-team-identity eut-subtitle\">Responsable<\/div>\r\n\t\t\t\t\t\t\t\t\t\t\t\t<h5 class=\"eut-team-name\">Guillem Cebri\u00e1n Gr\u00edfol<\/h5>\r\n\t\t\t\t\t\t\t\t\t\t\t\t\t\t\t\t\t\t<p class=\"eut-team-content\"><a href=\"mailto:gcebrian@tauli.cat\">gcebrian@tauli.cat<\/a><\/p>\r\n\t\t\t\t\t\t\t\t\t\t\t<\/div>\r\n\t\t\t\t\t\t\t\t\t<\/figcaption>\r\n\t\t\t<\/figure>\r\n\t\t<\/div>\r\n\r\n\t\t[\/vc_column][\/vc_row][vc_row el_class=&#8221;custom-top-tabs-content&#8221;][vc_column][vc_column_text css=&#8221;&#8221;]\n<h4>Serveis<\/h4>\n<ul>\n<li>Gesti\u00f3 de la producci\u00f3 cient\u00edfica de l\u2019Institut d\u2019Investigaci\u00f3 i Innovaci\u00f3 Parc Taul\u00ed (I3PT)<\/li>\n<li>Suport a la recerca mitjan\u00e7ant assessorament en cerca d\u2019informaci\u00f3, publicaci\u00f3 cient\u00edfica, impacte i difusi\u00f3 acad\u00e8mica<\/li>\n<li>Lideratge i promoci\u00f3 de la ci\u00e8ncia oberta per mitj\u00e0 del moviment per a l\u2019acc\u00e9s obert a les publicacions i de la gesti\u00f3 de les dades de recerca<\/li>\n<li>Suport als grups de recerca acreditats i al personal investigador en les sol\u00b7licituds de convocat\u00f2ries competitives i processos d\u2019acreditaci\u00f3<\/li>\n<li>Explotaci\u00f3 de les dades bibliom\u00e8triques de la producci\u00f3 cient\u00edfica de l\u2019Institut<\/li>\n<li>Lideratge i execuci\u00f3 de l\u2019estrat\u00e8gia d\u2019impacte i de la presentaci\u00f3 de les narratives d\u2019impacte avaluables<\/li>\n<li>Formaci\u00f3 en compet\u00e8ncies informacionals, publicaci\u00f3 cient\u00edfica, gesti\u00f3 de dades de recerca i avaluaci\u00f3 de l\u2019impacte cient\u00edfic<\/li>\n<li>Orientaci\u00f3 de l\u2019Institut cap al moviment de reforma de l\u2019avaluaci\u00f3 cient\u00edfica.<\/li>\n<\/ul>\n[\/vc_column_text][\/vc_column][\/vc_row][vc_row el_class=&#8221;custom-top-tabs-content&#8221;][vc_column width=&#8221;2\/5&#8243;][vc_column_text css=&#8221;&#8221;]\n<h4>Unitat de Producci\u00f3 Cient\u00edfica i Ci\u00e8ncia Oberta<\/h4>\n<p>Institut d\u2019Investigaci\u00f3 i Innovaci\u00f3 Parc Taul\u00ed<br \/>\nPla\u00e7a Torre de l\u2019Aigua, s\/n,<br \/>\n08202 Sabadell<\/p>\n<ul>\n<li>93 723 10 10 ext. 89271<\/li>\n<li><a href=\"mailto:gcebrian@tauli.cat\">gcebrian@tauli.cat<\/a><\/li>\n<\/ul>\n[\/vc_column_text][\/vc_column][vc_column width=&#8221;3\/5&#8243;][vc_raw_html css=&#8221;&#8221;]JTNDaWZyYW1lJTIwc3JjJTNEJTIyaHR0cHMlM0ElMkYlMkZ3d3cuZ29vZ2xlLmNvbSUyRm1hcHMlMkZlbWJlZCUzRnBiJTNEJTIxMW0xOCUyMTFtMTIlMjExbTMlMjExZDI5ODUuNTQ0NzI1MTEwMTU5NiUyMTJkMi4xMDg5NTA5NzY0OTU4NzQ1JTIxM2Q0MS41NTc0NTM4ODU0MjgzNSUyMTJtMyUyMTFmMCUyMTJmMCUyMTNmMCUyMTNtMiUyMTFpMTAyNCUyMTJpNzY4JTIxNGYxMy4xJTIxM20zJTIxMW0yJTIxMXMweDEyYTQ5NTE5NjcyOWRkNWIlMjUzQTB4ZGRjYTM4MmJmM2ExNmNmNCUyMTJzRWRpZmljaSUyNTIwTGElMjUyMFNhbHV0JTIxNWUwJTIxM20yJTIxMXNlcyUyMTJzZXMlMjE0djE3MzY0MjUzNjkwMjYlMjE1bTIlMjExc2VzJTIxMnNlcyUyMiUyMHdpZHRoJTNEJTIyNjAwJTIyJTIwaGVpZ2h0JTNEJTIyNDUwJTIyJTIwc3R5bGUlM0QlMjJib3JkZXIlM0EwJTNCJTIyJTIwYWxsb3dmdWxsc2NyZWVuJTNEJTIyJTIyJTIwbG9hZGluZyUzRCUyMmxhenklMjIlMjByZWZlcnJlcnBvbGljeSUzRCUyMm5vLXJlZmVycmVyLXdoZW4tZG93bmdyYWRlJTIyJTNFJTNDJTJGaWZyYW1lJTNF[\/vc_raw_html][\/vc_column][\/vc_row]\n<\/div>","protected":false},"excerpt":{"rendered":"<p>[vc_row section_id=&#8221;custom-top-tabs&#8221;][vc_column][vc_column_text css=&#8221;&#8221; el_class=&#8221;top-tabs&#8221;] Presentaci\u00f3 Serveis Contacte [\/vc_column_text][\/vc_column][\/vc_row][vc_row el_class=&#8221;custom-top-tabs-content&#8221;][vc_column width=&#8221;2\/3&#8243;][vc_column_text css=&#8221;&#8221;]La Unitat de Producci\u00f3 Cient\u00edfica i Ci\u00e8ncia Oberta t\u00e9 com a missi\u00f3 impulsar, donar suport i optimitzar l\u2019activitat investigadora, garantint una gesti\u00f3 rigorosa de la producci\u00f3 cient\u00edfica, l\u2019an\u00e0lisi i explotaci\u00f3 estrat\u00e8gica de dades bibliom\u00e8triques, l\u2019acompanyament al personal investigador i l\u2019alineaci\u00f3 institucional amb els principis de [&hellip;]<\/p>\n","protected":false},"author":12,"featured_media":0,"parent":2289,"menu_order":0,"comment_status":"closed","ping_status":"closed","template":"","meta":[],"_links":{"self":[{"href":"https:\/\/www.tauli.cat\/institut\/wp-json\/wp\/v2\/pages\/743"}],"collection":[{"href":"https:\/\/www.tauli.cat\/institut\/wp-json\/wp\/v2\/pages"}],"about":[{"href":"https:\/\/www.tauli.cat\/institut\/wp-json\/wp\/v2\/types\/page"}],"author":[{"embeddable":true,"href":"https:\/\/www.tauli.cat\/institut\/wp-json\/wp\/v2\/users\/12"}],"replies":[{"embeddable":true,"href":"https:\/\/www.tauli.cat\/institut\/wp-json\/wp\/v2\/comments?post=743"}],"version-history":[{"count":75,"href":"https:\/\/www.tauli.cat\/institut\/wp-json\/wp\/v2\/pages\/743\/revisions"}],"predecessor-version":[{"id":21894,"href":"https:\/\/www.tauli.cat\/institut\/wp-json\/wp\/v2\/pages\/743\/revisions\/21894"}],"up":[{"embeddable":true,"href":"https:\/\/www.tauli.cat\/institut\/wp-json\/wp\/v2\/pages\/2289"}],"wp:attachment":[{"href":"https:\/\/www.tauli.cat\/institut\/wp-json\/wp\/v2\/media?parent=743"}],"curies":[{"name":"wp","href":"https:\/\/api.w.org\/{rel}","templated":true}]}}