{"id":868,"date":"2019-12-12T12:37:35","date_gmt":"2019-12-12T11:37:35","guid":{"rendered":"http:\/\/www.tauli.cat\/institut\/?page_id=868"},"modified":"2024-03-20T08:38:50","modified_gmt":"2024-03-20T07:38:50","slug":"oferta-tecnologica","status":"publish","type":"page","link":"https:\/\/www.tauli.cat\/institut\/innovacio\/oferta-tecnologica\/","title":{"rendered":"Oferta tecnol\u00f2gica"},"content":{"rendered":"<div class=\"wpb-content-wrapper\">[vc_row][vc_column width=&#8221;2\/3&#8243;][vc_column_text]Productes, tecnologies o <em>know-how<\/em> propietat del Parc Taul\u00ed i validades cl\u00ednicament que necessiten ser comercialitzades per a que arribin a la societat, ja sigui a trav\u00e9s de llic\u00e8ncies d&#8217;explotaci\u00f3 i\/o distribuci\u00f3, o d&#8217;acords de transfer\u00e8ncia tecnol\u00f2gica.[\/vc_column_text][\/vc_column][vc_column width=&#8221;1\/3&#8243;][vc_column_text]\n<ul>\n<li style=\"list-style-type: none;\">\n<ul>\n<li class=\"icon-list link\"><a href=\"https:\/\/www.tauli.cat\/institut\/innovacio\/\">El model d&#8217;innovaci\u00f3 Parc Taul\u00ed<\/a><\/li>\n<li class=\"icon-list link\"><a href=\"https:\/\/www.tauli.cat\/institut\/innovacio\/vigilancia-tecnologica\/\">Vigil\u00e0ncia tecnol\u00f2gica<\/a><\/li>\n<li class=\"icon-list link\"><a href=\"https:\/\/www.tauli.cat\/institut\/innovacio\/casos-exit\/\">Casos d&#8217;\u00e8xit<\/a><\/li>\n<li class=\"icon-list link\"><a href=\"https:\/\/www.tauli.cat\/institut\/innovacio\/incubadora-node-tauli\/\">Incubadora Node Taul\u00ed<\/a><\/li>\n<\/ul>\n<\/li>\n<\/ul>\n[\/vc_column_text][\/vc_column][\/vc_row][vc_row padding_top=&#8221;30px&#8221; margin_bottom=&#8221;30px&#8221;][vc_column][vc_column_text]\n<h3>Optimal Lung<\/h3>\n[\/vc_column_text][vc_row_inner][vc_column_inner width=&#8221;1\/3&#8243;][vc_single_image image=&#8221;9075&#8243; img_size=&#8221;full&#8221;][\/vc_column_inner][vc_column_inner width=&#8221;2\/3&#8243;]<div class=\"eut-element eut-box-icon eut-align-left eut-small eut-with-shape\" style=\"\">  <div class=\"eut-wrapper-icon eut-outline eut-round eut-color-primary-1\"><i class=\"fa fa-handshake-o eut-color-primary-1\"><\/i><\/div>  <div class=\"eut-box-content\">      <h4 class=\"eut-box-title\">Busquem: CEO, inversi\u00f3 i llicenciataris<\/h4>  <\/div><\/div>[vc_column_text]<span style=\"font-weight: 400;\"><strong>Optimal Lung<\/strong> \u00e9s un nou software\u00a0basat en Deep Learning dissenyat per optimitzar la detecci\u00f3 preco\u00e7 i la caracteritzaci\u00f3 dels n\u00f2duls pulmonars en radiografies tor\u00e0ciques i TAC tor\u00e0cics. Proporciona una eina potencial per a la detecci\u00f3 preco\u00e7 de n\u00f2duls pulmonars en radiografies tor\u00e0ciques fetes amb finalitats no de cribratge que d&#8217;una altra manera no es detectarien i diagnosticarien en etapes posteriors un cop hi hagi s\u00edmptomes i el pron\u00f2stic sigui deficient.\u00a0<\/span>[\/vc_column_text][vc_column_text]\n<ul>\n<li class=\"icon-list document\">Fitxa del projecte<\/li>\n<li class=\"icon-list link\">Web del projecte<\/li>\n<li class=\"icon-list link\"><a href=\"https:\/\/www.tauli.cat\/institut\/plataformes-i-serveis\/unitat-innovacio\/#contacte\">Contacta amb la Unitat d&#8217;Innovaci\u00f3<\/a><\/li>\n<\/ul>\n[\/vc_column_text][\/vc_column_inner][\/vc_row_inner][\/vc_column][\/vc_row][vc_row padding_top=&#8221;30px&#8221; margin_bottom=&#8221;30px&#8221;][vc_column][vc_column_text]\n<h3>VASCOVID<\/h3>\n[\/vc_column_text][vc_row_inner][vc_column_inner width=&#8221;1\/3&#8243;][vc_single_image image=&#8221;14110&#8243; img_size=&#8221;full&#8221;][\/vc_column_inner][vc_column_inner width=&#8221;2\/3&#8243;]<div class=\"eut-element eut-box-icon eut-align-left eut-small eut-with-shape\" style=\"\">  <div class=\"eut-wrapper-icon eut-outline eut-round eut-color-primary-1\"><i class=\"fa fa-handshake-o eut-color-primary-1\"><\/i><\/div>  <div class=\"eut-box-content\">      <h4 class=\"eut-box-title\">Busquem: inversi\u00f3 i llicenciataris<\/h4>  <\/div><\/div>[vc_column_text]<strong>VASCOVID<\/strong> \u00e9s una soluci\u00f3 innovadora no invasiva per a millorar la salut microcirculat\u00f2ria dels pacients d&#8217;UCI. La tecnologia h\u00edbrida del VASCOVID ha estat constru\u00efda des de l&#8217;adopci\u00f3 del NIRS en l&#8217;\u00e0mbit m\u00e8dic comptant amb el suport de col\u00b7laboradors com l&#8217;Instituto de Ciencias Fot\u00f3nicas (ICFO).[\/vc_column_text][vc_column_text]\n<ul>\n<li class=\"icon-list link\"><a href=\"https:\/\/vascovid.eu\/\" target=\"_blank\" rel=\"noopener\">Web del projecte<\/a><\/li>\n<li class=\"icon-list link\"><a href=\"https:\/\/www.tauli.cat\/institut\/plataformes-i-serveis\/unitat-innovacio\/#contacte\">Contacta amb la Unitat d&#8217;Innovaci\u00f3<\/a><\/li>\n<\/ul>\n[\/vc_column_text][\/vc_column_inner][\/vc_row_inner][\/vc_column][\/vc_row][vc_row padding_top=&#8221;30px&#8221; margin_bottom=&#8221;30px&#8221;][vc_column][vc_column_text]\n<h3>Pit3D<\/h3>\n[\/vc_column_text][vc_row_inner][vc_column_inner width=&#8221;1\/3&#8243;][vc_single_image image=&#8221;9054&#8243; img_size=&#8221;full&#8221;][\/vc_column_inner][vc_column_inner width=&#8221;2\/3&#8243;]<div class=\"eut-element eut-box-icon eut-align-left eut-small eut-with-shape\" style=\"\">  <div class=\"eut-wrapper-icon eut-outline eut-round eut-color-primary-1\"><i class=\"fa fa-handshake-o eut-color-primary-1\"><\/i><\/div>  <div class=\"eut-box-content\">      <h4 class=\"eut-box-title\">Busquem: CEO, inversi\u00f3 o llicenciataris<\/h4>  <\/div><\/div>[vc_column_text]<strong>Pit3D<\/strong> s\u00f3n pr\u00f2tesis mam\u00e0ries externes personalitzades per a dones amb un mastectomia, adaptable a la seva morfologia i realitzada amb lleugeresa. Material d&#8217;impressi\u00f3 3D transpirable i flexible.[\/vc_column_text][vc_column_text]\n<ul>\n<li class=\"icon-list document\">Fitxa del projecte<\/li>\n<li class=\"icon-list link\">Web del projecte<\/li>\n<li class=\"icon-list link\"><a href=\"https:\/\/www.tauli.cat\/institut\/plataformes-i-serveis\/unitat-innovacio\/#contacte\">Contacta amb la Unitat d&#8217;Innovaci\u00f3<\/a><\/li>\n<\/ul>\n[\/vc_column_text][\/vc_column_inner][\/vc_row_inner][\/vc_column][\/vc_row][vc_row padding_top=&#8221;30px&#8221; margin_bottom=&#8221;30px&#8221;][vc_column][vc_column_text]\n<h3>Sergreen<\/h3>\n[\/vc_column_text][vc_row_inner][vc_column_inner width=&#8221;1\/3&#8243;][vc_single_image image=&#8221;13935&#8243; img_size=&#8221;full&#8221;][\/vc_column_inner][vc_column_inner width=&#8221;2\/3&#8243;]<div class=\"eut-element eut-box-icon eut-align-left eut-small eut-with-shape\" style=\"\">  <div class=\"eut-wrapper-icon eut-outline eut-round eut-color-primary-1\"><i class=\"fa fa-handshake-o eut-color-primary-1\"><\/i><\/div>  <div class=\"eut-box-content\">      <h4 class=\"eut-box-title\">Busquem: llicenciataris<\/h4>  <\/div><\/div>[vc_column_text]<strong>SERGREEN<\/strong> \u00e9s un sistema objectiu i universal per a l\u2019avaluaci\u00f3 de la vascularitzaci\u00f3 intestinal en cirurgia de fluoresc\u00e8ncia. Aquesta eina dona suport en la presa de decisions clau al cirurgi\u00e0, i ajuda a millorar els resultats quir\u00fargics, la mortalitat i morbiditat, i els costos de tractament.[\/vc_column_text][vc_column_text]\n<ul>\n<li class=\"icon-list document\">Fitxa del projecte<\/li>\n<li class=\"icon-list link\">Web del projecte<\/li>\n<li class=\"icon-list link\"><a href=\"https:\/\/www.tauli.cat\/institut\/plataformes-i-serveis\/unitat-innovacio\/#contacte\">Contacta amb la Unitat d&#8217;Innovaci\u00f3<\/a><\/li>\n<\/ul>\n[\/vc_column_text][\/vc_column_inner][\/vc_row_inner][\/vc_column][\/vc_row][vc_row padding_top=&#8221;30px&#8221; margin_bottom=&#8221;30px&#8221;][vc_column][vc_column_text]\n<h3>SerDiLap<\/h3>\n[\/vc_column_text][vc_row_inner][vc_column_inner width=&#8221;1\/3&#8243;][vc_single_image image=&#8221;13936&#8243; img_size=&#8221;full&#8221;][\/vc_column_inner][vc_column_inner width=&#8221;2\/3&#8243;]<div class=\"eut-element eut-box-icon eut-align-left eut-small eut-with-shape\" style=\"\">  <div class=\"eut-wrapper-icon eut-outline eut-round eut-color-primary-1\"><i class=\"fa fa-handshake-o eut-color-primary-1\"><\/i><\/div>  <div class=\"eut-box-content\">      <h4 class=\"eut-box-title\">Busquem: llicenciataris<\/h4>  <\/div><\/div>[vc_column_text]<span class=\"TextRun SCXW2849713 BCX8\" lang=\"CA-ES\" xml:lang=\"CA-ES\" data-contrast=\"auto\"><strong><span class=\"NormalTextRun SpellingErrorV2Themed SCXW2849713 BCX8\">SerDiLap<\/span><\/strong><span class=\"NormalTextRun SCXW2849713 BCX8\"> \u00e9s un kit de <\/span><span class=\"NormalTextRun SCXW2849713 BCX8\">dilatadors intestinals <\/span><span class=\"NormalTextRun SCXW2849713 BCX8\">dissenyats per procediments d\u2019anastomosis mec\u00e0niques<\/span> <span class=\"NormalTextRun SpellingErrorV2Themed SCXW2849713 BCX8\">colorectals que permet <\/span><span class=\"NormalTextRun SCXW2849713 BCX8\">seleccionar la grapadora <\/span><span class=\"NormalTextRun SCXW2849713 BCX8\">circular \u00f2ptima i facilitar-ne la introducci\u00f3. Aquest dispositiu disposa d\u2019unes caracter\u00edstiques<\/span><span class=\"NormalTextRun SCXW2849713 BCX8\"> \u00faniques<\/span><span class=\"NormalTextRun SCXW2849713 BCX8\"> que afavoreixen<\/span><span class=\"NormalTextRun SCXW2849713 BCX8\">\u00a0<\/span><span class=\"NormalTextRun SCXW2849713 BCX8\">la dilataci\u00f3<\/span><span class=\"NormalTextRun SCXW2849713 BCX8\"> intestinal<\/span><span class=\"NormalTextRun SCXW2849713 BCX8\"> mec\u00e0nica<\/span><span class=\"NormalTextRun SCXW2849713 BCX8\">, pneum\u00e0tica, t\u00e8rmica i farmacol\u00f2gica.<\/span><span class=\"NormalTextRun SCXW2849713 BCX8\"> A m\u00e9s a m\u00e9s, a difer\u00e8ncia dels dilatadors que hi ha al mercat, es poden utilitzar tant en cirurgia oberta com en <\/span><span class=\"NormalTextRun SpellingErrorV2Themed SCXW2849713 BCX8\">laparosc\u00f2pica<\/span><span class=\"NormalTextRun SCXW2849713 BCX8\"> i rob\u00f2tica.<\/span><\/span><span class=\"EOP SCXW2849713 BCX8\" data-ccp-props=\"{}\">\u00a0<\/span>[\/vc_column_text][vc_column_text]\n<ul>\n<li class=\"icon-list document\">Fitxa del projecte<\/li>\n<li class=\"icon-list link\">Web del projecte<\/li>\n<li class=\"icon-list link\"><a href=\"https:\/\/www.tauli.cat\/institut\/plataformes-i-serveis\/unitat-innovacio\/#contacte\">Contacta amb la Unitat d&#8217;Innovaci\u00f3<\/a><\/li>\n<\/ul>\n[\/vc_column_text][\/vc_column_inner][\/vc_row_inner][\/vc_column][\/vc_row][vc_row padding_top=&#8221;30px&#8221; margin_bottom=&#8221;30px&#8221;][vc_column][vc_column_text]\n<h3>iCura<\/h3>\n[\/vc_column_text][vc_row_inner][vc_column_inner width=&#8221;1\/3&#8243;][vc_single_image image=&#8221;9071&#8243; img_size=&#8221;full&#8221;][\/vc_column_inner][vc_column_inner width=&#8221;2\/3&#8243;]<div class=\"eut-element eut-box-icon eut-align-left eut-small eut-with-shape\" style=\"\">  <div class=\"eut-wrapper-icon eut-outline eut-round eut-color-primary-1\"><i class=\"fa fa-handshake-o eut-color-primary-1\"><\/i><\/div>  <div class=\"eut-box-content\">      <h4 class=\"eut-box-title\">Busquem: llicenciataris<\/h4>  <\/div><\/div>[vc_column_text]<strong>iCURA <\/strong>\u00e9s un sistema de seguiment combinat (solucions tecnol\u00f2giques i visites presencials) en pacients que han superat un episodi cr\u00edtic per COVID-19 per caracteritzar el s\u00edndrome Post-Cures Intensives i detectar de forma preco\u00e7 necessitats de tractament espec\u00edfic o rehabilitaci\u00f3 f\u00edsica i cognitiva.[\/vc_column_text][vc_column_text]\n<ul>\n<li class=\"icon-list document\">Fitxa del projecte<\/li>\n<li class=\"icon-list link\">Web del projecte<\/li>\n<li class=\"icon-list link\"><a href=\"https:\/\/www.tauli.cat\/institut\/plataformes-i-serveis\/unitat-innovacio\/#contacte\">Contacta amb la Unitat d&#8217;Innovaci\u00f3<\/a><\/li>\n<\/ul>\n[\/vc_column_text][\/vc_column_inner][\/vc_row_inner][\/vc_column][\/vc_row][vc_row padding_top=&#8221;30px&#8221; margin_bottom=&#8221;30px&#8221;][vc_column][vc_column_text]\n<h3>SELTO<\/h3>\n[\/vc_column_text][vc_row_inner][vc_column_inner width=&#8221;1\/3&#8243;][vc_single_image image=&#8221;9072&#8243; img_size=&#8221;full&#8221;][\/vc_column_inner][vc_column_inner width=&#8221;2\/3&#8243;]<div class=\"eut-element eut-box-icon eut-align-left eut-small eut-with-shape\" style=\"\">  <div class=\"eut-wrapper-icon eut-outline eut-round eut-color-primary-1\"><i class=\"fa fa-handshake-o eut-color-primary-1\"><\/i><\/div>  <div class=\"eut-box-content\">      <h4 class=\"eut-box-title\">Busquem: llicenciataris<\/h4>  <\/div><\/div>[vc_column_text]<strong>SELTO<\/strong> ofereix un innovador sistema de protecci\u00f3 PORT, que s&#8217;est\u00e0 validant en un assaig cl\u00ednic, amb l&#8217;objectiu de minimitzar les lesions d&#8217;impacte en situacions de risc alhora que augmenta l&#8217;autoconfian\u00e7a durant les activitats f\u00edsiques en aquesta poblaci\u00f3.[\/vc_column_text][vc_column_text]\n<ul>\n<li class=\"icon-list document\">Fitxa del projecte<\/li>\n<li class=\"icon-list link\">Web del projecte<\/li>\n<li class=\"icon-list link\"><a href=\"https:\/\/www.tauli.cat\/institut\/plataformes-i-serveis\/unitat-innovacio\/#contacte\">Contacta amb la Unitat d&#8217;Innovaci\u00f3<\/a><\/li>\n<\/ul>\n[\/vc_column_text][\/vc_column_inner][\/vc_row_inner][\/vc_column][\/vc_row][vc_row padding_top=&#8221;30px&#8221; margin_bottom=&#8221;30px&#8221;][vc_column][vc_column_text]\n<h3>CareArm<\/h3>\n[\/vc_column_text][vc_row_inner][vc_column_inner width=&#8221;1\/3&#8243;][vc_single_image image=&#8221;9073&#8243; img_size=&#8221;full&#8221;][\/vc_column_inner][vc_column_inner width=&#8221;2\/3&#8243;]<div class=\"eut-element eut-box-icon eut-align-left eut-small eut-with-shape\" style=\"\">  <div class=\"eut-wrapper-icon eut-outline eut-round eut-color-primary-1\"><i class=\"fa fa-handshake-o eut-color-primary-1\"><\/i><\/div>  <div class=\"eut-box-content\">      <h4 class=\"eut-box-title\">Busquem: llicenciataris<\/h4>  <\/div><\/div>[vc_column_text]<strong>CareArm<\/strong> \u00e9s una soluci\u00f3 innovadora que consta d&#8217;una plataforma multim\u00e8dia que permet el refor\u00e7 de l&#8217;explicaci\u00f3 realitzada pel personal infermer sobre els exercicis preventius per a la cura del bra\u00e7, acompanyada d&#8217;un dispositiu de suport per a la realitzaci\u00f3 aquests exercicis en el domicili de les pacients.[\/vc_column_text][vc_column_text]\n<ul>\n<li class=\"icon-list document\">Fitxa del projecte<\/li>\n<li class=\"icon-list link\">Web del projecte<\/li>\n<li class=\"icon-list link\"><a href=\"https:\/\/www.tauli.cat\/institut\/plataformes-i-serveis\/unitat-innovacio\/#contacte\">Contacta amb la Unitat d&#8217;Innovaci\u00f3<\/a><\/li>\n<\/ul>\n[\/vc_column_text][\/vc_column_inner][\/vc_row_inner][\/vc_column][\/vc_row]\n<\/div>","protected":false},"excerpt":{"rendered":"<p>[vc_row][vc_column width=&#8221;2\/3&#8243;][vc_column_text]Productes, tecnologies o know-how propietat del Parc Taul\u00ed i validades cl\u00ednicament que necessiten ser comercialitzades per a que arribin a la societat, ja sigui a trav\u00e9s de llic\u00e8ncies d&#8217;explotaci\u00f3 i\/o distribuci\u00f3, o d&#8217;acords de transfer\u00e8ncia tecnol\u00f2gica.[\/vc_column_text][\/vc_column][vc_column width=&#8221;1\/3&#8243;][vc_column_text] El model d&#8217;innovaci\u00f3 Parc Taul\u00ed Vigil\u00e0ncia tecnol\u00f2gica Casos d&#8217;\u00e8xit Incubadora Node Taul\u00ed [\/vc_column_text][\/vc_column][\/vc_row][vc_row padding_top=&#8221;30px&#8221; margin_bottom=&#8221;30px&#8221;][vc_column][vc_column_text] Optimal Lung [&hellip;]<\/p>\n","protected":false},"author":12,"featured_media":0,"parent":415,"menu_order":0,"comment_status":"closed","ping_status":"closed","template":"","meta":[],"_links":{"self":[{"href":"https:\/\/www.tauli.cat\/institut\/wp-json\/wp\/v2\/pages\/868"}],"collection":[{"href":"https:\/\/www.tauli.cat\/institut\/wp-json\/wp\/v2\/pages"}],"about":[{"href":"https:\/\/www.tauli.cat\/institut\/wp-json\/wp\/v2\/types\/page"}],"author":[{"embeddable":true,"href":"https:\/\/www.tauli.cat\/institut\/wp-json\/wp\/v2\/users\/12"}],"replies":[{"embeddable":true,"href":"https:\/\/www.tauli.cat\/institut\/wp-json\/wp\/v2\/comments?post=868"}],"version-history":[{"count":57,"href":"https:\/\/www.tauli.cat\/institut\/wp-json\/wp\/v2\/pages\/868\/revisions"}],"predecessor-version":[{"id":14842,"href":"https:\/\/www.tauli.cat\/institut\/wp-json\/wp\/v2\/pages\/868\/revisions\/14842"}],"up":[{"embeddable":true,"href":"https:\/\/www.tauli.cat\/institut\/wp-json\/wp\/v2\/pages\/415"}],"wp:attachment":[{"href":"https:\/\/www.tauli.cat\/institut\/wp-json\/wp\/v2\/media?parent=868"}],"curies":[{"name":"wp","href":"https:\/\/api.w.org\/{rel}","templated":true}]}}