{"id":9640,"date":"2023-02-24T08:43:54","date_gmt":"2023-02-24T07:43:54","guid":{"rendered":"https:\/\/www.tauli.cat\/institut\/?page_id=9640"},"modified":"2023-05-22T11:07:40","modified_gmt":"2023-05-22T09:07:40","slug":"idicius","status":"publish","type":"page","link":"https:\/\/www.tauli.cat\/institut\/projectes-i-xarxes\/projectes-financats\/idicius\/","title":{"rendered":"IDICIUS"},"content":{"rendered":"<div class=\"wpb-content-wrapper\">[vc_row][vc_column][vc_column_text]\n<h2>IDICIUS<\/h2>\n<h5><strong>La transformaci\u00f3 digital en la prevenci\u00f3 i gesti\u00f3 del risc de su\u00efcidi en pacients adults mitjan\u00e7ant l\u2019\u00fas d\u2019eines amb algorismes d\u2019IA, entrenats a trav\u00e9s de l\u2019evid\u00e8ncia cl\u00ednica.<\/strong><\/h5>\n[\/vc_column_text][vc_tta_tour][vc_tta_section title=&#8221;Presentaci\u00f3&#8221; tab_id=&#8221;objectius&#8221;][vc_column_text]\n<h2>Benvinguts a IDICIUS<\/h2>\n<p>El projecte IDICIUS pret\u00e9n desenvolupar i validar l\u2019\u00fas d\u2019una plataforma digital per monitoritzar i predir risc de su\u00efcidi en pacients de salut mental.<\/p>\n<p>El projecte est\u00e0 orientat a generar nous coneixements cient\u00edfics en l&#8217;\u00e0mbit de la salut mental i les conductes su\u00efcides. Aquest coneixement \u00e9s essencial per impulsar la digitalitzaci\u00f3 del sistema sanitari, incorporant eines basades en l&#8217;evid\u00e8ncia i validades per a la prevenci\u00f3 del risc de su\u00efcidi i el seguiment dels pacients.<\/p>\n<p>L&#8217;an\u00e0lisi i l&#8217;explotaci\u00f3 de dades de diferents fonts de dades, un dels grans reptes que afronta la transici\u00f3 digital a l&#8217;assist\u00e8ncia sanit\u00e0ria, es realitzar\u00e0 juntament amb l&#8217;\u00fas dels aven\u00e7os tecnol\u00f2gics en Intel\u00b7lig\u00e8ncia Artificial (IA), medicina preventiva i personalitzada amb detecci\u00f3 preco\u00e7 mitjan\u00e7ant Machine Learning (ML), que estan oferint grans oportunitats per generar valor a partir dels conjunts de dades sanit\u00e0ries disponibles d&#8217;una manera efica\u00e7 i eficient. Aquestes tecnologies tamb\u00e9 ofereixen l&#8217;oportunitat de fer recerca centrada en el pacient dissenyant per primera vegada eines digitals intel\u00b7ligents especialitzades i validades per evid\u00e8ncia i, per tant, donar resposta a les seves necessitats, oferint autogesti\u00f3 i recomanacions personalitzades.[\/vc_column_text][vc_column_text]\n<h4>Finan\u00e7ament<\/h4>\n<p>Projectes de Transici\u00f3 Ecol\u00f2gica i Transici\u00f3 Digital 2021. Expedient N\u00ba[\/vc_column_text]<div class=\"eut-element eut-image eut-align-center\" style=\"\"><img width=\"684\" height=\"112\" src=\"https:\/\/www.tauli.cat\/institut\/wp-content\/uploads\/2023\/02\/Logos.png\" class=\"attachment-full size-full\" alt=\"\" decoding=\"async\" loading=\"lazy\" srcset=\"https:\/\/www.tauli.cat\/institut\/wp-content\/uploads\/2023\/02\/Logos.png 684w, https:\/\/www.tauli.cat\/institut\/wp-content\/uploads\/2023\/02\/Logos-300x49.png 300w, https:\/\/www.tauli.cat\/institut\/wp-content\/uploads\/2023\/02\/Logos-600x98.png 600w\" sizes=\"(max-width: 684px) 100vw, 684px\" \/><\/div>[vc_column_text]<strong>Duraci\u00f3 del projecte:<\/strong> 2 anys<\/p>\n<p><strong>IP del projecte a l&#8217;I3PT: <\/strong>Dr. Diego Palao, Servei de Salut Mental de l&#8217;Hospital Universitari Parc Taul\u00ed, coordinador de l&#8217;\u00e0rea de recerca de Salut Mental i Neuroci\u00e8ncies de l&#8217;I3PT, i responsable de grup CIBERSAM.<\/p>\n<p><strong>Dotaci\u00f3 econ\u00f2mica<\/strong>: 241.500\u20ac[\/vc_column_text][\/vc_tta_section][vc_tta_section title=&#8221;Hip\u00f2tesi&#8221; tab_id=&#8221;1674115003192-820a8469-6851&#8243;][vc_column_text]\n<h2>Hip\u00f2tesis<\/h2>\n<ul>\n<li>L&#8217;\u00fas d&#8217;eines digitals basades en models predictius entrenats amb t\u00e8cniques d&#8217;IA ajudaria a predir i detectar els casos amb el major risc de temptativa de su\u00efcidi i permetria el desenvolupament espec\u00edfic de tractaments i intervencions personalitzades per reduir el risc.<\/li>\n<li>L&#8217;\u00fas d&#8217;eines digitals en salut mental basades en l&#8217;an\u00e0lisi de la relaci\u00f3 entre mort per su\u00efcidi i els factors cl\u00ednics, biol\u00f2gics i sociodemogr\u00e0fics a trav\u00e9s de Real World Data (RWD) dels registres de la hist\u00f2ria cl\u00ednica electr\u00f2nica, milloraria l&#8217;efici\u00e8ncia i l&#8217;efectivitat en la detecci\u00f3 preco\u00e7 i el maneig personalitzat dels casos de major risc. Aix\u00f2 permetria el desenvolupament de sistemes d&#8217;intervenci\u00f3 proactius que permetrien l&#8217;adaptaci\u00f3 i determinaci\u00f3 del tipus i intensitat de recursos necessaris per cada situaci\u00f3 cl\u00ednica de risc de su\u00efcidi.<\/li>\n<\/ul>\n[\/vc_column_text][\/vc_tta_section][vc_tta_section title=&#8221;Objectius i metodologia&#8221; tab_id=&#8221;1677054606766-ab6972fb-0873&#8243;][vc_column_text]\n<h2>Objectius i metodologia<\/h2>\n<p>IDICIUS persegueix dos objectius principals:<\/p>\n<ol>\n<li>Dissenyar una eina digital basada en models predictius basats en dades que ajudin a prevenir el risc de su\u00efcidi mitjan\u00e7ant l&#8217;an\u00e0lisi de la relaci\u00f3 entre les temptatives i\/o ideacions de su\u00efcidi, i els factors cl\u00ednics, biol\u00f2gics i sociodemogr\u00e0fics, a trav\u00e9s de Real World Data (RWD) de registres de la hist\u00f2ria cl\u00ednica electr\u00f2nica (HCE).<\/li>\n<li>Dissenyar una eina digital basada en models predictius que permeti prevenir els risc de su\u00efcidi mitjan\u00e7ant l&#8217;an\u00e0lisi de la relaci\u00f3 entre mort per su\u00efcidi i els factors cl\u00ednics, biol\u00f2gics i sociodemogr\u00e0fics a trav\u00e9s de RWD de la HCE.<\/li>\n<\/ol>\n<p>IDICIUS consistir\u00e0 en realitzar un estudi retrospectiu basat en dades registrades al HCE, a trav\u00e9s de l&#8217;aplicaci\u00f3 d&#8217;algoritmes d&#8217;IA i machine learning entrenats mitjan\u00e7ant dades cl\u00edniques. L&#8217;estudi integrar\u00e0 dades de diferents fonts:<\/p>\n<ol>\n<li>Registre electr\u00f2nic HCIS de pacients en tractament al Servei de Salut Mental de l&#8217;Hospital Universitari Parc Taul\u00ed, amb una poblaci\u00f3 de refer\u00e8ncia d&#8217;1 mili\u00f3 de persones.<\/li>\n<li>El registre del Codi Risc Su\u00efcidi de Catalunya (CSR-cat) que incorpora informaci\u00f3 cl\u00ednica i sociodemogr\u00e0fica dels casos amb temptativa de su\u00efcidi i\/o ideaci\u00f3 de su\u00efcidi considerats de major risc.<\/li>\n<li>El registre de su\u00efcidis de l&#8217;Institut de Medicina Legal i Ci\u00e8ncies Forenses (IMLCF).<\/li>\n<li>La base de dades de tractaments i f\u00e0rmacs receptats en consultes externes del Servei Catal\u00e0 de la Salut.<\/li>\n<\/ol>\n[\/vc_column_text][\/vc_tta_section][\/vc_tta_tour][\/vc_column][\/vc_row]\n<\/div>","protected":false},"excerpt":{"rendered":"<p>[vc_row][vc_column][vc_column_text] IDICIUS La transformaci\u00f3 digital en la prevenci\u00f3 i gesti\u00f3 del risc de su\u00efcidi en pacients adults mitjan\u00e7ant l\u2019\u00fas d\u2019eines amb algorismes d\u2019IA, entrenats a trav\u00e9s de l\u2019evid\u00e8ncia cl\u00ednica. [\/vc_column_text][vc_tta_tour][vc_tta_section title=&#8221;Presentaci\u00f3&#8221; tab_id=&#8221;objectius&#8221;][vc_column_text] Benvinguts a IDICIUS El projecte IDICIUS pret\u00e9n desenvolupar i validar l\u2019\u00fas d\u2019una plataforma digital per monitoritzar i predir risc de su\u00efcidi en pacients [&hellip;]<\/p>\n","protected":false},"author":24,"featured_media":0,"parent":166,"menu_order":0,"comment_status":"closed","ping_status":"closed","template":"","meta":[],"_links":{"self":[{"href":"https:\/\/www.tauli.cat\/institut\/wp-json\/wp\/v2\/pages\/9640"}],"collection":[{"href":"https:\/\/www.tauli.cat\/institut\/wp-json\/wp\/v2\/pages"}],"about":[{"href":"https:\/\/www.tauli.cat\/institut\/wp-json\/wp\/v2\/types\/page"}],"author":[{"embeddable":true,"href":"https:\/\/www.tauli.cat\/institut\/wp-json\/wp\/v2\/users\/24"}],"replies":[{"embeddable":true,"href":"https:\/\/www.tauli.cat\/institut\/wp-json\/wp\/v2\/comments?post=9640"}],"version-history":[{"count":4,"href":"https:\/\/www.tauli.cat\/institut\/wp-json\/wp\/v2\/pages\/9640\/revisions"}],"predecessor-version":[{"id":10068,"href":"https:\/\/www.tauli.cat\/institut\/wp-json\/wp\/v2\/pages\/9640\/revisions\/10068"}],"up":[{"embeddable":true,"href":"https:\/\/www.tauli.cat\/institut\/wp-json\/wp\/v2\/pages\/166"}],"wp:attachment":[{"href":"https:\/\/www.tauli.cat\/institut\/wp-json\/wp\/v2\/media?parent=9640"}],"curies":[{"name":"wp","href":"https:\/\/api.w.org\/{rel}","templated":true}]}}