{"id":9712,"date":"2023-03-02T14:10:05","date_gmt":"2023-03-02T13:10:05","guid":{"rendered":"https:\/\/www.tauli.cat\/institut\/?page_id=9712"},"modified":"2023-05-22T10:56:07","modified_gmt":"2023-05-22T08:56:07","slug":"oasis","status":"publish","type":"page","link":"https:\/\/www.tauli.cat\/institut\/projectes-i-xarxes\/projectes-financats\/oasis\/","title":{"rendered":"OASIS"},"content":{"rendered":"<div class=\"wpb-content-wrapper\">[vc_row][vc_column][vc_column_text]\n<h2>OASIS<\/h2>\n<h5><strong>Multidisciplinary approach for the development of Artificial Intelligence tools to improve the diagnosis and prognosis of OsteoArthritis (OA)<\/strong><\/h5>\n<h5><strong>Enfocament multidisciplinari per al desenvolupament d\u2019eines d\u2019Intel\u00b7lig\u00e8ncia Artificial per millorar el diagn\u00f2stic i el pron\u00f2stic de l\u2019osteoartritis.\u00a0OASIS<\/strong><\/h5>\n[\/vc_column_text][vc_tta_tour][vc_tta_section title=&#8221;Presentaci\u00f3&#8221; tab_id=&#8221;objectius&#8221;][vc_column_text]\n<h2>Benvinguts a OASIS<\/h2>\n<p>El <strong>projecte OASIS<\/strong>\u00a0pret\u00e9n desenvolupar una eina d\u2019alta capacitat integradora d\u2019una gran quantitat d\u2019informaci\u00f3 de fonts m\u00faltiples i diverses, basada en la intel\u00b7lig\u00e8ncia artificial, per obtenir de manera integral un millor enfocament de diagn\u00f2stic i pron\u00f2stic en pacients amb artrosi.[\/vc_column_text][vc_column_text]\n<h4>Finan\u00e7ament<\/h4>\n<ul>\n<li>Pressupost del projecte: 1.337.247,04 \u20ac<\/li>\n<li>Pressupost de LEITAT: 172.949,04 \u20ac<\/li>\n<li>Marc de finan\u00e7ament: Projectes en col\u00b7laboraci\u00f3 p\u00fablic-privada 2021<\/li>\n<li>Data d&#8217;inici: 01\/09\/2022<\/li>\n<li>Data finalitzaci\u00f3: 31\/08\/2025<\/li>\n<li>N\u00famero de contracte: CPP2021-008422<\/li>\n<\/ul>\n<p>Projecte CPP2021-008422 finan\u00e7at per:[\/vc_column_text]<div class=\"eut-element eut-image eut-align-center\" style=\"\"><img width=\"684\" height=\"112\" src=\"https:\/\/www.tauli.cat\/institut\/wp-content\/uploads\/2023\/02\/Logos.png\" class=\"attachment-full size-full\" alt=\"\" decoding=\"async\" loading=\"lazy\" srcset=\"https:\/\/www.tauli.cat\/institut\/wp-content\/uploads\/2023\/02\/Logos.png 684w, https:\/\/www.tauli.cat\/institut\/wp-content\/uploads\/2023\/02\/Logos-300x49.png 300w, https:\/\/www.tauli.cat\/institut\/wp-content\/uploads\/2023\/02\/Logos-600x98.png 600w\" sizes=\"(max-width: 684px) 100vw, 684px\" \/><\/div>[\/vc_tta_section][vc_tta_section title=&#8221;Centres participants&#8221; tab_id=&#8221;resultats&#8221;][vc_column_text]\n<h2>Centres participants<\/h2>\n<p>Aquest projecte \u00e9s en col\u00b7laboraci\u00f3 amb els seg\u00fcents centres:<\/p>\n<ul>\n<li>Institut d&#8217;Investigaci\u00f3 i Innovaci\u00f3 Parc Taul\u00ed<\/li>\n<li>Cetir<\/li>\n<li>ERESA<\/li>\n<li>Qrem<\/li>\n<li>Leitat Technological Center<\/li>\n<li>Fundaci\u00f3n QUAES<\/li>\n<\/ul>\n[\/vc_column_text]<div class=\"eut-element eut-box eut-align-left\" style=\"\"><div class=\"eut-media\"><img width=\"1294\" height=\"92\" src=\"https:\/\/www.tauli.cat\/institut\/wp-content\/uploads\/2023\/03\/Coordinators.jpg\" class=\"attachment-full size-full\" alt=\"\" decoding=\"async\" loading=\"lazy\" srcset=\"https:\/\/www.tauli.cat\/institut\/wp-content\/uploads\/2023\/03\/Coordinators.jpg 1294w, https:\/\/www.tauli.cat\/institut\/wp-content\/uploads\/2023\/03\/Coordinators-300x21.jpg 300w, https:\/\/www.tauli.cat\/institut\/wp-content\/uploads\/2023\/03\/Coordinators-1200x85.jpg 1200w, https:\/\/www.tauli.cat\/institut\/wp-content\/uploads\/2023\/03\/Coordinators-768x55.jpg 768w, https:\/\/www.tauli.cat\/institut\/wp-content\/uploads\/2023\/03\/Coordinators-600x43.jpg 600w\" sizes=\"(max-width: 1294px) 100vw, 1294px\" \/><\/div>  <div class=\"eut-box-content\">    <p><\/p>  <\/div><\/div>[\/vc_tta_section][vc_tta_section title=&#8221;Objectius i metodologia&#8221; tab_id=&#8221;1677054606766-ab6972fb-0873&#8243;][vc_column_text]\n<h2>Objectius i metodologia<\/h2>\n<p>L<strong>&#8216;objectiu principal<\/strong> del projecte OASIS \u00e9s desenvolupar una <strong>plataforma integradora basada en la intel\u00b7lig\u00e8ncia artificial<\/strong> per obtenir de manera integral un <strong>millor enfocament diagn\u00f2stic i pron\u00f2stic en pacients amb osteoartritis<\/strong> (OA).<\/p>\n<p>Amb aquest objectiu s&#8217;ha constitu\u00eft un grup multidisciplinari d&#8217;investigadors b\u00e0sics, cl\u00ednics, radi\u00f2legs i associacions de pacients d&#8217;Exploraciones Radiol\u00f3gicas Especiales (ERESA), CETIR Centre Medic (CETIR), Tecnologia Regenerativa QREM (QREM), Leitat Centre Tecnol\u00f2gic (LEITAT), Institut d&#8217;Investigaci\u00f3 i Innovaci\u00f3 Parc Taul\u00ed (I3PT) i la Fundaci\u00f3 QUAES, coordinats per ERESA i CETIR (coordinador t\u00e8cnic), per treballar conjuntament i avan\u00e7ar r\u00e0pidament en els objectius proposats.<\/p>\n<p>En aquest projecte es proposa fer una <strong>aproximaci\u00f3 \u00e0mplia a l&#8217;an\u00e0lisi de biomarcadors en sang des de diversos punts de vista<\/strong> (prote\u00f2mic, bioqu\u00edmic, composici\u00f3 de miRNAs i SARC en exosomes) que ens permetr\u00e0 <strong>aprofundir en la base de coneixement de la patologia estudiada,<\/strong> i ens ajudar\u00e0 a definir <strong>nous i amplis perfils d&#8217;expressi\u00f3 de biomarcadors<\/strong> amb l&#8217;objectiu final d&#8217;establir una signatura proteica que ajudi els sistemes sanitaris a millorar el diagn\u00f2stic\/pron\u00f2stic existents i a definir futures estrat\u00e8gies terap\u00e8utiques personalitzades per als pacients amb OA.<\/p>\n<p>La integraci\u00f3 de totes aquestes dades juntament amb les troballes de la resson\u00e0ncia magn\u00e8tica en un model d&#8217;IA podria marcar una fita en el diagn\u00f2stic i el pron\u00f2stic de l&#8217;OA.[\/vc_column_text][\/vc_tta_section][vc_tta_section title=&#8221;Difusi\u00f3&#8221; tab_id=&#8221;difusio&#8221;][vc_column_text]\n<h2>Difusi\u00f3 del projecte<\/h2>\n[\/vc_column_text][vc_column_text]\n<h3>&#8216;TN Vespre&#8217; (TV3)<\/h3>\n[\/vc_column_text]<div class=\"eut-element eut-image-text eut-animated-item eut-fadeInRight\" style=\"\" data-delay=\"200\"><div class=\"eut-image\"><img width=\"656\" height=\"368\" src=\"https:\/\/www.tauli.cat\/institut\/wp-content\/uploads\/2023\/03\/OASIS-Calvet2.jpg\" class=\"attachment-full size-full\" alt=\"\" decoding=\"async\" loading=\"lazy\" srcset=\"https:\/\/www.tauli.cat\/institut\/wp-content\/uploads\/2023\/03\/OASIS-Calvet2.jpg 656w, https:\/\/www.tauli.cat\/institut\/wp-content\/uploads\/2023\/03\/OASIS-Calvet2-300x168.jpg 300w, https:\/\/www.tauli.cat\/institut\/wp-content\/uploads\/2023\/03\/OASIS-Calvet2-600x337.jpg 600w\" sizes=\"(max-width: 656px) 100vw, 656px\" \/><\/div>  <div class=\"eut-content eut-align-left\">  <p>En el marc del Mobile World Congress, el &#8216;TN Vespre&#8217; de TV3 va emetre una not\u00edcia d&#8217;OASIS amb l&#8217;objectiu d&#8217;explicar un projecte que estigu\u00e9s aplicant la Intel\u00b7lig\u00e8ncia Artificial en l&#8217;\u00e0mbit de la salut.<\/p>\n<p>Joan Calvet, investigador principal d&#8217;OASIS, acompanyat d&#8217;un pacient de reumatologia, va explicar en qu\u00e8 consisteix el projecte i els beneficis que aportar\u00e0 per als pacients.<\/p>    <a href=\"https:\/\/www.ccma.cat\/tv3\/alacarta\/telenoticies\/mobile-world-congress-com-sera-lhospital-del-futur\/video\/6206565\/\" target=\"_blank\" class=\"eut-read-more eut-btn eut-btn-medium eut-round eut-bg-primary-1\">Visiona la not\u00edcia<\/a>  <\/div><\/div>[vc_column_text]\n<h3>&#8216;3 24&#8217; (CCMA)<\/h3>\n[\/vc_column_text]<div class=\"eut-element eut-image-text eut-animated-item eut-fadeInRight\" style=\"\" data-delay=\"200\"><div class=\"eut-image\"><img width=\"658\" height=\"366\" src=\"https:\/\/www.tauli.cat\/institut\/wp-content\/uploads\/2023\/03\/OASIS.jpg\" class=\"attachment-full size-full\" alt=\"\" decoding=\"async\" loading=\"lazy\" srcset=\"https:\/\/www.tauli.cat\/institut\/wp-content\/uploads\/2023\/03\/OASIS.jpg 658w, https:\/\/www.tauli.cat\/institut\/wp-content\/uploads\/2023\/03\/OASIS-300x167.jpg 300w, https:\/\/www.tauli.cat\/institut\/wp-content\/uploads\/2023\/03\/OASIS-600x334.jpg 600w\" sizes=\"(max-width: 658px) 100vw, 658px\" \/><\/div>  <div class=\"eut-content eut-align-left\">  <p>Com a continuaci\u00f3 de la not\u00edcia del &#8216;TN Vespre&#8217; (TV3), es va publicar un reportatge al web del &#8216;3 24&#8217; en qu\u00e8 s&#8217;abordava les tecnologies aplicades a la salut i s&#8217;explicava en detall OASIS, com un exemple de projecte que utilitza la intel\u00b7lig\u00e8ncia artificial per millorar el diagn\u00f2stic i pron\u00f2stic de l&#8217;artrosi de genoll.<\/p>    <a href=\"https:\/\/www.ccma.cat\/324\/com-sera-lhospital-del-futura-el-mobile-world-congress-en-dona-algunes-pistes\/noticia\/3215353\/\" target=\"_blank\" class=\"eut-read-more eut-btn eut-btn-medium eut-round eut-bg-primary-1\">Llegeix la not\u00edcia<\/a>  <\/div><\/div>[\/vc_tta_section][\/vc_tta_tour][\/vc_column][\/vc_row]\n<\/div>","protected":false},"excerpt":{"rendered":"<p>[vc_row][vc_column][vc_column_text] OASIS Multidisciplinary approach for the development of Artificial Intelligence tools to improve the diagnosis and prognosis of OsteoArthritis (OA) Enfocament multidisciplinari per al desenvolupament d\u2019eines d\u2019Intel\u00b7lig\u00e8ncia Artificial per millorar el diagn\u00f2stic i el pron\u00f2stic de l\u2019osteoartritis.\u00a0OASIS [\/vc_column_text][vc_tta_tour][vc_tta_section title=&#8221;Presentaci\u00f3&#8221; tab_id=&#8221;objectius&#8221;][vc_column_text] Benvinguts a OASIS El projecte OASIS\u00a0pret\u00e9n desenvolupar una eina d\u2019alta capacitat integradora d\u2019una gran quantitat [&hellip;]<\/p>\n","protected":false},"author":24,"featured_media":0,"parent":166,"menu_order":0,"comment_status":"closed","ping_status":"closed","template":"","meta":[],"_links":{"self":[{"href":"https:\/\/www.tauli.cat\/institut\/wp-json\/wp\/v2\/pages\/9712"}],"collection":[{"href":"https:\/\/www.tauli.cat\/institut\/wp-json\/wp\/v2\/pages"}],"about":[{"href":"https:\/\/www.tauli.cat\/institut\/wp-json\/wp\/v2\/types\/page"}],"author":[{"embeddable":true,"href":"https:\/\/www.tauli.cat\/institut\/wp-json\/wp\/v2\/users\/24"}],"replies":[{"embeddable":true,"href":"https:\/\/www.tauli.cat\/institut\/wp-json\/wp\/v2\/comments?post=9712"}],"version-history":[{"count":22,"href":"https:\/\/www.tauli.cat\/institut\/wp-json\/wp\/v2\/pages\/9712\/revisions"}],"predecessor-version":[{"id":10067,"href":"https:\/\/www.tauli.cat\/institut\/wp-json\/wp\/v2\/pages\/9712\/revisions\/10067"}],"up":[{"embeddable":true,"href":"https:\/\/www.tauli.cat\/institut\/wp-json\/wp\/v2\/pages\/166"}],"wp:attachment":[{"href":"https:\/\/www.tauli.cat\/institut\/wp-json\/wp\/v2\/media?parent=9712"}],"curies":[{"name":"wp","href":"https:\/\/api.w.org\/{rel}","templated":true}]}}